{"id":1026,"date":"2018-07-30T20:19:56","date_gmt":"2018-07-30T18:19:56","guid":{"rendered":"http:\/\/www.hasicibystre.cz\/?page_id=1026"},"modified":"2018-08-04T19:53:34","modified_gmt":"2018-08-04T17:53:34","slug":"rocnik-2007-2008","status":"publish","type":"page","link":"https:\/\/www.hasicibystre.cz\/?page_id=1026","title":{"rendered":"Ro\u010dn\u00edk 2007 &#8211; 2008"},"content":{"rendered":"<p style=\"text-align: center;\" align=\"center\"><span style=\"font-size: 14pt;\">V leto\u0161n\u00edm sout\u011b\u017en\u00edm ro\u010dn\u00edku se dru\u017estvo mlad\u0161\u00edch hry Plamen ne\u00fa\u010dastn\u00ed.<\/span><\/p>\n","protected":false},"excerpt":{"rendered":"<p>V leto\u0161n\u00edm sout\u011b\u017en\u00edm ro\u010dn\u00edku se dru\u017estvo mlad\u0161\u00edch hry Plamen ne\u00fa\u010dastn\u00ed.<\/p>\n","protected":false},"author":2,"featured_media":0,"parent":100,"menu_order":0,"comment_status":"closed","ping_status":"closed","template":"","meta":{"footnotes":""},"class_list":["post-1026","page","type-page","status-publish","hentry"],"aioseo_notices":[],"jetpack_sharing_enabled":true,"jetpack_likes_enabled":true,"_links":{"self":[{"href":"https:\/\/www.hasicibystre.cz\/index.php?rest_route=\/wp\/v2\/pages\/1026","targetHints":{"allow":["GET"]}}],"collection":[{"href":"https:\/\/www.hasicibystre.cz\/index.php?rest_route=\/wp\/v2\/pages"}],"about":[{"href":"https:\/\/www.hasicibystre.cz\/index.php?rest_route=\/wp\/v2\/types\/page"}],"author":[{"embeddable":true,"href":"https:\/\/www.hasicibystre.cz\/index.php?rest_route=\/wp\/v2\/users\/2"}],"replies":[{"embeddable":true,"href":"https:\/\/www.hasicibystre.cz\/index.php?rest_route=%2Fwp%2Fv2%2Fcomments&post=1026"}],"version-history":[{"count":2,"href":"https:\/\/www.hasicibystre.cz\/index.php?rest_route=\/wp\/v2\/pages\/1026\/revisions"}],"predecessor-version":[{"id":1318,"href":"https:\/\/www.hasicibystre.cz\/index.php?rest_route=\/wp\/v2\/pages\/1026\/revisions\/1318"}],"up":[{"embeddable":true,"href":"https:\/\/www.hasicibystre.cz\/index.php?rest_route=\/wp\/v2\/pages\/100"}],"wp:attachment":[{"href":"https:\/\/www.hasicibystre.cz\/index.php?rest_route=%2Fwp%2Fv2%2Fmedia&parent=1026"}],"curies":[{"name":"wp","href":"https:\/\/api.w.org\/{rel}","templated":true}]}}