{"id":1030,"date":"2018-07-30T20:21:04","date_gmt":"2018-07-30T18:21:04","guid":{"rendered":"http:\/\/www.hasicibystre.cz\/?page_id=1030"},"modified":"2018-08-04T21:19:40","modified_gmt":"2018-08-04T19:19:40","slug":"rocnik-2005-2006","status":"publish","type":"page","link":"https:\/\/www.hasicibystre.cz\/?page_id=1030","title":{"rendered":"Ro\u010dn\u00edk 2005 &#8211; 2006"},"content":{"rendered":"<p><strong><em><span style=\"background-color: #ffff00;\">OPRAV!!!<\/span>Jm\u00e9no<\/em><\/strong><\/p>\n<p><strong><em>Bydli\u0161t\u011b<\/em><\/strong><\/p>\n<p><strong><em>V\u011bk<\/em><\/strong><\/p>\n<p><strong>Nikola \u010ctvrte\u010dkov\u00e1<\/strong><strong>Bystr\u00e9 <\/strong><strong>10<\/strong><strong>Kl\u00e1ra Du\u0161kov\u00e1<\/strong><strong> Bystr\u00e9<\/strong><strong>9<\/strong><strong>Jan Dyntar<\/strong><strong>Janov<\/strong><strong>8<\/strong><strong>V\u00e1clav Dyntar<\/strong><strong>Janov<\/strong><strong>10<\/strong><strong>Ji\u0159\u00ed Jakubsk\u00fd<\/strong><strong>Ohni\u0161ov<\/strong><strong>8<\/strong><strong>Daniel J\u00e1ra<\/strong><strong>Z\u00e1krav\u00ed<\/strong><strong>10<\/strong><strong>Filip Kratochv\u00edl<\/strong><strong>Ba\u010det\u00edn<\/strong>10<strong>Ond\u0159ej Matou\u0161<\/strong><strong>Z\u00e1krav\u00ed<\/strong>10<strong>Mitchel Scheepers<\/strong><strong>Bystr\u00e9<\/strong>10<strong>Filip Smola<\/strong><strong>Bystr\u00e9<\/strong>10<\/p>\n<table width=\"557\">\n<tbody>\n<tr>\n<td width=\"33%\"><strong>Radka Kopejtkov\u00e1<\/strong><\/td>\n<td width=\"33%\"><strong>De\u0161tn\u00e9<\/strong><\/td>\n<td width=\"33%\"><strong>10<\/strong><\/td>\n<\/tr>\n<tr>\n<td width=\"33%\"><strong>\u0160\u00e1rka Ulmov\u00e1<\/strong><\/td>\n<td width=\"33%\"><strong>Ohni\u0161ov<\/strong><\/td>\n<td width=\"33%\"><strong>8<\/strong><\/td>\n<\/tr>\n<\/tbody>\n<\/table>\n<p style=\"text-align: justify;\"><u>Sch\u016fzky<\/u><\/p>\n<p style=\"text-align: justify;\">Za\u010d\u00edn\u00e1me dal\u0161\u00ed ro\u010dn\u00edk hry Plamen, ro\u010dn\u00edk 2005 &#8211; 2006. Brann\u00fd z\u00e1vod je ji\u017e 8.10.2005 v&nbsp;Houdkovic\u00edch. M\u00e1me tedy celkem m\u00e1lo \u010dasu na n\u00e1cvik &#8222;bra\u0148\u00e1ku&#8220;. Krom\u011b Radky jsme jej v\u0161ichni b\u011bhali ji\u017e vloni, tak\u017ee budeme jen &#8222;pilovat&#8220; discipl\u00ednu.<\/p>\n<p style=\"text-align: justify;\">Sch\u00e1z\u00edme se dvakr\u00e1t t\u00fddn\u011b a st\u00e1le si opakujeme procvi\u010dov\u00e1n\u00ed uzl\u016f. zna\u010dek, zdravov\u011bdy, st\u0159elby a dal\u0161\u00edch v\u011bc\u00ed. Podle po\u010das\u00ed nacvi\u010dujeme venku nebo v&nbsp;t\u011blocvi\u010dn\u011b.<\/p>\n<p style=\"text-align: justify;\"><u>Brann\u00fd z\u00e1vod v&nbsp;Houdkovic\u00edch<\/u><\/p>\n<p style=\"text-align: justify;\">Vyr\u00e1\u017e\u00edme v&nbsp;7 hodin autem 1203 a jedn\u00edm &#8222;osob\u00e1kem&#8220;, kter\u00fd sb\u00edr\u00e1 &#8222;p\u0159espoln\u00ed d\u011bti&#8220; a m\u00ed\u0159\u00edme do Houdkovic. Tentokr\u00e1t to nem\u00e1me daleko a tak jsme b\u011bhem 20 minut na m\u00edst\u011b. Po\u010das\u00ed n\u00e1m p\u0159eje, bude p\u011bkn\u011b, slun\u00ed\u010dko ji\u017e vykukuje. Jsme zv\u011bdavi na tra\u0165, m\u011bla by v\u00e9st celkov\u011b po rovin\u011b. Mus\u00edme si p\u016fj\u010dit jedno d\u00edtko od valsk\u00e9ho kolektivu, proto\u017ee n\u00e1hle onemocn\u011bl Dan a na z\u00e1vod s&nbsp;n\u00e1mi nejel. Klu\u010dina je celkem v&nbsp;pohod\u011b. Nejv\u011bt\u0161\u00ed obavy m\u00e1me ze st\u0159elby. Ta n\u00e1m zrovna moc nejde. Dob\u011bhli jsme na 4.&nbsp;m\u00edst\u011b. Jestli chceme na ja\u0159e dob\u0159e dopadnout, mus\u00edme hodn\u011b tr\u00e9novat.<\/p>\n<p style=\"text-align: justify;\"><u>V\u00fdro\u010dn\u00ed valn\u00e1 hromada v&nbsp;Bystr\u00e9m<\/u><\/p>\n<p style=\"text-align: justify;\">Dne 14.&nbsp;ledna se se\u0161li \u010dlenov\u00e9 bystersk\u00e9ho sdru\u017een\u00ed hasi\u010d\u016f na ka\u017edoro\u010dn\u00ed V\u00fdro\u010dn\u00ed valn\u00e9 hromad\u011b, kter\u00e1 se uskute\u010dnila v&nbsp;m\u00edstn\u00edm hostinci v&nbsp;Bystr\u00e9m. Byli zde hasi\u010di z&nbsp;Holandska, N\u011bmecka, Polska, Slovenska, pozvan\u00ed hasi\u010di z&nbsp;Bystr\u00e9ho u Poli\u010dky a dal\u0161\u00ed pozvan\u00ed host\u00e9. My mlad\u00ed hasi\u010di jsme p\u0159ednesli p\u00e1smo b\u00e1sni\u010dek a p\u00edsni\u010dek. Mysl\u00edme si, \u017ee jsme se l\u00edbili. Za odm\u011bnu jsme dostali \u0159\u00edzek s&nbsp;hranolky a \u010dokol\u00e1du.<\/p>\n<p style=\"text-align: justify;\"><u>Sch\u016fzky<\/u><\/p>\n<p style=\"text-align: justify;\">Je celkem krut\u00e1 zima a tak n\u00e1s p. Martinkov\u00e1 a p. Francov\u00e1 za\u010d\u00ednaj\u00ed svol\u00e1vat jednou za 14.&nbsp;dn\u00ed, abychom si po del\u0161\u00ed odmlce zase zvykali na pravideln\u00e9 sch\u016fzky a za\u010dali se p\u0159ipravovat na jarn\u00ed kolo sout\u011b\u017ee Plamen, kter\u00e9 se bude konat 26. &#8211; 28.5.2006 v&nbsp;J\u00edlovic\u00edch.<\/p>\n<p style=\"text-align: justify;\">Na dne\u0161n\u00ed sch\u016fzce malujeme obr\u00e1zky do sout\u011b\u017ee &#8222;Po\u017e\u00e1rn\u00ed ochrana o\u010dima d\u011bt\u00ed&#8220;. Sch\u016fzka je kr\u00e1tk\u00e1 a tak obr\u00e1zky domalov\u00e1v\u00e1me na p\u0159\u00ed\u0161t\u00ed sch\u016fzce.<\/p>\n<p style=\"text-align: justify;\">Jeliko\u017e je venku st\u00e1le \u0161patn\u00e9 po\u010das\u00ed, mus\u00edme nacvi\u010dovat uzle a spojov\u00e1n\u00ed hadic v&nbsp;t\u011blocvi\u010dn\u011b. Moc n\u00e1s to nebav\u00ed, rad\u0161i bychom vyu\u017eili n\u00e1\u0159ad\u00ed, kter\u00e9 tady je a cvi\u010dili na n\u011bm. Kdy\u017e m\u00e1me volnou chvilku, nechaj\u00ed n\u00e1s na\u0161e &#8222;tren\u00e9rky&#8220; vybl\u00e1znit se p\u0159i p\u0159eskakov\u00e1n\u00ed kozy, kotoulech na \u017e\u00edn\u011bnk\u00e1ch a protahov\u00e1n\u00ed t\u011bla na rybstol\u00edch. To n\u00e1s ohrom\u011b bav\u00ed.<\/p>\n<p style=\"text-align: justify;\">Nacvi\u010dujeme \u00fatok s&nbsp;vodou. Jsme pozv\u00e1ni op\u011bt do Valu 29.4.2006 na ji\u017e tradi\u010dn\u00ed sout\u011b\u017e v&nbsp;po\u017e\u00e1rn\u00edm \u00fatoku. Je zima a tak si to zkou\u0161\u00edme jen n\u011bkolikr\u00e1t, ale i tak jsme mok\u0159\u00ed jak my\u0161i. Na\u0161e vedouc\u00ed maj\u00ed strach, abychom nenastydli. P\u0159esto v\u0161echno nahl\u00e1s\u00ed Mitchel hned dal\u0161\u00ed den, \u017ee m\u00e1 ang\u00ednu. Nev\u00edme, jak to s&nbsp;n\u00e1mi bude.<\/p>\n<p style=\"text-align: justify;\"><u>Po\u017e\u00e1rn\u00ed \u00fatok ve Valu<\/u><\/p>\n<p style=\"text-align: justify;\">Probudili jsme se do sychrav\u00e9ho po\u010das\u00ed, vypad\u00e1 to, \u017ee bude ka\u017edou chv\u00edli pr\u0161et. Nem\u00e1me moc dobrou n\u00e1ladu. Mitchel je st\u00e1le ve &#8222;stavu nemocn\u00fdch&#8220;, ale jeho maminka dovolila, aby s&nbsp;n\u00e1mi \u00fatok provedl, proto\u017ee jin\u00e9ho &#8222;ko\u0161a\u0159e&#8220; nem\u00e1me. Maminka ho na sout\u011b\u017e p\u0159ivezla, a jeliko\u017e jsme si vylosovali startovn\u00ed \u010d\u00edslo 2 a byli brzo na \u0159ad\u011b, tak jej ihned po \u00fatoku odvezla dom\u016f. Bylo n\u00e1s celkem 6 dru\u017estev d\u011bt\u00ed a 7 dru\u017estev dosp\u011bl\u00fdch. Mezi d\u011btmi bylo i dru\u017estvo z&nbsp;Polska. \u00datok se n\u00e1m povedl a p\u0159ipsali jsme si op\u011bt 1.&nbsp;m\u00edsto.<\/p>\n<p style=\"text-align: justify;\"><u>Sch\u016fzky<\/u><\/p>\n<p style=\"text-align: justify;\">St\u00e1le se sch\u00e1z\u00edme dvakr\u00e1t t\u00fddn\u011b a tr\u00e9nujeme. Bohu\u017eel n\u00e1m po\u010das\u00ed letos v\u016fbec nep\u0159eje. N\u011bkolik sch\u016fzek n\u00e1m p\u0159ekazila trval\u00e1 zima a jindy hust\u00fd d\u00e9\u0161\u0165. Jsme zv\u011bdav\u00ed, jak sout\u011b\u017e v&nbsp;J\u00edlovic\u00edch zvl\u00e1dneme. Mus\u00edme do toho d\u00e1t v\u0161echny na\u0161e schopnosti a dovednosti.<\/p>\n<p style=\"text-align: justify;\">P\u0159esto\u017ee n\u00e1m po\u010das\u00ed nep\u0159eje, rozhodly se na\u0161e vedouc\u00ed, \u017ee se sejdeme v&nbsp;sobotu, t\u00fdden p\u0159ed sout\u011b\u017e\u00ed na cel\u00fd den a projdeme si spole\u010dn\u011b v\u0161echny discipl\u00edny. Mezi jednotliv\u00fdmi discipl\u00ednami n\u00e1m d\u00e1valy dostatek voln\u00e9ho \u010dasu a tak jsme se celkem &#8222;vyblbli&#8220;. M\u011bly pro n\u00e1s p\u0159ichystan\u00e9 vydatn\u00e9 ob\u010derstven\u00ed po cel\u00fd den.<\/p>\n<p style=\"text-align: justify;\">Dnes jsme m\u011bli posledn\u00ed n\u00e1cvik p\u0159ed vlastn\u00ed sout\u011b\u017e\u00ed. Pan\u00ed vedouc\u00ed n\u00e1m rozdaly tak\u00e9 nov\u00e9 tepl\u00e1kov\u00e9 soupravy. Jsou n\u00e1m dost velk\u00e9, ale douf\u00e1me, \u017ee se po vypr\u00e1n\u00ed sraz\u00ed.<\/p>\n<p style=\"text-align: justify;\"><u>Okresn\u00ed kolo hry Plamen v&nbsp;J\u00edlovic\u00edch<\/u><\/p>\n<p style=\"text-align: justify;\">Na konci kv\u011btna prob\u011bhlo okresn\u00ed kolo Plamen v&nbsp;J\u00edlovic\u00edch. Na t\u00e9to t\u0159\u00eddence n\u00e1m nep\u0159\u00e1lo po\u010das\u00ed. Byla zima a ka\u017edou chv\u00edli pr\u0161elo. Dru\u017estvu se zde da\u0159ilo a ve sv\u00e9 kategorii zv\u00edt\u011bzilo. Star\u0161\u00ed d\u011bti skon\u010dily 4. .<\/p>\n<p style=\"text-align: justify;\"><u>Hr\u00e1tky v&nbsp;t\u011blocvi\u010dn\u011b<\/u><\/p>\n<p style=\"text-align: justify;\">Domluvili jsme se s&nbsp;na\u0161imi vedouc\u00edmi, \u017ee se sejdeme v&nbsp;bystersk\u00e9 t\u011blocvi\u010dn\u011b a spole\u010dn\u011b si trochu u\u017eijeme, proto\u017ee na t\u0159\u00eddence v&nbsp;J\u00edlovic\u00edch jsme nemohli ani na diskot\u00e9ku kv\u016fli po\u010das\u00ed. Spali jsme v&nbsp;t\u011blocvi\u010dn\u011b ve spac\u00e1c\u00edch na zemi. Chodili jsme na proch\u00e1zky, hr\u00e1li venku fotbal a ve\u010der si za\u0159\u00eddili diskot\u00e9ku. Va\u0159il n\u00e1m pan Franc a pan\u00ed Francov\u00e1. Moc se n\u00e1m tam v\u0161em l\u00edbilo. Chceme si v\u0161e zopakovat.<\/p>\n<p style=\"text-align: justify;\"><u>Hry bez hranic v&nbsp;Polsku<\/u><\/p>\n<p style=\"text-align: justify;\">Na konci \u010dervence jsme se z\u00fa\u010dastnili v&nbsp;polsk\u00e9m Lewin\u011b Klodsk\u00e9m mezin\u00e1rodn\u00ed sout\u011b\u017ee Hry bez hranic. Setkali jsme se s&nbsp;dru\u017estvy ze slovensk\u00e9ho Bystr\u00e9ho, polsk\u00e9ho Lewina Klodsk\u00e9ho, n\u011bmeck\u00e9ho Diedersdorfu a \u010desk\u00e9ho Valu. D\u00e1le zde byla dru\u017estva z&nbsp;dal\u0161\u00edch polsk\u00fdch m\u011bst. L\u00e9to se tentokr\u00e1t vyda\u0159ilo, byla vedra. Na\u0161emu dru\u017estvu se moc neda\u0159ilo a skon\u010dilo na 5.&nbsp;m\u00edst\u011b. Pol\u0161t\u00ed organiz\u00e1to\u0159i pro n\u00e1s p\u0159ipravili vesel\u00e9 sout\u011b\u017ee, ale i v\u00fdlet. Moc se n\u00e1m zde l\u00edbilo.<\/p>\n<p style=\"text-align: justify;\"><u>Oslava 130 let SDH v&nbsp;Opo\u010dn\u011b<\/u><\/p>\n<p style=\"text-align: justify;\">Dne 19.&nbsp;srpna 2006 jsme byli pozvan\u00ed do Opo\u010dna na oslavy 130 let zalo\u017een\u00ed SDH. Mlad\u0161\u00ed chlapci zde p\u0159edvedli z\u00e1sah s&nbsp;dorosteneckou pumpovac\u00ed st\u0159\u00edka\u010dkou. Z\u00fa\u010dastnili se Filip Smola, Ji\u0159\u00ed Jakubsk\u00fd, Jan a V\u00e1clav Dyntarovi a Mitchel Scheepers. Dostali jsme zde ob\u011bd. L\u00edbila se n\u00e1m i v\u00fdstava star\u00e9 i modern\u00ed techniky.<\/p>\n<p style=\"text-align: justify;\"><u>Oslava 120 let SDH v&nbsp;Bystr\u00e9m<\/u><\/p>\n<p style=\"text-align: justify;\">Oslava 120 let zalo\u017een\u00ed na\u0161eho sboru se konala na zdej\u0161\u00edm koupali\u0161ti. My mlad\u00ed hasi\u010di jsme p\u0159edvedli pr\u00e1ci s&nbsp;ru\u010dn\u00ed pumpovac\u00ed st\u0159\u00edka\u010dkou a d\u00e1le uk\u00e1zku po\u017e\u00e1rn\u00edho \u00fatoku s&nbsp;vodou. Byla zde uk\u00e1zka star\u00e9 techniky, kterou p\u0159edvedli \u010dlenov\u00e9 okoln\u00edch sbor\u016f a hasi\u010di z&nbsp;Bystr\u00e9ho.<\/p>\n","protected":false},"excerpt":{"rendered":"<p>OPRAV!!!Jm\u00e9no Bydli\u0161t\u011b V\u011bk Nikola \u010ctvrte\u010dkov\u00e1Bystr\u00e9 10Kl\u00e1ra Du\u0161kov\u00e1 Bystr\u00e99Jan DyntarJanov8V\u00e1clav DyntarJanov10Ji\u0159\u00ed Jakubsk\u00fdOhni\u0161ov8Daniel J\u00e1raZ\u00e1krav\u00ed10Filip Kratochv\u00edlBa\u010det\u00edn10Ond\u0159ej Matou\u0161Z\u00e1krav\u00ed10Mitchel ScheepersBystr\u00e910Filip SmolaBystr\u00e910 Radka Kopejtkov\u00e1 De\u0161tn\u00e9 10 \u0160\u00e1rka Ulmov\u00e1 Ohni\u0161ov 8 Sch\u016fzky Za\u010d\u00edn\u00e1me dal\u0161\u00ed ro\u010dn\u00edk hry Plamen, ro\u010dn\u00edk 2005 &#8211; 2006. Brann\u00fd z\u00e1vod je ji\u017e 8.10.2005 v&nbsp;Houdkovic\u00edch. M\u00e1me tedy celkem m\u00e1lo \u010dasu na n\u00e1cvik &#8222;bra\u0148\u00e1ku&#8220;. Krom\u011b Radky jsme jej v\u0161ichni b\u011bhali ji\u017e [&hellip;]<\/p>\n","protected":false},"author":2,"featured_media":0,"parent":100,"menu_order":0,"comment_status":"closed","ping_status":"closed","template":"","meta":{"footnotes":""},"class_list":["post-1030","page","type-page","status-publish","hentry"],"aioseo_notices":[],"jetpack_sharing_enabled":true,"jetpack_likes_enabled":true,"_links":{"self":[{"href":"https:\/\/www.hasicibystre.cz\/index.php?rest_route=\/wp\/v2\/pages\/1030","targetHints":{"allow":["GET"]}}],"collection":[{"href":"https:\/\/www.hasicibystre.cz\/index.php?rest_route=\/wp\/v2\/pages"}],"about":[{"href":"https:\/\/www.hasicibystre.cz\/index.php?rest_route=\/wp\/v2\/types\/page"}],"author":[{"embeddable":true,"href":"https:\/\/www.hasicibystre.cz\/index.php?rest_route=\/wp\/v2\/users\/2"}],"replies":[{"embeddable":true,"href":"https:\/\/www.hasicibystre.cz\/index.php?rest_route=%2Fwp%2Fv2%2Fcomments&post=1030"}],"version-history":[{"count":2,"href":"https:\/\/www.hasicibystre.cz\/index.php?rest_route=\/wp\/v2\/pages\/1030\/revisions"}],"predecessor-version":[{"id":1369,"href":"https:\/\/www.hasicibystre.cz\/index.php?rest_route=\/wp\/v2\/pages\/1030\/revisions\/1369"}],"up":[{"embeddable":true,"href":"https:\/\/www.hasicibystre.cz\/index.php?rest_route=\/wp\/v2\/pages\/100"}],"wp:attachment":[{"href":"https:\/\/www.hasicibystre.cz\/index.php?rest_route=%2Fwp%2Fv2%2Fmedia&parent=1030"}],"curies":[{"name":"wp","href":"https:\/\/api.w.org\/{rel}","templated":true}]}}