{"id":1034,"date":"2018-07-30T20:22:35","date_gmt":"2018-07-30T18:22:35","guid":{"rendered":"http:\/\/www.hasicibystre.cz\/?page_id=1034"},"modified":"2018-08-04T19:45:19","modified_gmt":"2018-08-04T17:45:19","slug":"rocnik-2003-2004","status":"publish","type":"page","link":"https:\/\/www.hasicibystre.cz\/?page_id=1034","title":{"rendered":"Ro\u010dn\u00edk 2003 &#8211; 2004"},"content":{"rendered":"<p><strong><em><span style=\"background-color: #ffff00;\">OPRAV!!!<\/span>Jm\u00e9no<\/em><\/strong><\/p>\n<p><strong><em>Bydli\u0161t\u011b<\/em><\/strong><\/p>\n<p><strong><em>V\u011bk<\/em><\/strong><\/p>\n<p>Mark\u00e9ta Hejzlarov\u00e1<strong> Bystr\u00e9<\/strong>9Ji\u0159\u00ed MaisnerBystr\u00e99\u017daneta Antlov\u00e1Janov9Filip SmolaBystr\u00e98V\u00e1clav DyntarJanov8Nikola \u010ctvrte\u010dkov\u00e1Byst\u00e98Cheyenne Scheepers<strong>Bystr\u00e9<\/strong>7Ji\u0159\u00ed Jakubsk\u00fdOhni\u0161ov6Hana Smolov\u00e1Bystr\u00e96<\/p>\n<table width=\"557\">\n<tbody>\n<tr>\n<td width=\"33%\"><strong>Mitchel Scheepers<\/strong><\/td>\n<td width=\"33%\"><strong>Bystr\u00e9<\/strong><\/td>\n<td width=\"33%\"><strong>8<\/strong><\/td>\n<\/tr>\n<tr>\n<td width=\"33%\"><strong>Ond\u0159ej Matou\u0161<\/strong><\/td>\n<td width=\"33%\"><strong>Z\u00e1krav\u00ed<\/strong><\/td>\n<td width=\"33%\"><strong>8<\/strong><\/td>\n<\/tr>\n<tr>\n<td width=\"33%\"><strong>Filip Kratochv\u00edl<\/strong><\/td>\n<td width=\"33%\"><strong>Ba\u010det\u00edn<\/strong><\/td>\n<td width=\"33%\"><strong>8<\/strong><\/td>\n<\/tr>\n<tr>\n<td width=\"33%\"><strong>Petr Hejzlar<\/strong><\/td>\n<td width=\"33%\"><strong>Bystr\u00e9<\/strong><\/td>\n<td width=\"33%\"><strong>6<\/strong><\/td>\n<\/tr>\n<tr>\n<td width=\"33%\"><strong>Jan Dyntar<\/strong><\/td>\n<td width=\"33%\"><strong>Janov<\/strong><\/td>\n<td style=\"text-align: justify;\" width=\"33%\"><strong>6<\/strong><\/td>\n<\/tr>\n<\/tbody>\n<\/table>\n<p style=\"text-align: justify;\"><u>Podzim<\/u><\/p>\n<p style=\"text-align: justify;\">Od poloviny z\u00e1\u0159\u00ed se sch\u00e1z\u00edme jednou t\u00fddn\u011b a p\u0159ipravujeme se na brann\u00fd z\u00e1vod. Opakujeme grafick\u00e9 zna\u010dky, uzle a zdravov\u011bdu. Venku pak tr\u00e9nujeme b\u011bh a \u0161plh\u00e1n\u00ed po lan\u011b. Tak\u00e9 jsme zkou\u0161eli st\u0159elbu ze vzduchovky. Ale proto\u017ee jsme se vzduchovkou pracovali poprv\u00e9, nikdo se netrefil do \u0161pal\u00ed\u010dku. Na p\u0159\u00ed\u0161t\u00ed hasi\u010d\u00e1k si to vylep\u0161\u00edme.<\/p>\n<p style=\"text-align: justify;\"><u>Z\u00e1vod po\u017e\u00e1rnick\u00e9 v\u0161estrannosti<\/u><\/p>\n<p style=\"text-align: justify;\">Brann\u00fd z\u00e1vod se tentokr\u00e1t konal v&nbsp;Rokytnici v&nbsp;Orlick\u00fdch hor\u00e1ch. R\u00e1no jsme se se\u0161li u na\u0161\u00ed hasi\u010d\u00e1rny v&nbsp;8 hodin. Vylosovali jsme si \u010d\u00edslo 8. Po\u010das\u00ed n\u00e1m p\u0159\u00e1lo, byl kr\u00e1sn\u00fd podzimn\u00ed den. Start a c\u00edl jsme \u00fasp\u011b\u0161n\u011b zvl\u00e1dli a um\u00edstili jsme se na kr\u00e1sn\u00e9m 4.&nbsp;m\u00edst\u011b. Po skon\u010den\u00ed sout\u011b\u017ee jsme je\u0161t\u011b jeli na prohl\u00eddku pevnosti Hani\u010dka, kde jsme vy\u0161lapali 126 schod\u016f. T\u00edmto jsme ukon\u010dili brann\u00fd z\u00e1vod, kter\u00fd se n\u00e1m moc l\u00edbil a p\u0159\u00edjemn\u011b unaven\u00ed jsme se vr\u00e1tili dom\u016f.<\/p>\n<p style=\"text-align: justify;\"><u>Podzimn\u00ed sch\u016fzky<\/u><\/p>\n<p style=\"text-align: justify;\">T\u0159ic\u00e1t\u00e9ho \u0159\u00edjna jsme m\u011bli uk\u00e1zku jak hasit s&nbsp;has\u00edc\u00edmi p\u0159\u00edstroji. Mohli jsme si to vyzkou\u0161et s&nbsp;p\u011bnov\u00fdmi p\u0159\u00edstroji. moc se n\u00e1m to l\u00edbilo a u\u017e snad v\u0161ichni v\u00edme jak sm\u00edme a nesm\u00edme hasit. Dvac\u00e1t\u00e9ho osm\u00e9ho listopadu jsme nav\u0161t\u00edvili baz\u00e9n v&nbsp;De\u0161tn\u00e9m. Hr\u00e1li jsme tam sout\u011b\u017ee a n\u00e1dhern\u011b jsme se vykoupali, t\u011b\u0161\u00edme se na dal\u0161\u00ed n\u00e1v\u0161t\u011bvu.<\/p>\n<p style=\"text-align: justify;\"><u>Zima<\/u><\/p>\n<p style=\"text-align: justify;\">P\u00e1t\u00e9ho ledna jsme se spole\u010dn\u011b se\u0161li se star\u0161\u00edm dorostem a vypr\u00e1v\u011bli ji o historii hasi\u010dsk\u00e9ho sboru v&nbsp;Bystr\u00e9m. Dvan\u00e1ct\u00e9ho ledna jsme p\u0159ipravovali kulturn\u00ed p\u00e1smo na V\u00fdro\u010dn\u00ed valnou hromadu. Na\u0161e vedouc\u00ed p. \u0160ubrtov\u00e1 n\u00e1m rozdala b\u00e1sni\u010dky, v\u0161echno jsme se nau\u010dili a t\u011b\u0161ili jsme se na vystoupen\u00ed. Vystoupen\u00ed se n\u00e1m poda\u0159ilo a za odm\u011bnu jsme m\u011bli mal\u00e9 ob\u010derstven\u00ed s&nbsp;posezen\u00edm. Moc se n\u00e1m to l\u00edbilo.<\/p>\n<p style=\"text-align: justify;\"><u>Zoo<\/u><\/p>\n<p style=\"text-align: justify;\">Jeli jsme na v\u00fdlet do ZOO ve Dvo\u0159e Kr\u00e1lov\u00e9 nad Labem. Bylo to pro n\u00e1s n\u011bco nov\u00e9ho, proto\u017ee jsme jeli do ve\u010dern\u00ed zoologick\u00e9 zahrady. Bylo docela mraziv\u00e9 po\u010das\u00ed, ale p\u0159esto jsme vid\u011bli spoustu zv\u00ed\u0159at. Ve\u010der jsme se vr\u00e1tili dom\u016f a m\u011bli spoustu z\u00e1\u017eitk\u016f.<\/p>\n<p style=\"text-align: justify;\"><u>V\u00fdlet Savienem<\/u><\/p>\n<p style=\"text-align: justify;\">Na konci b\u0159ezna jsme jeli na v\u00fdlet s&nbsp;hasi\u010dsk\u00fdm autem. Jeli jsme se pod\u00edvat na vrtule na Nov\u00fd Hr\u00e1dek, ale m\u011bli jsme sm\u016flu, neto\u010dila se tento den ani jedna vrtule. Pro\u0161li jsme se kolem bunkr\u016f. Pak jsme si ukazovali, co v\u0161echno je v&nbsp;hasi\u010dsk\u00e9m aut\u011b. Bylo to pro n\u00e1s n\u011bco \u00fapln\u011b nov\u00e9ho proto\u017ee jsme hasi\u010dsk\u00fdm autem je\u0161t\u011b nikdy nejeli. Potom jsme se vr\u00e1tili dom\u016f.<\/p>\n<p style=\"text-align: justify;\"><u>Jaro<\/u><\/p>\n<p style=\"text-align: justify;\">V b\u0159eznu jsme malovali na sout\u011b\u017e &#8222;Po\u017e\u00e1rn\u00ed ochrana o\u010dima d\u011bt\u00ed&#8220;. Nejlep\u0161\u00ed v\u00fdkresy jsme poslali do Rychnova nad Kn\u011b\u017enou. P\u0159ipravujeme se na okresn\u00ed kolo Plamen. Tr\u00e9nujeme po\u017e\u00e1rn\u00ed \u00fatok s&nbsp;vodou na h\u0159i\u0161ti. Jindy jsme \u0161li tr\u00e9novat \u0161tafetu CTIF do aleje. moc n\u00e1m ne\u0161la, ale za\u010d\u00edn\u00e1 b\u00fdt lep\u0161\u00ed. A je to je\u0161t\u011b lep\u0161\u00ed, a\u017e na p\u00e1r drobn\u00fdch chybi\u010dek. Spole\u010dn\u011b opakujeme uzle na CTIF, moc n\u00e1m to na za\u010d\u00e1tku ne\u0161lo, ale pozd\u011bji jsme se to nau\u010dili. Potom jsme \u0161li na \u00fatok CTIF. A zase ty uzle! \u0160tafetu 4 x 60&nbsp;m b\u011bh\u00e1me od bytovky, a\u017e na mluven\u00ed to jde. Ve dvojic\u00edch m\u00e1me mal\u00e9 probl\u00e9my s&nbsp;tm, \u017ee se st\u0159\u00eddaj\u00ed velitel\u00e9. Kronik\u00e1\u0159ky jsou Nikola, Mark\u00e9ta, \u017daneta. V\u0161ichni jsme si \u0159ekli, co m\u00e1 za \u00fakol preventista. Hlavn\u011b mus\u00ed zn\u00e1t tato \u010d\u00edsla 150, 158,155. Sout\u011b\u017ee ve Valu se z\u00fa\u010dastnili na\u0161i kluci a obsadili 3.&nbsp;m\u00edsto v&nbsp;\u00fatoku. Jako odm\u011bnu dostali dort a rozd\u011blili se o n\u011bj s&nbsp;n\u00e1mi. D\u00e1le nacvi\u010dujeme na okresn\u00ed kolo. Procvi\u010dujeme uzle, dvojice, \u0161tafetu, \u00fatok CTIF, \u00fatok s&nbsp;vodou. Sch\u00e1z\u00edme se dvakr\u00e1t i t\u0159ikr\u00e1t t\u00fddn\u011b.<\/p>\n<p style=\"text-align: justify;\"><u>Okresn\u00ed kolo Plamen &#8211; Vamberk<\/u><\/p>\n<p style=\"text-align: justify;\">Spali jsme ve stanech. Noc z&nbsp;p\u00e1tku na sobotu byla velk\u00e1 zima, proto\u017ee odpoledne v&nbsp;p\u00e1tek pr\u0161elo. V&nbsp;sobotu bylo velk\u00e9 vedro a i v&nbsp;noci bylo p\u011bkn\u011b. Sout\u011b\u017e se n\u00e1m velmi povedla, hlavn\u011b \u00fatok s&nbsp;vodou, dvojice. Obsadili jsme celkov\u011b III. m\u00edsto.<\/p>\n","protected":false},"excerpt":{"rendered":"<p>OPRAV!!!Jm\u00e9no Bydli\u0161t\u011b V\u011bk Mark\u00e9ta Hejzlarov\u00e1 Bystr\u00e99Ji\u0159\u00ed MaisnerBystr\u00e99\u017daneta Antlov\u00e1Janov9Filip SmolaBystr\u00e98V\u00e1clav DyntarJanov8Nikola \u010ctvrte\u010dkov\u00e1Byst\u00e98Cheyenne ScheepersBystr\u00e97Ji\u0159\u00ed Jakubsk\u00fdOhni\u0161ov6Hana Smolov\u00e1Bystr\u00e96 Mitchel Scheepers Bystr\u00e9 8 Ond\u0159ej Matou\u0161 Z\u00e1krav\u00ed 8 Filip Kratochv\u00edl Ba\u010det\u00edn 8 Petr Hejzlar Bystr\u00e9 6 Jan Dyntar Janov 6 Podzim Od poloviny z\u00e1\u0159\u00ed se sch\u00e1z\u00edme jednou t\u00fddn\u011b a p\u0159ipravujeme se na brann\u00fd z\u00e1vod. Opakujeme grafick\u00e9 zna\u010dky, uzle a zdravov\u011bdu. Venku [&hellip;]<\/p>\n","protected":false},"author":2,"featured_media":0,"parent":100,"menu_order":0,"comment_status":"closed","ping_status":"closed","template":"","meta":{"footnotes":""},"class_list":["post-1034","page","type-page","status-publish","hentry"],"aioseo_notices":[],"jetpack_sharing_enabled":true,"jetpack_likes_enabled":true,"_links":{"self":[{"href":"https:\/\/www.hasicibystre.cz\/index.php?rest_route=\/wp\/v2\/pages\/1034","targetHints":{"allow":["GET"]}}],"collection":[{"href":"https:\/\/www.hasicibystre.cz\/index.php?rest_route=\/wp\/v2\/pages"}],"about":[{"href":"https:\/\/www.hasicibystre.cz\/index.php?rest_route=\/wp\/v2\/types\/page"}],"author":[{"embeddable":true,"href":"https:\/\/www.hasicibystre.cz\/index.php?rest_route=\/wp\/v2\/users\/2"}],"replies":[{"embeddable":true,"href":"https:\/\/www.hasicibystre.cz\/index.php?rest_route=%2Fwp%2Fv2%2Fcomments&post=1034"}],"version-history":[{"count":3,"href":"https:\/\/www.hasicibystre.cz\/index.php?rest_route=\/wp\/v2\/pages\/1034\/revisions"}],"predecessor-version":[{"id":1312,"href":"https:\/\/www.hasicibystre.cz\/index.php?rest_route=\/wp\/v2\/pages\/1034\/revisions\/1312"}],"up":[{"embeddable":true,"href":"https:\/\/www.hasicibystre.cz\/index.php?rest_route=\/wp\/v2\/pages\/100"}],"wp:attachment":[{"href":"https:\/\/www.hasicibystre.cz\/index.php?rest_route=%2Fwp%2Fv2%2Fmedia&parent=1034"}],"curies":[{"name":"wp","href":"https:\/\/api.w.org\/{rel}","templated":true}]}}