{"id":1038,"date":"2018-07-30T20:23:54","date_gmt":"2018-07-30T18:23:54","guid":{"rendered":"http:\/\/www.hasicibystre.cz\/?page_id=1038"},"modified":"2018-08-04T19:38:46","modified_gmt":"2018-08-04T17:38:46","slug":"rocnik-2001-2002","status":"publish","type":"page","link":"https:\/\/www.hasicibystre.cz\/?page_id=1038","title":{"rendered":"Ro\u010dn\u00edk 2001 &#8211; 2002"},"content":{"rendered":"<table style=\"width: 387px;\" width=\"556\">\n<tbody>\n<tr>\n<td style=\"width: 203px;\"><em><strong> Jm\u00e9no<\/strong><\/em><\/td>\n<td style=\"width: 86px;\"><em><strong> Bydli\u0161t\u011b<\/strong><\/em><\/td>\n<td style=\"width: 88px;\"><em><strong> V\u011bk<\/strong><\/em><\/td>\n<\/tr>\n<tr>\n<td style=\"width: 203px;\"><strong>Adam Hejzlar<\/strong><\/td>\n<td style=\"width: 86px;\"><strong>Bystr\u00e9<\/strong><\/td>\n<td style=\"width: 88px;\"><strong>10<\/strong><\/td>\n<\/tr>\n<tr>\n<td style=\"width: 203px;\"><strong>Samuel Hezjlar<\/strong><\/td>\n<td style=\"width: 86px;\"><strong>Bystr\u00e9<\/strong><\/td>\n<td style=\"width: 88px;\"><strong>9<\/strong><\/td>\n<\/tr>\n<tr>\n<td style=\"width: 203px;\"><strong>Jarom\u00edr Maisner<\/strong><\/td>\n<td style=\"width: 86px;\"><strong> Bystr\u00e9<\/strong><\/td>\n<td style=\"width: 88px;\"><strong>10<\/strong><\/td>\n<\/tr>\n<tr>\n<td style=\"width: 203px;\"><strong>Jan Franc<\/strong><\/td>\n<td style=\"width: 86px;\"><strong> Bystr\u00e9<\/strong><\/td>\n<td style=\"width: 88px;\"><strong>9<\/strong><\/td>\n<\/tr>\n<tr>\n<td style=\"width: 203px;\"><strong>Tom\u00e1\u0161 Povoln\u00fd<\/strong><\/td>\n<td style=\"width: 86px;\"><strong>Bystr\u00e9<\/strong><\/td>\n<td style=\"width: 88px;\"><strong>8<\/strong><\/td>\n<\/tr>\n<tr>\n<td style=\"width: 203px;\"><strong>Roman Kv\u011bto\u0148<\/strong><\/td>\n<td style=\"width: 86px;\"><strong>Sedlo\u0148ov<\/strong><\/td>\n<td style=\"width: 88px;\"><strong>8<\/strong><\/td>\n<\/tr>\n<tr>\n<td style=\"width: 203px;\"><strong>Tom\u00e1\u0161 Kav\u00e1lek<\/strong><\/td>\n<td style=\"width: 86px;\"><strong>Bystr\u00e9<\/strong><\/td>\n<td style=\"width: 88px;\"><strong>8<\/strong><\/td>\n<\/tr>\n<tr>\n<td style=\"width: 203px;\"><strong>Jan Maisner<\/strong><\/td>\n<td style=\"width: 86px;\"><strong>Bystr\u00e9<\/strong><\/td>\n<td style=\"width: 88px;\"><strong>8<\/strong><\/td>\n<\/tr>\n<tr>\n<td style=\"width: 203px;\"><strong>Michaela \u010cvrte\u010dkov\u00e1<\/strong><\/td>\n<td style=\"width: 86px;\"><strong>Bystr\u00e9<\/strong><\/td>\n<td style=\"width: 88px;\"><strong>8<\/strong><\/td>\n<\/tr>\n<tr>\n<td style=\"width: 203px;\"><strong>Marek Du\u0161ka<\/strong><\/td>\n<td style=\"width: 86px;\"><strong> Bystr\u00e9<\/strong><\/td>\n<td style=\"width: 88px;\"><strong>8<\/strong><\/td>\n<\/tr>\n<tr>\n<td style=\"width: 203px;\"><strong>Jarmila Hejzlarov\u00e1<\/strong><\/td>\n<td style=\"width: 86px;\"><strong>Bystr\u00e9<\/strong><\/td>\n<td style=\"width: 88px;\"><strong>8<\/strong><\/td>\n<\/tr>\n<tr>\n<td style=\"width: 203px;\"><strong>Ji\u0159\u00ed Maisner<\/strong><\/td>\n<td style=\"width: 86px;\"><strong>Bystr\u00e9<\/strong><\/td>\n<td style=\"width: 88px;\"><strong>7<\/strong><\/td>\n<\/tr>\n<tr>\n<td style=\"width: 203px;\"><strong>Nikola \u010ctvrte\u010dkov\u00e1<\/strong><\/td>\n<td style=\"width: 86px;\"><strong>Bystr\u00e9<\/strong><\/td>\n<td style=\"width: 88px;\"><strong>6<\/strong><\/td>\n<\/tr>\n<tr>\n<td style=\"width: 203px;\"><strong>Mark\u00e9ta Hejzlarov\u00e1<\/strong><\/td>\n<td style=\"width: 86px;\"><strong>Bystr\u00e9 <\/strong><\/td>\n<td style=\"text-align: justify; width: 88px;\"><strong>7<\/strong><\/td>\n<\/tr>\n<\/tbody>\n<\/table>\n<p style=\"text-align: justify;\"><u>Brann\u00fd z\u00e1vod<\/u><\/p>\n<p style=\"text-align: justify;\">Od poloviny z\u00e1\u0159\u00ed se sch\u00e1z\u00edme jednou v&nbsp;t\u00fddnu. P\u0159ipravujeme se na brann\u00fd z\u00e1vod. Opakujeme topografick\u00e9 zna\u010dky, zdravov\u011bdu, uzle a grafick\u00e9 zna\u010dky technick\u00fdch prost\u0159edk\u016f. Venku tr\u00e9nujeme b\u011bh v&nbsp;ter\u00e9nu podle ozna\u010den\u00ed, \u0161plh na lanu jako opice a st\u0159\u00edl\u00edme ze vzduchovky na c\u00edl. Na brann\u00fd z\u00e1vod, kter\u00fd se kon\u00e1 ve Vamberku odj\u00ed\u017ed\u00edme brzy r\u00e1no, proto\u017ee m\u00e1me startovn\u00ed \u010d\u00edslo 2. Z\u00e1vod\u00edme za slunn\u00e9ho, ale chladn\u00e9ho po\u010das\u00ed. Ze 17 hl\u00eddek obsazujeme a\u017e 10.&nbsp;m\u00edsto, proto\u017ee jsme pokazili st\u0159\u00edlen\u00ed a zdravov\u011bdu. Na ukon\u010den\u00ed podzimn\u00ed sez\u00f3ny op\u00e9k\u00e1me spole\u010dn\u011b se star\u0161\u00edmi d\u011btmi ku\u0159ata. A pl\u00e1nujeme tak\u00e9 co v&nbsp;zim\u011b budeme d\u011blat.<\/p>\n<p style=\"text-align: justify;\">Co d\u011bl\u00e1me v&nbsp;zim\u011b<\/p>\n<p style=\"text-align: justify;\">P\u0159ipravujeme si kulturn\u00ed p\u00e1sma a vystupujeme 15.&nbsp;prosince na v\u00e1no\u010dn\u00ed bes\u00eddce pro ve\u0159ejnost, 12.&nbsp;ledna p\u0159i V\u00fdro\u010dn\u00ed valn\u00e9 hromad\u011b sboru a 23.&nbsp;b\u0159ezna u Shrom\u00e1\u017ed\u011bn\u00ed p\u0159edstavitel\u016f okresu. T\u011blocvi\u010d\u00edme v&nbsp;t\u011blocvi\u010dn\u011b b\u00fdval\u00e9 \u0161koly, z\u00e1vod\u00edme s&nbsp;\u010dasem p\u0159i uzlov\u00e1n\u00ed, mot\u00e1n\u00ed a zapojov\u00e1n\u00ed hadic. Ve vyh\u0159\u00edvan\u00e9m baz\u00e9nu na De\u0161tn\u00e9m hrajeme vodn\u00ed hry, pot\u00e1p\u00edme se a sout\u011b\u017e\u00edme o nejrychlej\u0161\u00edho z&nbsp;n\u00e1s v&nbsp;plav\u00e1n\u00ed. Na sn\u011bhu, kter\u00e9ho bylo letos hodn\u011b, sportujeme na san\u00edch a bobech. Hled\u00e1me se a ur\u010dujeme stopy zv\u00ed\u0159at a pt\u00e1k\u016f ve sn\u011bhu. O jarn\u00edch pr\u00e1zdnin\u00e1ch &#8211; 6.&nbsp;\u00fanora obdivujeme v\u00e1no\u010dn\u00ed v\u00fdzdobu a exotick\u00e1 zv\u00ed\u0159ata na v\u00fdlet\u011b do zoologick\u00e9 zahrady ve Dvo\u0159e Kr\u00e1lov\u00e9 nad Labem. Testy odbornosti se n\u00e1m moc nevyda\u0159ily. Nov\u00fdmi kronik\u00e1\u0159i budou M\u00ed\u0161a \u010ctvrte\u010dkov\u00e1 a Marek Du\u0161ka. Jako preventistu m\u00e1me ur\u010den\u00e9ho Honzu France, Sama Hejzlara a Tom\u00e1\u0161e Kav\u00e1lka. Po zimn\u00ed p\u0159\u00edprav\u011b se nejv\u00edce t\u011b\u0161\u00edme na jarn\u00ed slun\u00ed\u010dko.<\/p>\n<p style=\"text-align: justify;\">Jaro za\u010d\u00edn\u00e1<\/p>\n<p style=\"text-align: justify;\">Sch\u00e1z\u00edme se t\u0159ikr\u00e1t v&nbsp;t\u00fddnu. Na h\u0159i\u0161ti pilujeme po\u017e\u00e1rn\u00ed \u00fatok, u hasi\u010dsk\u00e9 zbrojnice tr\u00e9nujeme \u0161tafetov\u00fd b\u011bh 4 x 60 m, \u00fatok s&nbsp;p\u0159ek\u00e1\u017ekami CTIF a vylep\u0161ujeme \u0161tafetu po\u017e\u00e1rn\u00edch dvojic. V&nbsp;aleji se u\u010d\u00edme \u0161tafetov\u00fd b\u011bh na 400&nbsp;m s&nbsp;p\u0159ek\u00e1\u017ekami.<\/p>\n<p style=\"text-align: justify;\">Sb\u00edr\u00e1me l\u00e9\u010div\u00e9 byliny. P\u0159ipravili jsme tak\u00e9 kulturn\u00ed vystoupen\u00ed p\u0159i setk\u00e1n\u00ed d\u016fchodc\u016f 28.&nbsp;dubna, Na Cik\u00e1nsk\u00fdch toulk\u00e1ch jsme pro\u0161li &#8222;Poh\u00e1dkov\u00fdm lesem&#8220;. K&nbsp;p\u00e1len\u00ed \u010darod\u011bjnic jsme si vzali i lampiony. Prvn\u00ed kv\u011btnovou sobotu jedeme do Valu sout\u011b\u017eit v&nbsp;po\u017e\u00e1rn\u00edm \u00fatoku. Vyhr\u00e1v\u00e1me dortov\u00e9ho medv\u011bda za 3.&nbsp;m\u00edsto.\u00a0 Do okresn\u00edho kola Plamen zb\u00fdv\u00e1 \u010das na dopilov\u00e1n\u00ed v\u0161ech p\u011bti discipl\u00edn.<\/p>\n<p style=\"text-align: justify;\">Hur\u00e1 na pr\u00e1zdniny &#8211; spole\u010dn\u011b v&nbsp;Polsku<\/p>\n<p style=\"text-align: justify;\">V ned\u011bli 21.&nbsp;\u010dervence v&nbsp;16 hodin jsme odjeli z&nbsp;Bystr\u00e9ho do Lewina Klodzk\u00e9ho. Jelo n\u00e1s sedm: Roman Kv\u011bto\u0148, Marek Du\u0161ka, Jarmila Hejzlarov\u00e1, Eva a Honza Francovi, M\u00ed\u0161a a Nikola \u010ctvrte\u010dkovi. Jsme ubytov\u00e1ni ve \u0161kole ve t\u0159\u00edd\u011b 2. G na nov\u00fdch v\u00e1lend\u00e1ch.<\/p>\n<p style=\"text-align: justify;\">Pond\u011bl\u00ed<\/p>\n<p style=\"text-align: justify;\">Byli jsme u rybn\u00edka, na proch\u00e1zce ve m\u011bst\u011b a hr\u00e1li jsme na h\u0159i\u0161ti hry.<\/p>\n<p style=\"text-align: justify;\">\u00dater\u00fd<\/p>\n<p style=\"text-align: justify;\">Pod\u00edvali jsme se na tr\u017ei\u0161t\u011b a vyrazili do lesa.<\/p>\n<p style=\"text-align: justify;\">St\u0159eda<\/p>\n<p style=\"text-align: justify;\">Hr\u00e1li jsme spole\u010densk\u00e9 hry a op\u00e9kali p\u00e1rky.<\/p>\n<p style=\"text-align: justify;\">\u010ctvrtek<\/p>\n<p style=\"text-align: justify;\">P\u0159ipravujeme se na odjezd. Chyt\u00e1me ryby, jedeme na velk\u00fd v\u00fdlet do Bludn\u00fdch skal. V&nbsp;Kudow\u011b Zdroji jsme je\u0161t\u011b nav\u0161t\u00edvili l\u00e1ze\u0148sk\u00fd park.<\/p>\n","protected":false},"excerpt":{"rendered":"<p>Jm\u00e9no Bydli\u0161t\u011b V\u011bk Adam Hejzlar Bystr\u00e9 10 Samuel Hezjlar Bystr\u00e9 9 Jarom\u00edr Maisner Bystr\u00e9 10 Jan Franc Bystr\u00e9 9 Tom\u00e1\u0161 Povoln\u00fd Bystr\u00e9 8 Roman Kv\u011bto\u0148 Sedlo\u0148ov 8 Tom\u00e1\u0161 Kav\u00e1lek Bystr\u00e9 8 Jan Maisner Bystr\u00e9 8 Michaela \u010cvrte\u010dkov\u00e1 Bystr\u00e9 8 Marek Du\u0161ka Bystr\u00e9 8 Jarmila Hejzlarov\u00e1 Bystr\u00e9 8 Ji\u0159\u00ed Maisner Bystr\u00e9 7 Nikola \u010ctvrte\u010dkov\u00e1 Bystr\u00e9 6 [&hellip;]<\/p>\n","protected":false},"author":2,"featured_media":0,"parent":100,"menu_order":0,"comment_status":"closed","ping_status":"closed","template":"","meta":{"footnotes":""},"class_list":["post-1038","page","type-page","status-publish","hentry"],"aioseo_notices":[],"jetpack_sharing_enabled":true,"jetpack_likes_enabled":true,"_links":{"self":[{"href":"https:\/\/www.hasicibystre.cz\/index.php?rest_route=\/wp\/v2\/pages\/1038","targetHints":{"allow":["GET"]}}],"collection":[{"href":"https:\/\/www.hasicibystre.cz\/index.php?rest_route=\/wp\/v2\/pages"}],"about":[{"href":"https:\/\/www.hasicibystre.cz\/index.php?rest_route=\/wp\/v2\/types\/page"}],"author":[{"embeddable":true,"href":"https:\/\/www.hasicibystre.cz\/index.php?rest_route=\/wp\/v2\/users\/2"}],"replies":[{"embeddable":true,"href":"https:\/\/www.hasicibystre.cz\/index.php?rest_route=%2Fwp%2Fv2%2Fcomments&post=1038"}],"version-history":[{"count":3,"href":"https:\/\/www.hasicibystre.cz\/index.php?rest_route=\/wp\/v2\/pages\/1038\/revisions"}],"predecessor-version":[{"id":1308,"href":"https:\/\/www.hasicibystre.cz\/index.php?rest_route=\/wp\/v2\/pages\/1038\/revisions\/1308"}],"up":[{"embeddable":true,"href":"https:\/\/www.hasicibystre.cz\/index.php?rest_route=\/wp\/v2\/pages\/100"}],"wp:attachment":[{"href":"https:\/\/www.hasicibystre.cz\/index.php?rest_route=%2Fwp%2Fv2%2Fmedia&parent=1038"}],"curies":[{"name":"wp","href":"https:\/\/api.w.org\/{rel}","templated":true}]}}