{"id":1078,"date":"2018-07-30T20:42:02","date_gmt":"2018-07-30T18:42:02","guid":{"rendered":"http:\/\/www.hasicibystre.cz\/?page_id=1078"},"modified":"2018-08-04T20:36:56","modified_gmt":"2018-08-04T18:36:56","slug":"rocnik-1982-1983","status":"publish","type":"page","link":"https:\/\/www.hasicibystre.cz\/?page_id=1078","title":{"rendered":"Ro\u010dn\u00edk 1982 &#8211; 1983"},"content":{"rendered":"<table width=\"557\">\n<tbody>\n<tr>\n<td width=\"186\"><strong><em>Jm\u00e9no<\/em><\/strong><\/td>\n<td width=\"186\"><strong><em>Bydli\u0161t\u011b<\/em><\/strong><\/td>\n<td width=\"186\"><strong><em>V\u011bk<\/em><\/strong><\/td>\n<\/tr>\n<tr>\n<td width=\"186\"><strong>Roman \u010ctvrte\u010dka<\/strong><\/td>\n<td width=\"186\"><strong>Bystr\u00e9<\/strong><\/td>\n<td width=\"186\"><strong>12<\/strong><\/td>\n<\/tr>\n<tr>\n<td width=\"186\"><strong>Alena Dra\u0161narov\u00e1<\/strong><\/td>\n<td width=\"186\"><strong>Bystr\u00e9<\/strong><\/td>\n<td width=\"186\"><strong>11<\/strong><\/td>\n<\/tr>\n<tr>\n<td width=\"186\"><strong>Jan Franc<\/strong><\/td>\n<td width=\"186\"><strong>Bystr\u00e9<\/strong><\/td>\n<td width=\"186\"><strong>11<\/strong><\/td>\n<\/tr>\n<tr>\n<td width=\"186\"><strong>Alena Machov\u00e1<\/strong><\/td>\n<td width=\"186\"><strong>Bystr\u00e9<\/strong><\/td>\n<td width=\"186\"><strong>10<\/strong><\/td>\n<\/tr>\n<tr>\n<td width=\"186\"><strong>Lubo\u0161 Nohejl<\/strong><\/td>\n<td width=\"186\"><strong>Bystr\u00e9<\/strong><\/td>\n<td width=\"186\"><strong>10<\/strong><\/td>\n<\/tr>\n<tr>\n<td width=\"186\"><strong>Franti\u0161ek Sozansk\u00fd<\/strong><\/td>\n<td width=\"186\"><strong>Bystr\u00e9<\/strong><\/td>\n<td width=\"186\"><strong>14<\/strong><\/td>\n<\/tr>\n<tr>\n<td width=\"186\"><strong>Leo\u0161 \u0160evc<\/strong><\/td>\n<td width=\"186\"><strong>Bystr\u00e9<\/strong><\/td>\n<td width=\"186\"><strong>10<\/strong><\/td>\n<\/tr>\n<tr>\n<td width=\"186\"><strong>Stanislav \u0160evc<\/strong><\/td>\n<td width=\"186\"><strong>Bystr\u00e9<\/strong><\/td>\n<td width=\"186\"><strong>13<\/strong><\/td>\n<\/tr>\n<tr>\n<td width=\"186\"><strong>Jitka \u0160pa\u010dkov\u00e1<\/strong><\/td>\n<td width=\"186\"><strong>Bystr\u00e9<\/strong><\/td>\n<td width=\"186\"><strong>12<\/strong><\/td>\n<\/tr>\n<tr>\n<td width=\"186\"><strong>Petr \u0160ritr<\/strong><\/td>\n<td width=\"186\"><strong>Bystr\u00e9<\/strong><\/td>\n<td width=\"186\">\n<p style=\"text-align: justify;\"><strong>12<\/strong><\/p>\n<\/td>\n<\/tr>\n<\/tbody>\n<\/table>\n<p style=\"text-align: justify;\"><u>\u00a0Slavnostn\u00ed shrom\u00e1\u017ed\u011bn\u00ed<\/u><\/p>\n<p style=\"text-align: justify;\">\u00a0Je 1.&nbsp;z\u00e1\u0159\u00ed 1982. V&nbsp;8 hodin r\u00e1no jsme se se\u0161li v&nbsp;6.&nbsp;t\u0159\u00edd\u011b. Pan \u0159editel \u0160kalda n\u00e1s uv\u00edtal do nov\u00e9ho \u0161koln\u00edho roku. P\u0159edstavil n\u00e1m nov\u00e9ho pana u\u010ditele Huben\u00e9ho. Potom n\u00e1s pan \u0159editel sezn\u00e1mil s&nbsp;prv\u00e1ky a pop\u0159\u00e1l n\u00e1m mnoho \u00fasp\u011bch\u016f v&nbsp;u\u010den\u00ed. Po shrom\u00e1\u017ed\u011bn\u00ed jsme se roze\u0161li do sv\u00fdch t\u0159\u00edd. P\u0159i\u0161li t\u0159\u00eddn\u00ed u\u010ditel\u00e9 a za\u010dali jsme si vypr\u00e1v\u011bt z\u00e1\u017eitky z&nbsp;pr\u00e1zdnin. Ne\u017e co ka\u017ed\u00fd \u0159ekl sv\u016fj z\u00e1\u017eitek, bylo skoro poledne. Rozlou\u010dili jsme se tedy s&nbsp;t\u0159\u00eddn\u00edm u\u010ditelem a s&nbsp;velk\u00fdm p\u0159edsevzet\u00edm do nov\u00e9ho roku jsme se roze\u0161li dom\u016f.<\/p>\n<p style=\"text-align: justify;\"><u> \u00a0P\u0159ipravujeme se na brann\u00fd z\u00e1vod<\/u><\/p>\n<p style=\"text-align: justify;\">\u00a0V p\u016fl p\u00e1t\u00e9 jsme m\u011bli sraz v&nbsp;klubovn\u011b. Nejd\u0159\u00edve jsme si \u0159ekli, jak\u00e9 discipl\u00edny budeme plnit, a pak hur\u00e1 do pr\u00e1ce. Nejprve jsme si napsali kviz. Jitka m\u011bla 3 chyby, Petr m\u011bl 5 chyb, Standa, Fanda a Roman nem\u011bli \u017e\u00e1dnou. Potom jsme zkou\u0161eli zdravotnictv\u00ed, a kdy\u017e se n\u00e1m zd\u00e1lo, \u017ee n\u00e1m to docela jde, pustili jsme se do has\u00edc\u00edch p\u0159\u00edstroj\u016f a topografick\u00fdch zna\u010dek. Proto\u017ee ji\u017e bylo pozd\u011b, dali jsme si rozchod. Druh\u00fd den jsme se se\u0161li ji\u017e ve \u010dty\u0159i hodiny. Cht\u011bli jsme si j\u00edt zkusit discipl\u00edny, kter\u00e9 se mus\u00ed d\u011blat venku. Nejd\u0159\u00edve jsme za\u010dali st\u0159elbou, potom jsme zkou\u0161eli gran\u00e1t a \u0161plh. Kdy\u017e jsme si to vyzkou\u0161eli, \u0161li jsme si je\u0161t\u011b napsat kviz. Tentokr\u00e1t byl bez chyby. Byli jsme spokojeni sami nad sebou a za\u010dali jsme se t\u011b\u0161it na sobotn\u00ed brann\u00fd z\u00e1vod.<\/p>\n<p style=\"text-align: justify;\"><u> \u00a0Brann\u00fd z\u00e1vod<\/u><\/p>\n<p style=\"text-align: justify;\">\u00a0Se\u0161li jsme se v&nbsp;7 hodin u po\u017e\u00e1rn\u00ed zbrojnice. Nasedli jsme do auta a hur\u00e1 do Ch\u00e1bor. Nejd\u0159\u00edve byl slavnostn\u00ed n\u00e1stup, pak vyhodnocen\u00ed minul\u00e9ho roku, a potom si ka\u017ed\u00e9 dru\u017estvo vylosovalo \u010d\u00edslo. Nejprve se \u0161lo na kviz. Potom jsme dobu \u010dekali a\u017e na n\u00e1s p\u0159ijde \u0159ada, abychom mohli vyb\u011bhnout na tra\u0165. Nejd\u0159\u00edve jsme b\u011b\u017eeli na \u0161plh, potom na st\u0159elbu, d\u00e1le na topografii, pak prvn\u00ed pomoc, gran\u00e1t a nakonec po\u017e\u00e1rn\u00ed ochrana. A \u00fapln\u011b nakonec c\u00edl. Utahan\u00ed a splaven\u00ed jsme se pomalu sb\u00edrali dom\u016f. V\u00fdsledek brann\u00e9ho z\u00e1vodu jsme se dozv\u011bd\u011bli a\u017e za 14&nbsp;dn\u00ed. Byli jsme velice p\u0159ekvapeni, kdy\u017e n\u00e1m p. vedouc\u00ed ozn\u00e1mila, \u017ee jsme 1. .<\/p>\n<p style=\"text-align: justify;\"><u> \u00a0V\u0158SR<\/u><\/p>\n<p style=\"text-align: justify;\">\u00a0Se\u0161li jsme se v&nbsp;na\u0161\u00ed klubovn\u011b, abychom si p\u0159ipomn\u011bli 66.&nbsp;v\u00fdro\u010d\u00ed V\u0158SR. Hovo\u0159ili jsme jak se lid\u00e9 bou\u0159ili proti carovi pod veden\u00edm V. I. Lenina. Dozv\u011bd\u011bli jsme se, \u017ee tehdej\u0161\u00ed \u017eivot nebyl lehk\u00fd. Besedovali jsme i o tom, jak revoluce pokra\u010dovala d\u00e1le. Beseda skon\u010dila asi v&nbsp;7 hodin.<\/p>\n<p style=\"text-align: justify;\"><u> \u00a0Sch\u016fzka<\/u><\/p>\n<p style=\"text-align: justify;\">\u00a0Se\u0161li jsme se u hasi\u010d\u00e1rny. Ji\u0159\u00edk Andr\u0161 vyjel s&nbsp;Tatrou. Nasedli jsme do Tatry a jeli jsme na koupali\u0161t\u011b. Nejd\u0159\u00edve jsme si \u00fatok zkusili bez vody, ale pak to bylo s&nbsp;vodou. Star\u0161\u00ed kluci po sob\u011b i po n\u00e1s st\u0159\u00edkali. Kdy\u017e jsme byli mok\u0159\u00ed, nasedli jsme do Tatry a odj\u00ed\u017ed\u011bli jsme k&nbsp;hasi\u010d\u00e1rn\u011b. Ka\u017ed\u00fd vypadal jako hastrman z&nbsp;Ladov\u00fdch poh\u00e1dek.<\/p>\n<p style=\"text-align: justify;\">Sb\u011br pap\u00edru<\/p>\n<p style=\"text-align: justify;\">Se\u0161li jsme se jedno sobotn\u00ed odpoledne, abychom nasb\u00edrali n\u011bjak\u00fd pap\u00edr. N\u011bkdo p\u0159ivezl i k\u00e1rku, tak\u017ee jsme se mohli s&nbsp;chut\u00ed pustit do pr\u00e1ce. P\u0159edem jsme si u n\u011bkter\u00fdch lid\u00ed domluvili, aby n\u00e1m n\u011bjak\u00fd pap\u00edr schovali. Pap\u00edr jsme vozili k&nbsp;Andr\u0161ov\u00fdm pod k\u016flnu. Byli jsme spokojeni, nebo\u0165 pap\u00edru bylo v\u00edc ne\u017e jsme si p\u0159edstavovali. Potom n\u00e1m Jirka pap\u00edr odvezl do sb\u011brny.<\/p>\n<p style=\"text-align: justify;\">\u00a0P\u0159ipravujeme se na kulturn\u00ed program<\/p>\n<p style=\"text-align: justify;\">\u00a0Ka\u017ed\u00e9 pond\u011bl\u00ed jsme se sch\u00e1zeli v&nbsp;na\u0161\u00ed klubovn\u011b a nacvi\u010dovali jsme b\u00e1sni\u010dky na v\u00fdro\u010dn\u00ed sch\u016fzi. Ze za\u010d\u00e1tku se n\u00e1s se\u0161lo 8, ale pozd\u011bji jsme z\u016fstali jen 4. Alena p\u0159edn\u00e1\u0161ela b\u00e1sni\u010dku \u201e P\u00edse\u0148 o rodn\u00e9 zemi \u201c , kter\u00e1 se v\u0161em velice l\u00edbila. Jitka a Honz\u00edk to um\u011bli docela dob\u0159e. Lubo\u0161ek se to ne a ne nau\u010dit, ale nakonec se mu p\u0159eci jenom rozsv\u00edtilo a b\u00e1sni\u010dku se nau\u010dil. Za podan\u00e9 vystoupen\u00ed n\u00e1m byl odm\u011bnou potlesk a ml\u00e9\u010dn\u00e1 \u010dokol\u00e1da s&nbsp;o\u0159\u00ed\u0161ky.<\/p>\n<p style=\"text-align: justify;\"><u> \u00a0V\u00fdro\u010dn\u00ed sch\u016fze<\/u><\/p>\n<p style=\"text-align: justify;\">\u00a0Vystupujeme s&nbsp;kulturn\u00edm programem. V&nbsp;11 hodin jsme se se\u0161li v&nbsp;pohostinstv\u00ed. Nejd\u0159\u00edve jsme si zkusili je\u0161t\u011b b\u00e1sni\u010dky a domluvili jsme se na 2 hodiny. Se\u0161li jsme se ve smluven\u00e9 dv\u011b hodiny v&nbsp;pohostinstv\u00ed. P\u0159ednesli jsme b\u00e1sni\u010dky a sedli jsme si opod\u00e1l, sn\u011bdli jsme p\u00e1rek a ode\u0161li dom\u016f.<\/p>\n<p style=\"text-align: justify;\"><u> \u00a0V\u00e1no\u010dn\u00ed bes\u00eddka<\/u><\/p>\n<p style=\"text-align: justify;\">\u00a0Leto\u0161n\u00ed v\u00e1no\u010dn\u00ed bes\u00eddka byla na Dob\u0159anech v&nbsp;sokolovn\u011b. My jsme se ka\u017edou st\u0159edu sch\u00e1zeli v&nbsp;klubovn\u011b a nacvi\u010dovali jsme si sc\u00e9nku, kterou jsme mohli na bes\u00eddce p\u0159edn\u00e9st. Dny rychle ub\u011bhly a my jsme byli v&nbsp;pln\u00e9 n\u00e1lad\u011b sc\u00e9nku p\u0159edn\u00e9st naostro. Sc\u00e9nek bylo v\u00edc a v&nbsp;ka\u017ed\u00e9 n\u011bco pro sm\u00edch. Na bes\u00eddce se tancovalo, sout\u011b\u017eilo a zp\u00edvalo. Radosti a sm\u00edchu bylo moc, ale \u017ee bylo p\u016fl \u010dtvrt\u00e9, pomalu jsme \u0161li k&nbsp;\u010dek\u00e1rn\u011b a potom jsme odjeli autobusem dom\u016f.<\/p>\n<p style=\"text-align: justify;\"><u> \u00a0Zimn\u00ed sporty<\/u><\/p>\n<p style=\"text-align: justify;\">\u00a0Se\u0161li jsme se v&nbsp;\u00fater\u00fd u Mach\u016f. Potom jsme vy\u0161lapali kopec a jezdili na ly\u017e\u00edch. Ty nejodv\u00e1\u017en\u011bj\u0161\u00ed jezdili a\u017e \u00fapln\u011b z&nbsp;vrchu. Ti men\u0161\u00ed z&nbsp;poloviny kopce. Rychle n\u00e1m \u010das uplynul a my jsme se m\u011bli rozej\u00edt. Ale je\u0161t\u011b ne\u017e jsme se roze\u0161li, smluvili jsme se, \u017ee budeme zase p\u0159\u00ed\u0161t\u011b ly\u017eovat.<\/p>\n<p style=\"text-align: justify;\"><u> \u00a0Odborky<\/u><\/p>\n<p style=\"text-align: justify;\">\u00a0Se\u0161li jsme se v&nbsp;na\u0161\u00ed klubovn\u011b, abychom splnili odborky. Do klubovny p\u0159i\u0161el tak\u00e9 Ji\u0159\u00ed Andr\u0161, kter\u00fd n\u00e1s m\u011bl z&nbsp;na\u0161ich znalost\u00ed vyzkou\u0161et. \u010clenov\u00e9 na\u0161eho odd\u00edlu plnili tyto odborky: kronik\u00e1\u0159, strojn\u00edk, preventista, instruktor.<\/p>\n<p style=\"text-align: justify;\"><u> \u00a0Beseda<\/u><\/p>\n<p style=\"text-align: justify;\">\u00a0Asi o p\u016fl osm\u00e9 jsme se se\u0161li v&nbsp;byt\u011b pan\u00ed Povoln\u00e9. P\u0159i\u0161el mezi n\u00e1s ji\u017e podruh\u00e9 v&nbsp;tomto roce pan \u0160evc. Za\u010dal n\u00e1m vypr\u00e1v\u011bt o tom, jak to bylo v&nbsp;\u00fanoru v&nbsp;roce 1948.&nbsp;\u0158ekl n\u00e1m toho hodn\u011b tak\u00e9 o Klementu Gottwaldovi. P\u0159edn\u00e1\u0161ka se n\u00e1m l\u00edbila. Pak n\u00e1m pan \u0160evc odpov\u00eddal na na\u0161e ot\u00e1zky. Nakonec jsme si u\u017e jen pov\u00eddali. Dom\u016f jsme p\u0159i\u0161li v&nbsp;sedm hodin.<\/p>\n<p style=\"text-align: justify;\"><u> \u00a0Cik\u00e1nsk\u00e9 toulky<\/u><\/p>\n<p style=\"text-align: justify;\">\u00a0O p\u016fl sedm\u00e9 jsme se se\u0161li p\u0159ed bytovkou na kolech a odj\u00ed\u017ed\u011bli jsme sm\u011brem na Ohni\u0161ov. Zamkli jsme si kola a nechali si je p\u0159ed hostincem. Vyrazili jsme asi v&nbsp;sedm hodin na trasu 15 km. Trasa vedla p\u0159es Bystr\u00e9, Doly, Dob\u0159any, Janov, Ohni\u0161ov. Dorazili jsme v&nbsp;po\u0159\u00e1dku a za to jsme dostali diplom, medaili a pr\u00e1v\u011b vyuzenou koninu. Dom\u016f jsme p\u0159ijeli kolem jedn\u00e9 hodiny.<\/p>\n<p style=\"text-align: justify;\"><u> \u00a0N\u00e1rodn\u00ed sm\u011bna<\/u><\/p>\n<p style=\"text-align: justify;\">\u00a0Se\u0161li jsme se v&nbsp;na\u0161\u00ed klubovn\u011b a rozd\u011blili jsme se do dvou skupin. Prvn\u00ed skupina ukl\u00edzela zru\u0161enou \u0161kolu. Druh\u00e1 skupina \u0161la okop\u00e1vat r\u016f\u017ei\u010dky p\u0159ed \u0161kolu do zahrady. V\u0161echno se poda\u0159ilo do ob\u011bda. A t\u00edmto jsme m\u011bli \u00fakol spln\u011bn.<\/p>\n<p style=\"text-align: justify;\">Ohe\u0148 m\u00edru<\/p>\n<p style=\"text-align: justify;\">Sraz byl pro v\u0161echny u \u010dek\u00e1rny v&nbsp;osm hodin, odkud jsme \u0161li lampi\u00f3nov\u00fdm pr\u016fvodem na Bu\u010dinu. Asi v&nbsp;p\u016fl dev\u00e1t\u00e9 jsme hranici zap\u00e1lili. Chv\u00edli jsme po\u010dkali a\u017e chytne b\u00e1ba. B\u00e1ba sho\u0159ela a my jsme za\u010dali h\u00e1zet ko\u0161\u0165aty. Vyblbli jsme se a\u017e moc, a proto\u017ee u\u017e byl \u010das na kut\u011b, \u0161li jsme dom\u016f.<\/p>\n<ol style=\"text-align: justify;\">\n<li><u> m\u00e1j<\/u><\/li>\n<\/ol>\n<p style=\"text-align: justify;\">\u00a0Se\u0161li jsme se u \u010dek\u00e1rny a autobusem jsme se odebrali do Nov\u00e9ho M\u011bsta nad Metuj\u00ed na oslavy 1.&nbsp;m\u00e1je. Z\u00fa\u010dastnili jsme se pr\u016fvodu, ve kter\u00e9m jsme nesli symboly m\u00edru. Postupovali jsme od Rychty ke konci n\u00e1m\u011bst\u00ed, kde se pr\u016fvod roze\u0161el. Odj\u00ed\u017ed\u011bli jsme autobusem o p\u016fl dvan\u00e1ct\u00e9. U \u010dek\u00e1rny jsme si \u0159ekli ahoj a odebrali jsme se dom\u016f na ob\u011bd.<\/p>\n<p style=\"text-align: justify;\"><u> \u00a0P\u0159ipravujeme se na sout\u011b\u017e<\/u><\/p>\n<p style=\"text-align: justify;\">\u00a0Ka\u017ed\u00e9 pond\u011bl\u00ed jsme se sch\u00e1zeli u hasi\u010d\u00e1rny a cvi\u010dili \u00fatok, \u0161tafetu, d\u017eberovky a uzle. P\u0159ipravovali jsme se na sout\u011b\u017e, kter\u00e1 se kon\u00e1 na M\u00edrov\u011b.<\/p>\n<p style=\"text-align: justify;\">\u00a0Okresn\u00ed kolo hry Plamen<\/p>\n<p style=\"text-align: justify;\">\u00a0<em>P\u00e1tek<\/em><\/p>\n<p style=\"text-align: justify;\">Brzy odpoledne jsme se za\u010dali sch\u00e1zet u bytovky, kam jsme sn\u00e1\u0161eli sv\u00e9 rance a stany. \u010cekali jsme jenom, a\u017e p\u0159ijede Tatra, abychom se mohli nalodit a vyrazit sm\u011brem do Kostelce. Tatra brzy p\u0159ijela a my, i kdy\u017e jsme se sna\u017eili, co nejd\u0159\u00edv vyjet, vyjeli jsme a\u017e o p\u016fl p\u00e1t\u00e9. Kdy\u017e jsme p\u0159ijeli na M\u00edrov, za\u010dali jsme rychle stav\u011bt stany, nebo\u0165 se za\u010dalo pomalu stm\u00edvat. Stany se n\u00e1m poda\u0159ilo postavit dost brzy, tak\u017ee jsme si mohli zahr\u00e1t je\u0161t\u011b n\u011bjak\u00e9 m\u00ed\u010dov\u00e9 hry. Brzy jsme se v\u0161ak ulo\u017eili ke sp\u00e1nku, abychom byli na z\u00e1vody \u010dil\u00ed a vyspal\u00ed.<\/p>\n<p style=\"text-align: justify;\">\u00a0<em>Sobota<\/em><\/p>\n<p style=\"text-align: justify;\">V sobotu byl bud\u00ed\u010dek asi v&nbsp;7 hodin. Nejd\u0159\u00edve jsme se \u0161li um\u00fdt, a potom se \u0161lo na sn\u00eddani. Po sn\u00eddani byl slavnostn\u00ed n\u00e1stup, na kter\u00e9m jsme si vylosovali \u010d\u00edslo. Dopoledne jsme \u0161li na \u0161tafetu, kter\u00e1 n\u00e1m dopadla docela dob\u0159e. Potom se \u0161lo na \u00fatok, ze kter\u00e9ho jsme nem\u011bli v\u016fbec \u017e\u00e1dnou radost. Byli jsme z&nbsp;toho tak zdrceni, \u017ee jsme nem\u011bli ani chu\u0165 k&nbsp;j\u00eddlu, i kdy\u017e byl pr\u00e1v\u011b \u010das k&nbsp;ob\u011bdu. Posiln\u011bni ob\u011bdem jsme \u0161li na kviz a na uzle. Z&nbsp;t\u011bchto dvou discipl\u00edn jsme m\u011bli ohromnou radost. Nakonec se \u0161lo na d\u017eberovky, kter\u00e9 dopadly tak\u00e9 dob\u0159e. Byli jsme r\u00e1di, \u017ee u\u017e m\u00e1me v\u0161echno za sebou, i kdy\u017e to nedopadlo podle na\u0161ich p\u0159edstav.<\/p>\n<p style=\"text-align: justify;\">\u00a0<em>Ned\u011ble<\/em><\/p>\n<p style=\"text-align: justify;\">Hned po bud\u00ed\u010dku a po sn\u00eddani jsme za\u010dali balit stany a pomalu se chystat k&nbsp;odjezdu dom\u016f. Asi v&nbsp;dev\u011bt hodin byl slavnostn\u00ed n\u00e1stup, kdy bylo vyhl\u00e1\u0161en\u00ed v\u00edt\u011bz\u016f. My jsme se um\u00edstili na 9.&nbsp;m\u00edst\u011b. I kdy\u017e jsme obsadili dost vysok\u00e9 m\u00edsto, p\u0159ece jen na n\u00e1s n\u011bjak\u00e1 mal\u00e1 cena zbyla. Dostali jsme nafukovac\u00ed leh\u00e1tko, ze kter\u00e9ho jsme m\u011bli, i kdy\u017e malou radost. Po n\u00e1stupu jsme se vyfotili a pomalu jsme odj\u00ed\u017ed\u011bli dom\u016f. Byli jsme dost zklam\u00e1ni a vzali jsme si p\u0159edsevzet\u00ed, \u017ee se p\u0159\u00ed\u0161t\u00ed rok budeme sna\u017eit o trochu v\u00edc.<\/p>\n<p style=\"text-align: justify;\"><u> \u00a0Sb\u00edr\u00e1me l\u00e9\u010div\u00e9 byliny<\/u><\/p>\n<p style=\"text-align: justify;\">\u00a0Jednou odpoledne jsme se se\u0161li s&nbsp;ta\u0161kami u bytovky a vydali se na sb\u011br l\u00e9\u010div\u00fdch bylin. Na dne\u0161ek jsme si napl\u00e1novali sb\u011br kv\u011btu \u010dern\u00e9ho bezu. Za chv\u00edli jsme m\u011bli ta\u0161ky pln\u00e9 a mohli jsme se vr\u00e1tit dom\u016f. Domluvili jsme se, \u017ee druh\u00fd den zase p\u016fjdeme, nebo\u0165 se p\u0159i tom u\u017eije i trochu legrace. Proto\u017ee jsme m\u011bli \u010dern\u00e9ho bezu pom\u011brn\u011b dost, dohodli jsme se, \u017ee po\u010dk\u00e1me, a\u017e za\u010dnou r\u016fst dal\u0161\u00ed l\u00e9\u010div\u00e9 byliny, abychom mohli vyrazit znovu do p\u0159\u00edrody.<\/p>\n<p style=\"text-align: justify;\"><u> \u00a0Za\u010d\u00ednaj\u00ed pr\u00e1zdniny<\/u><\/p>\n<p style=\"text-align: justify;\">\u00a0Byl posledn\u00ed den m\u011bs\u00edce \u010dervna a my jsme \u0161li se strachem do \u0161koly. \u0160lo se pro vysv\u011bd\u010den\u00ed. I kdy\u017e jsme \u0161li do \u0161koly se strachem, p\u0159ece jen n\u00e1s n\u011bco l\u00e1kalo trochu v\u00edc. Za\u010d\u00ednaj\u00ed toti\u017e pr\u00e1zdniny, na kter\u00e9 se ka\u017ed\u00fd t\u011b\u0161\u00ed snad cel\u00fd rok. Vysv\u011bd\u010den\u00ed dopadlo n\u011bkomu velmi dob\u0159e a komu se to nepovedlo tenhle rok, bude se muset sna\u017eit p\u0159\u00ed\u0161t\u00ed rok. A proto\u017ee zrovna ten den sv\u00edtilo slun\u00ed\u010dko, brzy se na vysv\u011bd\u010den\u00ed zapomn\u011blo a v\u0161ichni jsme se za\u010dali domlouvat, co budeme d\u011blat druh\u00fd den.<\/p>\n<ol style=\"text-align: justify;\">\n<li><u> pr\u00e1zdninov\u00e1 sch\u016fzka<\/u><\/li>\n<\/ol>\n<p style=\"text-align: justify;\">\u00a0P\u0159esto\u017ee za\u010daly pr\u00e1zdniny, nic n\u00e1s neodradilo, abychom se se\u0161li. Domluvili jsme se hned na prvn\u00ed t\u00fdden pr\u00e1zdnin. Se\u0161li jsme se asi ve \u010dty\u0159i hodiny u po\u017e\u00e1rn\u00ed zbrojnice. Abychom nevy\u0161li ze cviku, zab\u011bhali jsme si, a potom jsme si \u0161li zahr\u00e1t na h\u0159i\u0161t\u011b vyb\u00edjenou. Dom\u016f jsme p\u0159i\u0161li asi v&nbsp;7 hodin zpocen\u00ed a utahan\u00ed, ale ani to n\u00e1s neodradilo a na p\u0159\u00ed\u0161t\u00ed t\u00fdden jsme si op\u011bt domluvili sch\u016fzku.<\/p>\n<p style=\"text-align: justify;\"><u> \u00a0Chod\u00edme se koupat<\/u><\/p>\n<p style=\"text-align: justify;\">\u00a0Proto\u017ee bylo u\u017e n\u011bkolik dn\u00ed hezky a slun\u00ed\u010dko kr\u00e1sn\u011b p\u00e1lilo, domluvili jsme se, \u017ee se p\u016fjdeme v\u0161ichni spole\u010dn\u011b vykoupat. Sraz jsme m\u011bli o p\u016fl druh\u00e9 u \u010dek\u00e1rny. Se\u0161lo se n\u00e1s dost, a tak bylo o z\u00e1bavu postar\u00e1no. Byla kr\u00e1sn\u011b tepl\u00e1 voda, a tak se n\u00e1m z&nbsp;n\u00ed v\u016fbec necht\u011blo. Abychom uschli, \u0161li jsme si zahr\u00e1t na h\u0159i\u0161t\u011b vyb\u00edjenou. Slun\u00ed\u010dko n\u00e1s p\u011bkn\u011b op\u00e1lilo, n\u011bkter\u00e9 z&nbsp;n\u00e1s i sp\u00e1lilo, ale z&nbsp;toho jsme si nic ned\u011blali a domluvili jsme se na p\u0159\u00ed\u0161t\u00ed sch\u016fzku. Dom\u016f jsme se vr\u00e1tili hladov\u00ed a utahan\u00ed asi v&nbsp;\u0161est hodin.<\/p>\n<p style=\"text-align: justify;\"><u> \u00a0V\u00fdlet do Ole\u0161nice<\/u><\/p>\n<p style=\"text-align: justify;\">\u00a0Jednoho dne jsme se domluvili, \u017ee podnikneme v\u00fdlet do na\u0161eho okol\u00ed. Smluvili jsme se s&nbsp;janovsk\u00fdmi pion\u00fdry a \u0161li jsme na v\u00fdlet spole\u010dn\u011b. N\u00e1s se se\u0161lo asi dev\u011bt a janov\u00e1k\u016f asi osm. Se\u0161li jsme se ve \u010dtvrt na osm u \u010dek\u00e1rny a \u0161li jsme do Janova. Odtamtud jsme \u0161li na sn\u011b\u017eensk\u00fd most a odtud jsme jeli autobusem na Ole\u0161nici. Tam jsme se \u0161li pod\u00edvat na polsk\u00e9 hranice, a potom jsme \u0161li do ov\u010d\u00edna, pod\u00edvat se na ovce. Tam se n\u00e1m l\u00edbilo ze v\u0161eho nejv\u00edc. Ani jsme nezpozorovali, \u017ee n\u00e1m rychle ub\u011bhl \u010das, a \u017ee mus\u00edme sp\u011bchat na autobus.<\/p>\n<p style=\"text-align: justify;\"><u> \u00a0V\u00fdlet do Sedlo\u0148ova<\/u><\/p>\n<p style=\"text-align: justify;\">\u00a0Se\u0161li jsme se u \u010dek\u00e1rny v&nbsp;osm hodin. Ve \u010dtvrt na dev\u011bt jsme nastoupili do autobusu a jeli jsme do Sedlo\u0148ova. M\u011bli jsme nam\u00ed\u0159eno k&nbsp;divok\u00fdm prasat\u016fm, kte\u0159\u00ed \u017eij\u00ed ve velk\u00e9 ohrad\u011b uprost\u0159ed lesa. V\u011bt\u0161inou se \u0161lo lesem, tak\u017ee jsme cestou mohli hr\u00e1t i r\u016fzn\u00e9 hry. Za chv\u00edli jsme dorazili na m\u00edsto a rozhl\u00ed\u017eeli jsme se po prasatech. Brzy p\u0159ib\u011bhli i s&nbsp;mlad\u00fdmi. Za\u010dali jsme jim h\u00e1zet kousky ze sv\u00fdch sva\u010din, tak\u017ee n\u00e1m nezbylo skoro nic. Dom\u016f jsme se vr\u00e1tili akor\u00e1t na ob\u011bd, kter\u00fd n\u00e1m p\u0159i\u0161el velice vhod, proto\u017ee jsme byli velice hladov\u00ed.<\/p>\n<p style=\"text-align: justify;\"><u> \u00a0P\u0159ijela pou\u0165 a kon\u010d\u00ed pr\u00e1zdniny<\/u><\/p>\n<p style=\"text-align: justify;\">\u00a0Bl\u00ed\u017eil se posledn\u00ed t\u00fdden pr\u00e1zdnin a my jsme nedo\u010dkav\u011b \u010dekali, a\u017e p\u0159ijede pou\u0165. A\u017e jedno odpoledne p\u0159ijeli, a hned za\u010dali stav\u011bt houpa\u010dky a \u0159et\u00edz\u00e1k. Druh\u00fd den odpoledne jsme se u\u017e houpali a domluvili jsme se, \u017ee z\u00edtra p\u016fjdeme na \u0159et\u00edz\u00e1k. Se\u0161li jsme se u koloto\u010de a vesele jsme se za\u010dali to\u010dit. Ani se n\u00e1m necht\u011blo dol\u016f, ale za\u010dala se n\u00e1m to\u010dit hlava, a tak jsme toho rad\u011bji nechali.<\/p>\n","protected":false},"excerpt":{"rendered":"<p>Jm\u00e9no Bydli\u0161t\u011b V\u011bk Roman \u010ctvrte\u010dka Bystr\u00e9 12 Alena Dra\u0161narov\u00e1 Bystr\u00e9 11 Jan Franc Bystr\u00e9 11 Alena Machov\u00e1 Bystr\u00e9 10 Lubo\u0161 Nohejl Bystr\u00e9 10 Franti\u0161ek Sozansk\u00fd Bystr\u00e9 14 Leo\u0161 \u0160evc Bystr\u00e9 10 Stanislav \u0160evc Bystr\u00e9 13 Jitka \u0160pa\u010dkov\u00e1 Bystr\u00e9 12 Petr \u0160ritr Bystr\u00e9 12 \u00a0Slavnostn\u00ed shrom\u00e1\u017ed\u011bn\u00ed \u00a0Je 1.&nbsp;z\u00e1\u0159\u00ed 1982. V&nbsp;8 hodin r\u00e1no jsme se se\u0161li v&nbsp;6.&nbsp;t\u0159\u00edd\u011b. [&hellip;]<\/p>\n","protected":false},"author":2,"featured_media":0,"parent":102,"menu_order":0,"comment_status":"closed","ping_status":"closed","template":"","meta":{"footnotes":""},"class_list":["post-1078","page","type-page","status-publish","hentry"],"aioseo_notices":[],"jetpack_sharing_enabled":true,"jetpack_likes_enabled":true,"_links":{"self":[{"href":"https:\/\/www.hasicibystre.cz\/index.php?rest_route=\/wp\/v2\/pages\/1078","targetHints":{"allow":["GET"]}}],"collection":[{"href":"https:\/\/www.hasicibystre.cz\/index.php?rest_route=\/wp\/v2\/pages"}],"about":[{"href":"https:\/\/www.hasicibystre.cz\/index.php?rest_route=\/wp\/v2\/types\/page"}],"author":[{"embeddable":true,"href":"https:\/\/www.hasicibystre.cz\/index.php?rest_route=\/wp\/v2\/users\/2"}],"replies":[{"embeddable":true,"href":"https:\/\/www.hasicibystre.cz\/index.php?rest_route=%2Fwp%2Fv2%2Fcomments&post=1078"}],"version-history":[{"count":2,"href":"https:\/\/www.hasicibystre.cz\/index.php?rest_route=\/wp\/v2\/pages\/1078\/revisions"}],"predecessor-version":[{"id":1344,"href":"https:\/\/www.hasicibystre.cz\/index.php?rest_route=\/wp\/v2\/pages\/1078\/revisions\/1344"}],"up":[{"embeddable":true,"href":"https:\/\/www.hasicibystre.cz\/index.php?rest_route=\/wp\/v2\/pages\/102"}],"wp:attachment":[{"href":"https:\/\/www.hasicibystre.cz\/index.php?rest_route=%2Fwp%2Fv2%2Fmedia&parent=1078"}],"curies":[{"name":"wp","href":"https:\/\/api.w.org\/{rel}","templated":true}]}}