{"id":170,"date":"2017-08-24T23:23:56","date_gmt":"2017-08-24T21:23:56","guid":{"rendered":"http:\/\/www.hasicibystre.cz\/?page_id=170"},"modified":"2019-07-21T17:15:01","modified_gmt":"2019-07-21T15:15:01","slug":"fotogalerie","status":"publish","type":"page","link":"https:\/\/www.hasicibystre.cz\/?page_id=170","title":{"rendered":"Fotogalerie &#8211; Sout\u011b\u017ee CTIF"},"content":{"rendered":"<p style=\"text-align: center;\"><span style=\"color: #ff0000;\"><strong>Rok 2014<\/strong><\/span><\/p>\n<p><b><a href=\"https:\/\/hasicibystre.rajce.idnes.cz\/Hradecka_hala_v_klasickych_disciplinach_CTIF_2014_-_Hradec_Kralove%2C_2._brezna_2014\/\" target=\"_blank\" rel=\"noopener\">Hradeck\u00e1 hala v&nbsp;klasick\u00fdch discipl\u00edn\u00e1ch CTIF 2014 &#8211; Hradec Kr\u00e1lov\u00e9, 2.&nbsp;b\u0159ezna 2014<\/a><\/b><\/p>\n<p style=\"text-align: center;\"><span style=\"color: #ff0000;\"><strong>Rok 2011<\/strong><\/span><\/p>\n<p><b><a href=\"https:\/\/hasicibystre.rajce.idnes.cz\/MCR_v_klasickych_disciplinach_CTIF_2011_-_Dvur_Kralove_nad_Labem%2C_25._zari_2011\/\" target=\"_blank\" rel=\"noopener\">M\u010cR v&nbsp;klasick\u00fdch discipl\u00edn\u00e1ch CTIF 2011 &#8211; Dv\u016fr Kr\u00e1lov\u00e9 nad Labem, 25.&nbsp;z\u00e1\u0159\u00ed 2011<\/a><\/b><\/p>\n<p style=\"text-align: center;\"><strong><span style=\"color: #ff0000;\">Rok 2010<\/span><\/strong><\/p>\n<p><b><a href=\"https:\/\/hasicibystre.rajce.idnes.cz\/MCR_v_klasickych_disciplninach_CTIF_2010_-_Dvur_Kralove_nad_Labem%2C_25._zari_2010\/\" target=\"_blank\" rel=\"noopener\">M\u010cR v&nbsp;klasick\u00fdch discipln\u00edn\u00e1ch CTIF 2010 &#8211; Dv\u016fr Kr\u00e1lov\u00e9 nad Labem, 25.&nbsp;z\u00e1\u0159\u00ed 2010<\/a><\/b><\/p>\n<p style=\"text-align: center;\"><span style=\"color: #ff0000;\"><strong>Rok 2009<\/strong><\/span><\/p>\n<p><b><a href=\"https:\/\/hasicibystre.rajce.idnes.cz\/Svatovaclavsky_pohar_2009_-_27._zari_2009\/\" target=\"_blank\" rel=\"noopener\">Svatov\u00e1clavsk\u00fd poh\u00e1r 2009 &#8211; 27.&nbsp;z\u00e1\u0159\u00ed 2009<\/a><\/b><\/p>\n<p><b><a href=\"https:\/\/hasicibystre.rajce.idnes.cz\/Mezinarodni_hasicska_soutez_Ostrava%2C_19._-_26._cervence_2009\/\" target=\"_blank\" rel=\"noopener\">Mezin\u00e1rodn\u00ed hasi\u010dsk\u00e1 sout\u011b\u017e Ostrava, 19. &#8211; 26.&nbsp;\u010dervence 2009<\/a><\/b><\/p>\n<p style=\"text-align: center;\"><span style=\"color: #ff0000;\"><strong>Rok 2008<\/strong><\/span><\/p>\n<p><b><a href=\"https:\/\/hasicibystre.rajce.idnes.cz\/Svatovaclavsky_pohar_2008_-_27._zari_2008\/\" target=\"_blank\" rel=\"noopener\">Svatov\u00e1clavsk\u00fd poh\u00e1r 2008 &#8211; 27.&nbsp;z\u00e1\u0159\u00ed 2008<\/a><\/b><\/p>\n<p><b><a href=\"https:\/\/hasicibystre.rajce.idnes.cz\/Vykonnostni_soutez_v_klasickych_disciplinach_CTIF_2008_-_Amstetten%2C_Rakousko%2C_27._-_29._cervna_2008\/\" target=\"_blank\" rel=\"noopener\">V\u00fdkonnostn\u00ed sout\u011b\u017e v&nbsp;klasick\u00fdch discipl\u00edn\u00e1ch CTIF 2008 &#8211; Amstetten, Rakousko, 27. &#8211; 29.&nbsp;\u010dervna 2008<\/a><\/b><\/p>\n<p style=\"text-align: center;\"><span style=\"color: #ff0000;\"><strong>Rok 2007<\/strong><\/span><\/p>\n<p><b><a href=\"https:\/\/hasicibystre.rajce.idnes.cz\/Svatovaclavsky_pohar_2007_-_30._zari_2007\/\" target=\"_blank\" rel=\"noopener\">Svatov\u00e1clavsk\u00fd poh\u00e1r 2007 &#8211; 30.&nbsp;z\u00e1\u0159\u00ed 2007<\/a><\/b><\/p>\n","protected":false},"excerpt":{"rendered":"<p>Rok 2014 Hradeck\u00e1 hala v&nbsp;klasick\u00fdch discipl\u00edn\u00e1ch CTIF 2014 &#8211; Hradec Kr\u00e1lov\u00e9, 2.&nbsp;b\u0159ezna 2014 Rok 2011 M\u010cR v&nbsp;klasick\u00fdch discipl\u00edn\u00e1ch CTIF 2011 &#8211; Dv\u016fr Kr\u00e1lov\u00e9 nad Labem, 25.&nbsp;z\u00e1\u0159\u00ed 2011 Rok 2010 M\u010cR v&nbsp;klasick\u00fdch discipln\u00edn\u00e1ch CTIF 2010 &#8211; Dv\u016fr Kr\u00e1lov\u00e9 nad Labem, 25.&nbsp;z\u00e1\u0159\u00ed 2010 Rok 2009 Svatov\u00e1clavsk\u00fd poh\u00e1r 2009 &#8211; 27.&nbsp;z\u00e1\u0159\u00ed 2009 Mezin\u00e1rodn\u00ed hasi\u010dsk\u00e1 sout\u011b\u017e Ostrava, 19. &#8211; [&hellip;]<\/p>\n","protected":false},"author":2,"featured_media":0,"parent":164,"menu_order":0,"comment_status":"closed","ping_status":"closed","template":"","meta":{"footnotes":""},"class_list":["post-170","page","type-page","status-publish","hentry"],"aioseo_notices":[],"jetpack_sharing_enabled":true,"jetpack_likes_enabled":true,"_links":{"self":[{"href":"https:\/\/www.hasicibystre.cz\/index.php?rest_route=\/wp\/v2\/pages\/170","targetHints":{"allow":["GET"]}}],"collection":[{"href":"https:\/\/www.hasicibystre.cz\/index.php?rest_route=\/wp\/v2\/pages"}],"about":[{"href":"https:\/\/www.hasicibystre.cz\/index.php?rest_route=\/wp\/v2\/types\/page"}],"author":[{"embeddable":true,"href":"https:\/\/www.hasicibystre.cz\/index.php?rest_route=\/wp\/v2\/users\/2"}],"replies":[{"embeddable":true,"href":"https:\/\/www.hasicibystre.cz\/index.php?rest_route=%2Fwp%2Fv2%2Fcomments&post=170"}],"version-history":[{"count":5,"href":"https:\/\/www.hasicibystre.cz\/index.php?rest_route=\/wp\/v2\/pages\/170\/revisions"}],"predecessor-version":[{"id":921,"href":"https:\/\/www.hasicibystre.cz\/index.php?rest_route=\/wp\/v2\/pages\/170\/revisions\/921"}],"up":[{"embeddable":true,"href":"https:\/\/www.hasicibystre.cz\/index.php?rest_route=\/wp\/v2\/pages\/164"}],"wp:attachment":[{"href":"https:\/\/www.hasicibystre.cz\/index.php?rest_route=%2Fwp%2Fv2%2Fmedia&parent=170"}],"curies":[{"name":"wp","href":"https:\/\/api.w.org\/{rel}","templated":true}]}}

Fotogalerie &#8211; Soutěže CTIF

<p style="text-align: center;"><span style="color: #ff0000;"><strong>Rok 2014</strong></span></p>
<p><b><a href="https://hasicibystre.rajce.idnes.cz/Hradecka_hala_v_klasickych_disciplinach_CTIF_2014_-_Hradec_Kralove%2C_2._brezna_2014/" target="_blank" rel="noopener">Hradecká hala v&nbsp;klasických disciplínách CTIF 2014 &#8211; Hradec Králové, 2.&nbsp;března 2014</a></b></p>
<p style="text-align: center;"><span style="color: #ff0000;"><strong>Rok 2011</strong></span></p>
<p><b><a href="https://hasicibystre.rajce.idnes.cz/MCR_v_klasickych_disciplinach_CTIF_2011_-_Dvur_Kralove_nad_Labem%2C_25._zari_2011/" target="_blank" rel="noopener">MČR v&nbsp;klasických disciplínách CTIF 2011 &#8211; Dvůr Králové nad Labem, 25.&nbsp;září 2011</a></b></p>
<p style="text-align: center;"><strong><span style="color: #ff0000;">Rok 2010</span></strong></p>
<p><b><a href="https://hasicibystre.rajce.idnes.cz/MCR_v_klasickych_disciplninach_CTIF_2010_-_Dvur_Kralove_nad_Labem%2C_25._zari_2010/" target="_blank" rel="noopener">MČR v&nbsp;klasických disciplnínách CTIF 2010 &#8211; Dvůr Králové nad Labem, 25.&nbsp;září 2010</a></b></p>
<p style="text-align: center;"><span style="color: #ff0000;"><strong>Rok 2009</strong></span></p>
<p><b><a href="https://hasicibystre.rajce.idnes.cz/Svatovaclavsky_pohar_2009_-_27._zari_2009/" target="_blank" rel="noopener">Svatováclavský pohár 2009 &#8211; 27.&nbsp;září 2009</a></b></p>
<p><b><a href="https://hasicibystre.rajce.idnes.cz/Mezinarodni_hasicska_soutez_Ostrava%2C_19._-_26._cervence_2009/" target="_blank" rel="noopener">Mezinárodní hasičská soutěž Ostrava, 19. &#8211; 26.&nbsp;července 2009</a></b></p>
<p style="text-align: center;"><span style="color: #ff0000;"><strong>Rok 2008</strong></span></p>
<p><b><a href="https://hasicibystre.rajce.idnes.cz/Svatovaclavsky_pohar_2008_-_27._zari_2008/" target="_blank" rel="noopener">Svatováclavský pohár 2008 &#8211; 27.&nbsp;září 2008</a></b></p>
<p><b><a href="https://hasicibystre.rajce.idnes.cz/Vykonnostni_soutez_v_klasickych_disciplinach_CTIF_2008_-_Amstetten%2C_Rakousko%2C_27._-_29._cervna_2008/" target="_blank" rel="noopener">Výkonnostní soutěž v&nbsp;klasických disciplínách CTIF 2008 &#8211; Amstetten, Rakousko, 27. &#8211; 29.&nbsp;června 2008</a></b></p>
<p style="text-align: center;"><span style="color: #ff0000;"><strong>Rok 2007</strong></span></p>
<p><b><a href="https://hasicibystre.rajce.idnes.cz/Svatovaclavsky_pohar_2007_-_30._zari_2007/" target="_blank" rel="noopener">Svatováclavský pohár 2007 &#8211; 30.&nbsp;září 2007</a></b></p>

<p>Rok 2014 Hradecká hala v&nbsp;klasických disciplínách CTIF 2014 &#8211; Hradec Králové, 2.&nbsp;března 2014 Rok 2011 MČR v&nbsp;klasických disciplínách CTIF 2011 &#8211; Dvůr Králové nad Labem, 25.&nbsp;září 2011 Rok 2010 MČR v&nbsp;klasických disciplnínách CTIF 2010 &#8211; Dvůr Králové nad Labem, 25.&nbsp;září 2010 Rok 2009 Svatováclavský pohár 2009 &#8211; 27.&nbsp;září 2009 Mezinárodní hasičská soutěž Ostrava, 19. &#8211; [&hellip;]</p>
