{"id":2658,"date":"2021-12-26T11:01:26","date_gmt":"2021-12-26T10:01:26","guid":{"rendered":"https:\/\/www.hasicibystre.cz\/?page_id=2658"},"modified":"2022-07-19T23:24:18","modified_gmt":"2022-07-19T21:24:18","slug":"hasicske-noviny","status":"publish","type":"page","link":"https:\/\/www.hasicibystre.cz\/?page_id=2658","title":{"rendered":"Hasi\u010dsk\u00e9 noviny"},"content":{"rendered":"<p><em>\u010clen\u016fm na\u0161eho sboru jsou Hasi\u010dsk\u00e9 noviny zdarma k&nbsp;dispozici v&nbsp;el. podob\u011b.<\/em><\/p>\n<p><span style=\"color: #ff0000;\"><strong>Rok 2022<\/strong><\/span><\/p>\n<h6><a href=\"http:\/\/www.hasicibystre.cz\/wp-content\/uploads\/2022\/07\/www.-Hn-c.-1.pdf\">\u010c\u00edslo 1<\/a><\/h6>\n<h6><a href=\"http:\/\/www.hasicibystre.cz\/wp-content\/uploads\/2022\/07\/www.-Hn-c.-2.pdf\">\u010c\u00edslo 2<\/a><\/h6>\n<h6><a href=\"http:\/\/www.hasicibystre.cz\/wp-content\/uploads\/2022\/07\/www-Hn-c.-3.pdf\">\u010c\u00edslo 3<\/a><\/h6>\n<h6><a href=\"http:\/\/www.hasicibystre.cz\/wp-content\/uploads\/2022\/07\/www-Hn-c.-4.pdf\">\u010c\u00edslo 4<\/a><\/h6>\n<h6><a href=\"http:\/\/www.hasicibystre.cz\/wp-content\/uploads\/2022\/07\/www-Hn-c.-5_1.pdf\">\u010c\u00edslo 5<\/a><\/h6>\n<h6><a href=\"http:\/\/www.hasicibystre.cz\/wp-content\/uploads\/2022\/07\/www-Hn-c.-6.pdf\">\u010c\u00edslo 6<\/a><\/h6>\n<h6><a href=\"http:\/\/www.hasicibystre.cz\/wp-content\/uploads\/2022\/07\/www-Hn-c.7.pdf\">\u010c\u00edslo 7<\/a><\/h6>\n<h6><a href=\"http:\/\/www.hasicibystre.cz\/wp-content\/uploads\/2022\/07\/www-Hn-c.-8.pdf\">\u010c\u00edslo 8<\/a><\/h6>\n<h6><a href=\"http:\/\/www.hasicibystre.cz\/wp-content\/uploads\/2022\/07\/www-hn-c.-9.pdf\">\u010c\u00edslo 9<\/a><\/h6>\n<h6><a href=\"http:\/\/www.hasicibystre.cz\/wp-content\/uploads\/2022\/07\/www-Hn-c.-10.pdf\">\u010c\u00edslo 10<\/a><\/h6>\n<h6><a href=\"http:\/\/www.hasicibystre.cz\/wp-content\/uploads\/2022\/07\/www-Hn-c.11.pdf\">\u010c\u00edslo 11<\/a><\/h6>\n<h6><a href=\"http:\/\/www.hasicibystre.cz\/wp-content\/uploads\/2022\/07\/www-Hn-c.-12.pdf\">\u010c\u00edslo 12<\/a><\/h6>\n<h6><a href=\"http:\/\/www.hasicibystre.cz\/wp-content\/uploads\/2022\/07\/www-Hn-c.13.pdf\">\u010c\u00edslo 13<\/a><\/h6>\n<p><strong><span style=\"color: #ff0000;\">Rok 2021<\/span><\/strong><\/p>\n<h6><a href=\"http:\/\/www.hasicibystre.cz\/wp-content\/uploads\/2021\/12\/hn_1.pdf\">\u010c\u00edslo 1<\/a><\/h6>\n<h6><a href=\"http:\/\/www.hasicibystre.cz\/wp-content\/uploads\/2021\/12\/hn_2.pdf\">\u010c\u00edslo 2<\/a><\/h6>\n<h6><a href=\"http:\/\/www.hasicibystre.cz\/wp-content\/uploads\/2021\/12\/hn_3.pdf\">\u010c\u00edslo 3<\/a><\/h6>\n<h6><a href=\"http:\/\/www.hasicibystre.cz\/wp-content\/uploads\/2021\/12\/hn_4.pdf\">\u010c\u00edslo 4<\/a><\/h6>\n<h6><a href=\"http:\/\/www.hasicibystre.cz\/wp-content\/uploads\/2021\/12\/hn_5.pdf\">\u010c\u00edslo 5<\/a><\/h6>\n<h6><a href=\"http:\/\/www.hasicibystre.cz\/wp-content\/uploads\/2021\/12\/hn_6.pdf\">\u010c\u00edslo 6<\/a><\/h6>\n<h6><a href=\"http:\/\/www.hasicibystre.cz\/wp-content\/uploads\/2021\/12\/hn_7.pdf\">\u010c\u00edslo 7<\/a><\/h6>\n<h6><a href=\"http:\/\/www.hasicibystre.cz\/wp-content\/uploads\/2021\/12\/hn_8.pdf\">\u010c\u00edslo 8<\/a><\/h6>\n<h6><a href=\"http:\/\/www.hasicibystre.cz\/wp-content\/uploads\/2021\/12\/hn_9.pdf\">\u010c\u00edslo 9<\/a><\/h6>\n<h6><a href=\"http:\/\/www.hasicibystre.cz\/wp-content\/uploads\/2021\/12\/hn_10.pdf\">\u010c\u00edslo 10<\/a><\/h6>\n<h6><a href=\"http:\/\/www.hasicibystre.cz\/wp-content\/uploads\/2021\/12\/hn_11.pdf\">\u010c\u00edslo 11<\/a><\/h6>\n<h6><a href=\"http:\/\/www.hasicibystre.cz\/wp-content\/uploads\/2021\/12\/hn_12.pdf\">\u010c\u00edslo 12<\/a><\/h6>\n<h6><a href=\"http:\/\/www.hasicibystre.cz\/wp-content\/uploads\/2021\/12\/hn_13.pdf\">\u010c\u00edslo 13<\/a><\/h6>\n<h6><a href=\"http:\/\/www.hasicibystre.cz\/wp-content\/uploads\/2021\/12\/hn_14.pdf\">\u010c\u00edslo 14<\/a><\/h6>\n<h6><a href=\"http:\/\/www.hasicibystre.cz\/wp-content\/uploads\/2021\/12\/hn_15.pdf\">\u010c\u00edslo 15<\/a><\/h6>\n<h6><a href=\"http:\/\/www.hasicibystre.cz\/wp-content\/uploads\/2021\/12\/hn_16.pdf\">\u010c\u00edslo 16<\/a><\/h6>\n<h6><a href=\"http:\/\/www.hasicibystre.cz\/wp-content\/uploads\/2021\/12\/hn_17.pdf\">\u010c\u00edslo 17<\/a><\/h6>\n<h6><a href=\"http:\/\/www.hasicibystre.cz\/wp-content\/uploads\/2021\/12\/hn_18.pdf\">\u010c\u00edslo 18<\/a><\/h6>\n<h6><a href=\"http:\/\/www.hasicibystre.cz\/wp-content\/uploads\/2021\/12\/hn_19.pdf\">\u010c\u00edslo 19<\/a><\/h6>\n<h6><a href=\"http:\/\/www.hasicibystre.cz\/wp-content\/uploads\/2021\/12\/hn_20.pdf\">\u010c\u00edslo 20<\/a><\/h6>\n<h6><a href=\"http:\/\/www.hasicibystre.cz\/wp-content\/uploads\/2021\/12\/hn_21.pdf\">\u010c\u00edslo 21<\/a><\/h6>\n<h6><a href=\"http:\/\/www.hasicibystre.cz\/wp-content\/uploads\/2021\/12\/hn_22.pdf\">\u010c\u00edslo 22<\/a><\/h6>\n<h6><a href=\"http:\/\/www.hasicibystre.cz\/wp-content\/uploads\/2021\/12\/hn_23.pdf\">\u010c\u00edslo 23<\/a><\/h6>\n<h6><a href=\"http:\/\/www.hasicibystre.cz\/wp-content\/uploads\/2021\/12\/hn_24.pdf\">\u010c\u00edslo 24<\/a><\/h6>\n","protected":false},"excerpt":{"rendered":"<p>\u010clen\u016fm na\u0161eho sboru jsou Hasi\u010dsk\u00e9 noviny zdarma k&nbsp;dispozici v&nbsp;el. podob\u011b. Rok 2022 \u010c\u00edslo 1 \u010c\u00edslo 2 \u010c\u00edslo 3 \u010c\u00edslo 4 \u010c\u00edslo 5 \u010c\u00edslo 6 \u010c\u00edslo 7 \u010c\u00edslo 8 \u010c\u00edslo 9 \u010c\u00edslo 10 \u010c\u00edslo 11 \u010c\u00edslo 12 \u010c\u00edslo 13 Rok 2021 \u010c\u00edslo 1 \u010c\u00edslo 2 \u010c\u00edslo 3 \u010c\u00edslo 4 \u010c\u00edslo 5 \u010c\u00edslo 6 \u010c\u00edslo 7 \u010c\u00edslo [&hellip;]<\/p>\n","protected":false},"author":2,"featured_media":0,"parent":0,"menu_order":0,"comment_status":"closed","ping_status":"closed","template":"","meta":{"footnotes":""},"class_list":["post-2658","page","type-page","status-publish","hentry"],"aioseo_notices":[],"jetpack_sharing_enabled":true,"jetpack_likes_enabled":true,"_links":{"self":[{"href":"https:\/\/www.hasicibystre.cz\/index.php?rest_route=\/wp\/v2\/pages\/2658","targetHints":{"allow":["GET"]}}],"collection":[{"href":"https:\/\/www.hasicibystre.cz\/index.php?rest_route=\/wp\/v2\/pages"}],"about":[{"href":"https:\/\/www.hasicibystre.cz\/index.php?rest_route=\/wp\/v2\/types\/page"}],"author":[{"embeddable":true,"href":"https:\/\/www.hasicibystre.cz\/index.php?rest_route=\/wp\/v2\/users\/2"}],"replies":[{"embeddable":true,"href":"https:\/\/www.hasicibystre.cz\/index.php?rest_route=%2Fwp%2Fv2%2Fcomments&post=2658"}],"version-history":[{"count":5,"href":"https:\/\/www.hasicibystre.cz\/index.php?rest_route=\/wp\/v2\/pages\/2658\/revisions"}],"predecessor-version":[{"id":3211,"href":"https:\/\/www.hasicibystre.cz\/index.php?rest_route=\/wp\/v2\/pages\/2658\/revisions\/3211"}],"wp:attachment":[{"href":"https:\/\/www.hasicibystre.cz\/index.php?rest_route=%2Fwp%2Fv2%2Fmedia&parent=2658"}],"curies":[{"name":"wp","href":"https:\/\/api.w.org\/{rel}","templated":true}]}}