{"id":325,"date":"2018-07-18T18:46:01","date_gmt":"2018-07-18T16:46:01","guid":{"rendered":"http:\/\/www.hasicibystre.cz\/?page_id=325"},"modified":"2018-07-27T11:33:14","modified_gmt":"2018-07-27T09:33:14","slug":"1972-2","status":"publish","type":"page","link":"https:\/\/www.hasicibystre.cz\/?page_id=325","title":{"rendered":"1972"},"content":{"rendered":"<p style=\"text-align: justify;\">Po\u017e\u00e1rnick\u00fd ples a tane\u010dn\u00ed z\u00e1bava byly uskute\u010dn\u011bny na za\u010d\u00e1tku roku. N\u00e1m\u011btov\u00e1 cvi\u010den\u00ed v&nbsp;Sedlo\u0148ov\u011b na \u0161kolu na Polomech, dal\u0161\u00ed v&nbsp;Dob\u0159anech. Odznak \u201e Vzorn\u00fd po\u017e\u00e1rn\u00edk III. stupn\u011b \u201c z\u00edsk\u00e1v\u00e1 17 \u010dlen\u016f sboru. Na stavb\u011b koupali\u0161t\u011b v&nbsp;akci Z&nbsp;je odpracov\u00e1no 820 hodin. Sbor zakupuje novou 8 mm filmovou kameru pro zachycov\u00e1n\u00ed dokumentace organizace.<\/p>\n<p style=\"text-align: justify;\">\u010clen Josef Net\u00edk je na krajsk\u00e9 konferenci volen do krajsk\u00e9ho v\u00fdboru SPO a \u010dlenka V\u011bra Lemfeldov\u00e1 se \u00fa\u010dastn\u00ed II. sjezdu \u010cSPO v&nbsp;Ostrav\u011b. Zahajuje se hra mlad\u00fdch po\u017e\u00e1rn\u00edk\u016f PLAMEN a \u017e\u00e1ci se \u00fa\u010dastn\u00ed sout\u011b\u017ee ve Slatin\u011b n. Z. a Libli.<\/p>\n<p style=\"text-align: justify;\">Star\u0161\u00ed mu\u017ee nav\u0161t\u011bvuj\u00ed p\u0159edstavitel\u00e9 KV SPO a p\u0159ed\u00e1vaj\u00ed jim pozv\u00e1n\u00ed do n\u00e1rodn\u00edho kola SPD do Pardubic. P\u0159i n\u00e1v\u0161t\u011bv\u011b se prohl\u00eddkou kronik seznamuj\u00ed s&nbsp;histori\u00ed sboru a nav\u0161t\u011bvuj\u00ed po\u017e\u00e1rn\u00ed zbrojnici.<\/p>\n<p style=\"text-align: justify;\">Na stadi\u00f3nu v&nbsp;Pardubic\u00edch, kde bylo n\u00e1rodn\u00ed kolo uskute\u010dn\u011bno, p\u0159edv\u00e1d\u011bli \u010dlenov\u00e9 dru\u017estva, kter\u00e9 m\u011blo v\u011bkov\u00fd pr\u016fm\u011br 70 let, po\u017e\u00e1rn\u00ed \u00fatok a \u0161tafetu mimo sout\u011b\u017e. Za v\u0161e sklidili obrovsk\u00fd potlesk div\u00e1k\u016f. Na z\u00e1v\u011br jim byl p\u0159ed\u00e1n poh\u00e1r ONV v&nbsp;Pardubic\u00edch a \u010destn\u00e9 uzn\u00e1n\u00ed ministra vnitra.<\/p>\n<p style=\"text-align: justify;\">SPD prob\u011bhly: obvodn\u00ed v&nbsp;Dlouh\u00e9 Vsi, okresn\u00ed v&nbsp;Ledc\u00edch s&nbsp;\u00fa\u010dast\u00ed dru\u017estva \u017een, mu\u017e\u016f, dorostenc\u016f, a star\u0161\u00edch mu\u017e\u016f, krajsk\u00e1 v&nbsp;nov\u00e9m M\u011bst\u011b nad Metuj\u00ed s&nbsp;\u00fa\u010dast\u00ed dru\u017estva dorostenc\u016f a star\u0161\u00edch mu\u017e\u016f.<\/p>\n","protected":false},"excerpt":{"rendered":"<p>Po\u017e\u00e1rnick\u00fd ples a tane\u010dn\u00ed z\u00e1bava byly uskute\u010dn\u011bny na za\u010d\u00e1tku roku. N\u00e1m\u011btov\u00e1 cvi\u010den\u00ed v&nbsp;Sedlo\u0148ov\u011b na \u0161kolu na Polomech, dal\u0161\u00ed v&nbsp;Dob\u0159anech. Odznak \u201e Vzorn\u00fd po\u017e\u00e1rn\u00edk III. stupn\u011b \u201c z\u00edsk\u00e1v\u00e1 17 \u010dlen\u016f sboru. Na stavb\u011b koupali\u0161t\u011b v&nbsp;akci Z&nbsp;je odpracov\u00e1no 820 hodin. Sbor zakupuje novou 8 mm filmovou kameru pro zachycov\u00e1n\u00ed dokumentace organizace. \u010clen Josef Net\u00edk je na krajsk\u00e9 [&hellip;]<\/p>\n","protected":false},"author":2,"featured_media":0,"parent":90,"menu_order":0,"comment_status":"closed","ping_status":"closed","template":"","meta":{"footnotes":""},"class_list":["post-325","page","type-page","status-publish","hentry"],"aioseo_notices":[],"jetpack_sharing_enabled":true,"jetpack_likes_enabled":true,"_links":{"self":[{"href":"https:\/\/www.hasicibystre.cz\/index.php?rest_route=\/wp\/v2\/pages\/325","targetHints":{"allow":["GET"]}}],"collection":[{"href":"https:\/\/www.hasicibystre.cz\/index.php?rest_route=\/wp\/v2\/pages"}],"about":[{"href":"https:\/\/www.hasicibystre.cz\/index.php?rest_route=\/wp\/v2\/types\/page"}],"author":[{"embeddable":true,"href":"https:\/\/www.hasicibystre.cz\/index.php?rest_route=\/wp\/v2\/users\/2"}],"replies":[{"embeddable":true,"href":"https:\/\/www.hasicibystre.cz\/index.php?rest_route=%2Fwp%2Fv2%2Fcomments&post=325"}],"version-history":[{"count":3,"href":"https:\/\/www.hasicibystre.cz\/index.php?rest_route=\/wp\/v2\/pages\/325\/revisions"}],"predecessor-version":[{"id":804,"href":"https:\/\/www.hasicibystre.cz\/index.php?rest_route=\/wp\/v2\/pages\/325\/revisions\/804"}],"up":[{"embeddable":true,"href":"https:\/\/www.hasicibystre.cz\/index.php?rest_route=\/wp\/v2\/pages\/90"}],"wp:attachment":[{"href":"https:\/\/www.hasicibystre.cz\/index.php?rest_route=%2Fwp%2Fv2%2Fmedia&parent=325"}],"curies":[{"name":"wp","href":"https:\/\/api.w.org\/{rel}","templated":true}]}}

<p style="text-align: justify;">Požárnický ples a taneční zábava byly uskutečněny na začátku roku. Námětová cvičení v&nbsp;Sedloňově na školu na Polomech, další v&nbsp;Dobřanech. Odznak „ Vzorný požárník III. stupně “ získává 17 členů sboru. Na stavbě koupaliště v&nbsp;akci Z&nbsp;je odpracováno 820 hodin. Sbor zakupuje novou 8 mm filmovou kameru pro zachycování dokumentace organizace.</p>
<p style="text-align: justify;">Člen Josef Netík je na krajské konferenci volen do krajského výboru SPO a členka Věra Lemfeldová se účastní II. sjezdu ČSPO v&nbsp;Ostravě. Zahajuje se hra mladých požárníků PLAMEN a žáci se účastní soutěže ve Slatině n. Z. a Libli.</p>
<p style="text-align: justify;">Starší muže navštěvují představitelé KV SPO a předávají jim pozvání do národního kola SPD do Pardubic. Při návštěvě se prohlídkou kronik seznamují s&nbsp;historií sboru a navštěvují požární zbrojnici.</p>
<p style="text-align: justify;">Na stadiónu v&nbsp;Pardubicích, kde bylo národní kolo uskutečněno, předváděli členové družstva, které mělo věkový průměr 70 let, požární útok a štafetu mimo soutěž. Za vše sklidili obrovský potlesk diváků. Na závěr jim byl předán pohár ONV v&nbsp;Pardubicích a čestné uznání ministra vnitra.</p>
<p style="text-align: justify;">SPD proběhly: obvodní v&nbsp;Dlouhé Vsi, okresní v&nbsp;Ledcích s&nbsp;účastí družstva žen, mužů, dorostenců, a starších mužů, krajská v&nbsp;novém Městě nad Metují s&nbsp;účastí družstva dorostenců a starších mužů.</p>

<p>Požárnický ples a taneční zábava byly uskutečněny na začátku roku. Námětová cvičení v&nbsp;Sedloňově na školu na Polomech, další v&nbsp;Dobřanech. Odznak „ Vzorný požárník III. stupně “ získává 17 členů sboru. Na stavbě koupaliště v&nbsp;akci Z&nbsp;je odpracováno 820 hodin. Sbor zakupuje novou 8 mm filmovou kameru pro zachycování dokumentace organizace. Člen Josef Netík je na krajské [&hellip;]</p>
