{"id":337,"date":"2018-07-18T18:50:04","date_gmt":"2018-07-18T16:50:04","guid":{"rendered":"http:\/\/www.hasicibystre.cz\/?page_id=337"},"modified":"2018-07-27T11:37:07","modified_gmt":"2018-07-27T09:37:07","slug":"1977-2","status":"publish","type":"page","link":"https:\/\/www.hasicibystre.cz\/?page_id=337","title":{"rendered":"1977"},"content":{"rendered":"<p style=\"text-align: justify;\">Jako v&nbsp;l\u00e9tech p\u0159edch\u00e1zej\u00edc\u00edch, tak i v&nbsp;tomto roce prov\u00e1d\u00ed organizace po\u017e\u00e1rn\u00ed dozor p\u0159i autokrosu v&nbsp;Dob\u0159anech. N\u00e1m\u011btov\u00e9 cvi\u010den\u00ed je prov\u00e1d\u011bno v&nbsp;na\u0161\u00ed obci a SPD \u2013 okrskov\u00e9 se \u00fa\u010dastn\u00ed dru\u017estvo mu\u017e\u016f na h\u0159i\u0161ti v&nbsp;Dobr\u00e9m. N\u00e1m\u011btov\u00e9 cvi\u010den\u00ed okrsku jsou po\u0159\u00e1d\u00e1na v&nbsp;De\u0161tn\u00e9m v&nbsp;O. h. a v&nbsp;Dobr\u00e9m.<\/p>\n<p style=\"text-align: justify;\">Kolektivy mlad\u00fdch po\u017e\u00e1rn\u00edk\u016f, z\u00fa\u010dastn\u011bn\u00e9 ve h\u0159e PLAMEN 77 jsme tentokr\u00e1t p\u0159i okresn\u00edm setk\u00e1n\u00ed hostili na vlastn\u00ed p\u016fd\u011b. Setk\u00e1n\u00ed se poda\u0159ilo dob\u0159e zajistit, po\u010das\u00ed mu v\u0161ak nep\u0159\u00e1lo. Na\u0161e dru\u017estvo v&nbsp;sout\u011b\u017ei zv\u00edt\u011bzilo a zajistilo si ji\u017e po \u010dtvrt\u00e9 postup do krajsk\u00e9ho kola.<\/p>\n<p style=\"text-align: justify;\">V akci Z&nbsp;organizace odpracov\u00e1v\u00e1 490 hodin hlavn\u011b na dokon\u010den\u00ed po\u017e\u00e1rn\u00ed n\u00e1dr\u017ee u \u0160t\u011bp\u00e1nov\u00fdch. D\u00e1le organizuje tane\u010dn\u00ed z\u00e1bavu na p\u0159\u00edrodn\u00edm parketu na koupali\u0161ti a podzimn\u00ed zhodnocen\u00ed pr\u00e1ce organizace p\u0159i op\u00e9k\u00e1n\u00ed berana na ro\u017eni. Dlouholet\u00fd \u010dlen sboru Adolf Dyntar se do\u017e\u00edv\u00e1 80 let a \u010dlenov\u00e9 organizace mu p\u0159ich\u00e1zej\u00ed pop\u0159\u00e1t mnoho zdrav\u00ed do dal\u0161\u00edho \u017eivota. Kronik\u00e1\u0159skou pr\u00e1ci kon\u010d\u00ed pro nemoc Jaroslav Reme\u0161 a funkci kronik\u00e1\u0159e p\u0159eb\u00edr\u00e1 K\u00e1rn\u00edk Adolf.<\/p>\n<p style=\"text-align: justify;\">Po\u017e\u00e1ry:<\/p>\n<p style=\"text-align: justify;\">Les Kuchy\u0148ka v&nbsp;Bystr\u00e9m<\/p>\n<p style=\"text-align: justify;\">D\u016fm u Mar\u0161\u00edk\u016f v&nbsp;Bohda\u0161\u00edn\u011b<\/p>\n","protected":false},"excerpt":{"rendered":"<p>Jako v&nbsp;l\u00e9tech p\u0159edch\u00e1zej\u00edc\u00edch, tak i v&nbsp;tomto roce prov\u00e1d\u00ed organizace po\u017e\u00e1rn\u00ed dozor p\u0159i autokrosu v&nbsp;Dob\u0159anech. N\u00e1m\u011btov\u00e9 cvi\u010den\u00ed je prov\u00e1d\u011bno v&nbsp;na\u0161\u00ed obci a SPD \u2013 okrskov\u00e9 se \u00fa\u010dastn\u00ed dru\u017estvo mu\u017e\u016f na h\u0159i\u0161ti v&nbsp;Dobr\u00e9m. N\u00e1m\u011btov\u00e9 cvi\u010den\u00ed okrsku jsou po\u0159\u00e1d\u00e1na v&nbsp;De\u0161tn\u00e9m v&nbsp;O. h. a v&nbsp;Dobr\u00e9m. Kolektivy mlad\u00fdch po\u017e\u00e1rn\u00edk\u016f, z\u00fa\u010dastn\u011bn\u00e9 ve h\u0159e PLAMEN 77 jsme tentokr\u00e1t p\u0159i okresn\u00edm setk\u00e1n\u00ed hostili [&hellip;]<\/p>\n","protected":false},"author":2,"featured_media":0,"parent":90,"menu_order":0,"comment_status":"closed","ping_status":"closed","template":"","meta":{"footnotes":""},"class_list":["post-337","page","type-page","status-publish","hentry"],"aioseo_notices":[],"jetpack_sharing_enabled":true,"jetpack_likes_enabled":true,"_links":{"self":[{"href":"https:\/\/www.hasicibystre.cz\/index.php?rest_route=\/wp\/v2\/pages\/337","targetHints":{"allow":["GET"]}}],"collection":[{"href":"https:\/\/www.hasicibystre.cz\/index.php?rest_route=\/wp\/v2\/pages"}],"about":[{"href":"https:\/\/www.hasicibystre.cz\/index.php?rest_route=\/wp\/v2\/types\/page"}],"author":[{"embeddable":true,"href":"https:\/\/www.hasicibystre.cz\/index.php?rest_route=\/wp\/v2\/users\/2"}],"replies":[{"embeddable":true,"href":"https:\/\/www.hasicibystre.cz\/index.php?rest_route=%2Fwp%2Fv2%2Fcomments&post=337"}],"version-history":[{"count":3,"href":"https:\/\/www.hasicibystre.cz\/index.php?rest_route=\/wp\/v2\/pages\/337\/revisions"}],"predecessor-version":[{"id":809,"href":"https:\/\/www.hasicibystre.cz\/index.php?rest_route=\/wp\/v2\/pages\/337\/revisions\/809"}],"up":[{"embeddable":true,"href":"https:\/\/www.hasicibystre.cz\/index.php?rest_route=\/wp\/v2\/pages\/90"}],"wp:attachment":[{"href":"https:\/\/www.hasicibystre.cz\/index.php?rest_route=%2Fwp%2Fv2%2Fmedia&parent=337"}],"curies":[{"name":"wp","href":"https:\/\/api.w.org\/{rel}","templated":true}]}}

<p style="text-align: justify;">Jako v&nbsp;létech předcházejících, tak i v&nbsp;tomto roce provádí organizace požární dozor při autokrosu v&nbsp;Dobřanech. Námětové cvičení je prováděno v&nbsp;naší obci a SPD – okrskové se účastní družstvo mužů na hřišti v&nbsp;Dobrém. Námětové cvičení okrsku jsou pořádána v&nbsp;Deštném v&nbsp;O. h. a v&nbsp;Dobrém.</p>
<p style="text-align: justify;">Kolektivy mladých požárníků, zúčastněné ve hře PLAMEN 77 jsme tentokrát při okresním setkání hostili na vlastní půdě. Setkání se podařilo dobře zajistit, počasí mu však nepřálo. Naše družstvo v&nbsp;soutěži zvítězilo a zajistilo si již po čtvrté postup do krajského kola.</p>
<p style="text-align: justify;">V akci Z&nbsp;organizace odpracovává 490 hodin hlavně na dokončení požární nádrže u Štěpánových. Dále organizuje taneční zábavu na přírodním parketu na koupališti a podzimní zhodnocení práce organizace při opékání berana na rožni. Dlouholetý člen sboru Adolf Dyntar se dožívá 80 let a členové organizace mu přicházejí popřát mnoho zdraví do dalšího života. Kronikářskou práci končí pro nemoc Jaroslav Remeš a funkci kronikáře přebírá Kárník Adolf.</p>
<p style="text-align: justify;">Požáry:</p>
<p style="text-align: justify;">Les Kuchyňka v&nbsp;Bystrém</p>
<p style="text-align: justify;">Dům u Maršíků v&nbsp;Bohdašíně</p>

<p>Jako v&nbsp;létech předcházejících, tak i v&nbsp;tomto roce provádí organizace požární dozor při autokrosu v&nbsp;Dobřanech. Námětové cvičení je prováděno v&nbsp;naší obci a SPD – okrskové se účastní družstvo mužů na hřišti v&nbsp;Dobrém. Námětové cvičení okrsku jsou pořádána v&nbsp;Deštném v&nbsp;O. h. a v&nbsp;Dobrém. Kolektivy mladých požárníků, zúčastněné ve hře PLAMEN 77 jsme tentokrát při okresním setkání hostili [&hellip;]</p>
