{"id":365,"date":"2018-07-18T18:56:59","date_gmt":"2018-07-18T16:56:59","guid":{"rendered":"http:\/\/www.hasicibystre.cz\/?page_id=365"},"modified":"2018-07-27T11:50:15","modified_gmt":"2018-07-27T09:50:15","slug":"1991-2","status":"publish","type":"page","link":"https:\/\/www.hasicibystre.cz\/?page_id=365","title":{"rendered":"1991"},"content":{"rendered":"<p style=\"text-align: justify;\">V preventivn\u00ed \u010dinnosti bylo provedeno 68 kontrol.<\/p>\n<p style=\"text-align: justify;\">Okrskov\u00e1 sout\u011b\u017e prob\u011bhla za nep\u0159\u00edzniv\u00e9ho po\u010das\u00ed v&nbsp;na\u0161\u00ed obci. Dru\u017estva mu\u017e\u016f i \u017een v&nbsp;n\u00ed obsadila shodn\u011b 1.&nbsp;m\u00edsta. Mimo sout\u011b\u017e se p\u0159edstavilo na\u0161e dru\u017estvo dorostenc\u016f. Na okresn\u00ed sout\u011b\u017ei v&nbsp;Kostelci nad Orlic\u00ed obsadili mu\u017ei 6.&nbsp;m\u00edsto a \u017eeny 3.&nbsp;m\u00edsto.<\/p>\n<p style=\"text-align: justify;\">Zasahovali jsme p\u0159i po\u017e\u00e1ru lesa v&nbsp;Bystr\u00e9m, provedeno bylo n\u00e1m\u011btov\u00e9 cvi\u010den\u00ed na krav\u00edn.<\/p>\n<p style=\"text-align: justify;\">Mlad\u00ed po\u017e\u00e1rn\u00edci se po v\u00edt\u011bzstv\u00ed v&nbsp;minul\u00e9m roce z\u00fa\u010dastnili kvalifikace na sout\u011b\u017e CTIF ve Finsku v&nbsp;B\u00edl\u00fdch Poli\u010danech. T\u00e9to kvalifikace se z\u00fa\u010dastnili 3 kolektivy. Na\u0161i obsadili 2.&nbsp;m\u00edsto, v\u00edt\u011bzstv\u00ed si odneslo dru\u017estvo z&nbsp;Karolinky. V&nbsp;dal\u0161\u00edm obdob\u00ed nastoupila od funkce vedouc\u00ed ml\u00e1de\u017ee M. Mart\u00ednkov\u00e1 za pomoci J. Dus\u00edlka a J. Andr\u0161e. V&nbsp;obvodn\u00edm kole v&nbsp;Poho\u0159\u00ed obsadili mlad\u00ed po\u017e\u00e1rn\u00edci 1.&nbsp;m\u00edsto. V&nbsp;okresn\u00edm kole v&nbsp;\u010cermn\u00e9 nad Orlic\u00ed obsazuj\u00ed 2.&nbsp;m\u00edsto. Dorostenci v&nbsp;okresn\u00ed sout\u011b\u017ei obsazuj\u00ed 2.&nbsp;m\u00edsto.<\/p>\n<p style=\"text-align: justify;\">Organizace po\u0159\u00e1dala ples, pou\u0165ovou a posv\u00edcenskou z\u00e1bavu.<\/p>\n<p style=\"text-align: justify;\">Osm \u010dlen\u016f zaji\u0161\u0165uje po\u017e\u00e1rn\u00ed hl\u00eddku na autokrosu v&nbsp;Dob\u0159anech. Des\u00e1t\u00e9ho kv\u011btna jsme zaji\u0161\u0165ovali bezpe\u010dn\u00fd pr\u016fjezd cyklistick\u00e9ho \u201e Z\u00e1vodu M\u00edru \u201c .<\/p>\n<p style=\"text-align: justify;\">V tomto roce m\u00e1 organizace 63 \u010dlen\u016f, 46 mu\u017e\u016f a 17 \u017een.<\/p>\n<p style=\"text-align: justify;\">\u0160 1203 st\u00e1le nen\u00ed v&nbsp;provozu.<\/p>\n","protected":false},"excerpt":{"rendered":"<p>V preventivn\u00ed \u010dinnosti bylo provedeno 68 kontrol. Okrskov\u00e1 sout\u011b\u017e prob\u011bhla za nep\u0159\u00edzniv\u00e9ho po\u010das\u00ed v&nbsp;na\u0161\u00ed obci. Dru\u017estva mu\u017e\u016f i \u017een v&nbsp;n\u00ed obsadila shodn\u011b 1.&nbsp;m\u00edsta. Mimo sout\u011b\u017e se p\u0159edstavilo na\u0161e dru\u017estvo dorostenc\u016f. Na okresn\u00ed sout\u011b\u017ei v&nbsp;Kostelci nad Orlic\u00ed obsadili mu\u017ei 6.&nbsp;m\u00edsto a \u017eeny 3.&nbsp;m\u00edsto. Zasahovali jsme p\u0159i po\u017e\u00e1ru lesa v&nbsp;Bystr\u00e9m, provedeno bylo n\u00e1m\u011btov\u00e9 cvi\u010den\u00ed na krav\u00edn. Mlad\u00ed [&hellip;]<\/p>\n","protected":false},"author":2,"featured_media":0,"parent":90,"menu_order":0,"comment_status":"closed","ping_status":"closed","template":"","meta":{"footnotes":""},"class_list":["post-365","page","type-page","status-publish","hentry"],"aioseo_notices":[],"jetpack_sharing_enabled":true,"jetpack_likes_enabled":true,"_links":{"self":[{"href":"https:\/\/www.hasicibystre.cz\/index.php?rest_route=\/wp\/v2\/pages\/365","targetHints":{"allow":["GET"]}}],"collection":[{"href":"https:\/\/www.hasicibystre.cz\/index.php?rest_route=\/wp\/v2\/pages"}],"about":[{"href":"https:\/\/www.hasicibystre.cz\/index.php?rest_route=\/wp\/v2\/types\/page"}],"author":[{"embeddable":true,"href":"https:\/\/www.hasicibystre.cz\/index.php?rest_route=\/wp\/v2\/users\/2"}],"replies":[{"embeddable":true,"href":"https:\/\/www.hasicibystre.cz\/index.php?rest_route=%2Fwp%2Fv2%2Fcomments&post=365"}],"version-history":[{"count":3,"href":"https:\/\/www.hasicibystre.cz\/index.php?rest_route=\/wp\/v2\/pages\/365\/revisions"}],"predecessor-version":[{"id":823,"href":"https:\/\/www.hasicibystre.cz\/index.php?rest_route=\/wp\/v2\/pages\/365\/revisions\/823"}],"up":[{"embeddable":true,"href":"https:\/\/www.hasicibystre.cz\/index.php?rest_route=\/wp\/v2\/pages\/90"}],"wp:attachment":[{"href":"https:\/\/www.hasicibystre.cz\/index.php?rest_route=%2Fwp%2Fv2%2Fmedia&parent=365"}],"curies":[{"name":"wp","href":"https:\/\/api.w.org\/{rel}","templated":true}]}}

<p style="text-align: justify;">V preventivní činnosti bylo provedeno 68 kontrol.</p>
<p style="text-align: justify;">Okrsková soutěž proběhla za nepříznivého počasí v&nbsp;naší obci. Družstva mužů i žen v&nbsp;ní obsadila shodně 1.&nbsp;místa. Mimo soutěž se představilo naše družstvo dorostenců. Na okresní soutěži v&nbsp;Kostelci nad Orlicí obsadili muži 6.&nbsp;místo a ženy 3.&nbsp;místo.</p>
<p style="text-align: justify;">Zasahovali jsme při požáru lesa v&nbsp;Bystrém, provedeno bylo námětové cvičení na kravín.</p>
<p style="text-align: justify;">Mladí požárníci se po vítězství v&nbsp;minulém roce zúčastnili kvalifikace na soutěž CTIF ve Finsku v&nbsp;Bílých Poličanech. Této kvalifikace se zúčastnili 3 kolektivy. Naši obsadili 2.&nbsp;místo, vítězství si odneslo družstvo z&nbsp;Karolinky. V&nbsp;dalším období nastoupila od funkce vedoucí mládeže M. Martínková za pomoci J. Dusílka a J. Andrše. V&nbsp;obvodním kole v&nbsp;Pohoří obsadili mladí požárníci 1.&nbsp;místo. V&nbsp;okresním kole v&nbsp;Čermné nad Orlicí obsazují 2.&nbsp;místo. Dorostenci v&nbsp;okresní soutěži obsazují 2.&nbsp;místo.</p>
<p style="text-align: justify;">Organizace pořádala ples, pouťovou a posvícenskou zábavu.</p>
<p style="text-align: justify;">Osm členů zajišťuje požární hlídku na autokrosu v&nbsp;Dobřanech. Desátého května jsme zajišťovali bezpečný průjezd cyklistického „ Závodu Míru “ .</p>
<p style="text-align: justify;">V tomto roce má organizace 63 členů, 46 mužů a 17 žen.</p>
<p style="text-align: justify;">Š 1203 stále není v&nbsp;provozu.</p>

<p>V preventivní činnosti bylo provedeno 68 kontrol. Okrsková soutěž proběhla za nepříznivého počasí v&nbsp;naší obci. Družstva mužů i žen v&nbsp;ní obsadila shodně 1.&nbsp;místa. Mimo soutěž se představilo naše družstvo dorostenců. Na okresní soutěži v&nbsp;Kostelci nad Orlicí obsadili muži 6.&nbsp;místo a ženy 3.&nbsp;místo. Zasahovali jsme při požáru lesa v&nbsp;Bystrém, provedeno bylo námětové cvičení na kravín. Mladí [&hellip;]</p>
