{"id":391,"date":"2018-07-18T19:02:48","date_gmt":"2018-07-18T17:02:48","guid":{"rendered":"http:\/\/www.hasicibystre.cz\/?page_id=391"},"modified":"2018-07-27T18:50:05","modified_gmt":"2018-07-27T16:50:05","slug":"2004-2","status":"publish","type":"page","link":"https:\/\/www.hasicibystre.cz\/?page_id=391","title":{"rendered":"2004"},"content":{"rendered":"<p style=\"text-align: justify;\">Okrskov\u00e9 sout\u011b\u017ee na De\u0161tn\u00e9m se z\u00fa\u010dastnila 2 dru\u017estva mu\u017e\u016f a 1 dru\u017estvo \u017een. Dru\u017estvo mu\u017e\u016f obsadilo 3.&nbsp;m\u00edsto, mu\u017ei nad 35 let a \u017eeny okrskovou sout\u011b\u017e vyhr\u00e1li. Okresn\u00edho kola v&nbsp;Mal\u00e9 \u010cermn\u00e9 se z\u00fa\u010dastnilo dru\u017estvo mu\u017e\u016f a zv\u00edt\u011bzilo. V&nbsp;oblastn\u00edm kole ve Dvo\u0159e Kr\u00e1lov\u00e9 dos\u00e1hlo dru\u017estvo historick\u00e9ho \u00fasp\u011bchu, kdy\u017e zv\u00edt\u011bzilo a vybojovalo si tak poprv\u00e9 v&nbsp;historii postup do celost\u00e1tn\u00edho kola sout\u011b\u017ee v&nbsp;po\u017e\u00e1rn\u00edm sportu. Toto se konalo v&nbsp;polovin\u011b z\u00e1\u0159\u00ed v&nbsp;Su\u0161ici. Po boji nejen se soupe\u0159i, ale i s&nbsp;nervozitou vybojovalo dru\u017estvo celkov\u00e9 10.&nbsp;m\u00edsto. Zlat\u00fdm p\u00edsmem se tak zapsalo do kroniky na\u0161eho sboru.<\/p>\n<p style=\"text-align: justify;\">Dal\u0161\u00edho \u00fasp\u011bchu dos\u00e1hlo dru\u017estvo mu\u017e\u016f v&nbsp;seri\u00e1lu sout\u011b\u017e\u00ed Podorlick\u00e1 liga, kter\u00fd po druh\u00e9 v&nbsp;historii t\u00e9to sout\u011b\u017ee vyhr\u00e1lo.<\/p>\n<p style=\"text-align: justify;\">V poh\u00e1rov\u00fdch sout\u011b\u017e\u00edch v&nbsp;Kobyl\u00ed, \u010cesk\u00e9m Krumlov\u011b a \u0160irok\u00e9m Dole obsadilo dru\u017estvo 1., 54.&nbsp;a 25.&nbsp;m\u00edsto.<\/p>\n<p style=\"text-align: justify;\">V \u010dinnosti d\u00e1le pokra\u010dovala ob\u011b dru\u017estva Mlad\u00fdch hasi\u010d\u016f. V&nbsp;okresn\u00edm kole hry Plamen ve Vamberku obsadilo dru\u017estvo star\u0161\u00edch 5.&nbsp;a dru\u017estvo mlad\u0161\u00edch 3.&nbsp;m\u00edsto. Dru\u017estvo star\u0161\u00edch se z\u00fa\u010dastnilo poh\u00e1rov\u00e9 sout\u011b\u017ee v&nbsp;Opo\u010dn\u011b a obsadilo zde 9.&nbsp;m\u00edsto. V&nbsp;podzimn\u00edm z\u00e1vod\u011b po\u017e\u00e1rnick\u00e9 v\u0161estrannosti obsadilo dru\u017estvo mlad\u0161\u00edch 4.&nbsp;a dru\u017estvo star\u0161\u00edch 12.&nbsp;m\u00edsto. Po cel\u00fd rok se dru\u017estvo star\u0161\u00edch pot\u00fdkalo s&nbsp;probl\u00e9my ve slo\u017een\u00ed dru\u017estva.<\/p>\n<p style=\"text-align: justify;\">V dal\u0161\u00edm ro\u010dn\u00edku Her bez hranic ve slovensk\u00e9m Bystr\u00e9m obsadilo dru\u017estvo star\u0161\u00edch 5.&nbsp;m\u00edsto.<\/p>\n<p style=\"text-align: justify;\">V z\u00e1vod\u011b po\u017e\u00e1rnick\u00e9 v\u0161estrannosti v&nbsp;Meziles\u00ed obsadilo dru\u017estvo star\u0161\u00edch 25.&nbsp;m\u00edsto a mimo to bylo po\u0159adateli sout\u011b\u017ee ocen\u011bno za vzorn\u00e9 chov\u00e1n\u00ed b\u011bhem sout\u011b\u017ee.<\/p>\n<p style=\"text-align: justify;\">Kolektiv dorostu se spole\u010dn\u011b s&nbsp;dru\u017estvy mu\u017e\u016f z\u00fa\u010dastnil okrskov\u00e9 sout\u011b\u017ee v&nbsp;De\u0161tn\u00e9m, kde obsadil 6.&nbsp;m\u00edsto. V&nbsp;okresn\u00edm kole v&nbsp;Kvasin\u00e1ch obsadil 2.&nbsp;m\u00edsto a do oblastn\u00edho kola nepostoupil. Kolektiv se z\u00fa\u010dastnil celkem 5 sout\u011b\u017e\u00ed Podorlick\u00e9 ligy a obsadil zde celkov\u00e9 13.&nbsp;m\u00edsto. Zahajovac\u00ed z\u00e1vod po\u017e\u00e1rnick\u00e9 v\u0161estrannosti ve Valu byl v&nbsp;kategorii dorostu anulov\u00e1n. V&nbsp;z\u00e1vod\u011b po\u017e\u00e1rnick\u00e9 v\u0161estrannosti v&nbsp;Meziles\u00ed kolektiv zv\u00edt\u011bzil. V\u00e1clav Novotn\u00fd z\u00edskal na Letn\u00ed \u0161kole instruktor\u016f v&nbsp;P\u0159ibyslavi kvalifikaci vedouc\u00edho ml\u00e1de\u017ee.<\/p>\n<p style=\"text-align: justify;\">V tomto roce sbor po\u0159\u00e1dal hasi\u010dsk\u00fd ples a poml\u00e1zkovou z\u00e1bavu. \u010clenov\u00e9 sboru se z\u00fa\u010dastnili valn\u00fdch hromad v&nbsp;Lew\u00edn\u011b Klodzk\u00e9m. \u010clenov\u00e9 sboru se z\u00fa\u010dastnili oslav 140.&nbsp;v\u00fdro\u010d\u00ed zalo\u017een\u00ed hasi\u010d\u016f v&nbsp;Litom\u011b\u0159ic\u00edch a 100.&nbsp;v\u00fdro\u010d\u00ed zalo\u017een\u00ed sboru ve Valu. \u010clenov\u00e9 v\u00fdboru se pravideln\u011b z\u00fa\u010dast\u0148ovali okrskov\u00fdch porad s&nbsp;\u0161kolen\u00ed.<\/p>\n<p style=\"text-align: justify;\">Sbor nad\u00e1le usiloval o nav\u00e1z\u00e1n\u00ed dal\u0161\u00edch kontakt\u016f s&nbsp;hasi\u010di ze zahrani\u010d\u00ed, zejm\u00e9na na poli hasi\u010dsk\u00e9 ml\u00e1de\u017ee.<\/p>\n<p style=\"text-align: justify;\">Pravideln\u011b byla aktualizov\u00e1na internetov\u00e1 prezentace sboru.<\/p>\n<p style=\"text-align: justify;\">V tomto roce \u010d\u00edt\u00e1 sbor celkem 119 \u010dlen\u016f (23 \u017een, 49 mu\u017e\u016f, 47 mlad\u00fdch hasi\u010d\u016f).<\/p>\n<p style=\"text-align: justify;\">Kompletn\u00ed text v\u00fdro\u010dn\u00ed zpr\u00e1vy naleznete <a href=\"http:\/\/www.hasicibystre.cz\/wp-content\/uploads\/2018\/07\/zprava2004.pdf\" target=\"_blank\" rel=\"noopener\"><strong>ZDE<\/strong><\/a>.<\/p>\n","protected":false},"excerpt":{"rendered":"<p>Okrskov\u00e9 sout\u011b\u017ee na De\u0161tn\u00e9m se z\u00fa\u010dastnila 2 dru\u017estva mu\u017e\u016f a 1 dru\u017estvo \u017een. Dru\u017estvo mu\u017e\u016f obsadilo 3.&nbsp;m\u00edsto, mu\u017ei nad 35 let a \u017eeny okrskovou sout\u011b\u017e vyhr\u00e1li. Okresn\u00edho kola v&nbsp;Mal\u00e9 \u010cermn\u00e9 se z\u00fa\u010dastnilo dru\u017estvo mu\u017e\u016f a zv\u00edt\u011bzilo. V&nbsp;oblastn\u00edm kole ve Dvo\u0159e Kr\u00e1lov\u00e9 dos\u00e1hlo dru\u017estvo historick\u00e9ho \u00fasp\u011bchu, kdy\u017e zv\u00edt\u011bzilo a vybojovalo si tak poprv\u00e9 v&nbsp;historii postup do [&hellip;]<\/p>\n","protected":false},"author":2,"featured_media":0,"parent":90,"menu_order":0,"comment_status":"closed","ping_status":"closed","template":"","meta":{"footnotes":""},"class_list":["post-391","page","type-page","status-publish","hentry"],"aioseo_notices":[],"jetpack_sharing_enabled":true,"jetpack_likes_enabled":true,"_links":{"self":[{"href":"https:\/\/www.hasicibystre.cz\/index.php?rest_route=\/wp\/v2\/pages\/391","targetHints":{"allow":["GET"]}}],"collection":[{"href":"https:\/\/www.hasicibystre.cz\/index.php?rest_route=\/wp\/v2\/pages"}],"about":[{"href":"https:\/\/www.hasicibystre.cz\/index.php?rest_route=\/wp\/v2\/types\/page"}],"author":[{"embeddable":true,"href":"https:\/\/www.hasicibystre.cz\/index.php?rest_route=\/wp\/v2\/users\/2"}],"replies":[{"embeddable":true,"href":"https:\/\/www.hasicibystre.cz\/index.php?rest_route=%2Fwp%2Fv2%2Fcomments&post=391"}],"version-history":[{"count":4,"href":"https:\/\/www.hasicibystre.cz\/index.php?rest_route=\/wp\/v2\/pages\/391\/revisions"}],"predecessor-version":[{"id":852,"href":"https:\/\/www.hasicibystre.cz\/index.php?rest_route=\/wp\/v2\/pages\/391\/revisions\/852"}],"up":[{"embeddable":true,"href":"https:\/\/www.hasicibystre.cz\/index.php?rest_route=\/wp\/v2\/pages\/90"}],"wp:attachment":[{"href":"https:\/\/www.hasicibystre.cz\/index.php?rest_route=%2Fwp%2Fv2%2Fmedia&parent=391"}],"curies":[{"name":"wp","href":"https:\/\/api.w.org\/{rel}","templated":true}]}}