{"id":399,"date":"2018-07-18T19:04:39","date_gmt":"2018-07-18T17:04:39","guid":{"rendered":"http:\/\/www.hasicibystre.cz\/?page_id=399"},"modified":"2018-08-16T21:45:14","modified_gmt":"2018-08-16T19:45:14","slug":"2008-2","status":"publish","type":"page","link":"https:\/\/www.hasicibystre.cz\/?page_id=399","title":{"rendered":"2008"},"content":{"rendered":"<p style=\"text-align: justify;\">Okrskov\u00e1 sout\u011b\u017e se konala 10.&nbsp;kv\u011btna ve Sn\u011b\u017en\u00e9m. Z&nbsp;na\u0161eho sboru se z\u00fa\u010dastnilo dru\u017estva mu\u017e\u016f A a B. Dru\u017estvo A obsadilo 2.&nbsp;m\u00edsto a dru\u017estvo B (dorostenci) 3.&nbsp;m\u00edsto. Okresn\u00edho kola v&nbsp;Dobru\u0161ce se 8.&nbsp;\u010dervna z\u00fa\u010dastnila ob\u011b sout\u011b\u017en\u00ed dru\u017estva mu\u017e\u016f.\u00a0 Ob\u011b dru\u017estva obh\u00e1jila sv\u00e1 lo\u0148sk\u00e1 um\u00edst\u011bn\u00ed a vybojovala si postup do krajsk\u00e9ho kola. Toto se konalo 21.&nbsp;\u010dervna v&nbsp;Nov\u00e9m M\u011bst\u011b nad Metuj\u00ed. Dru\u017estvo mu\u017e\u016f A zde po vyrovnan\u00e9m boji zv\u00edt\u011bzilo a vybojovalo si postup na M\u010cR. Dru\u017estvo B obsadilo celkov\u00e9 5.&nbsp;m\u00edsto. V&nbsp;polovin\u011b m\u011bs\u00edce z\u00e1\u0159\u00ed se dru\u017estvo mu\u017e\u016f z\u00fa\u010dastnilo Mistrovstv\u00ed \u010cesk\u00e9 republiky v&nbsp;P\u0159erov\u011b. Po vynikaj\u00edc\u00edm v\u00fdkonu, zejm\u00e9na v&nbsp;po\u017e\u00e1rn\u00edm \u00fatoku (1.m\u00edsto), vybojovalo dru\u017estvo historicky nejlep\u0161\u00ed v\u00fdsledek &#8211; 2.&nbsp;m\u00edsto a t\u00edm i titul v\u00edcemistra \u010cesk\u00e9 republiky. Oproti minul\u00fdm let\u016fm se dru\u017estvo z\u00fa\u010dastnilo pouze dvou z\u00e1vod\u016f Podorlick\u00e9 ligy.\u00a0 V&nbsp;z\u00e1v\u011bru sez\u00f3ny se dru\u017estvo z\u00fa\u010dastnilo sout\u011b\u017ee v&nbsp;\u0160irok\u00e9m Dole.<\/p>\n<p style=\"text-align: justify;\">Do podzimn\u00ed \u010d\u00e1sti ro\u010dn\u00edku jsme zapojili jedno dru\u017estvo star\u0161\u00edch, kter\u00e9 obsadilo 6.&nbsp;m\u00edsto v&nbsp;ZPV v&nbsp;Lukavici. Ond\u0159ej Matou\u0161 zde obsadil 4.&nbsp;m\u00edsto ve vlo\u017een\u00e9m z\u00e1vod\u011b na 60&nbsp;m s&nbsp;p\u0159ek\u00e1\u017ekami. P\u0159es zimu dru\u017estvo op\u011bt zaj\u00ed\u017ed\u011blo do t\u011blocvi\u010dny v&nbsp;Dobru\u0161ce. I p\u0159es vzr\u016fstaj\u00edc\u00ed po\u010det \u010dlen\u016f jsme tentokr\u00e1t nenasadili dal\u0161\u00ed sout\u011b\u017en\u00ed dru\u017estvo a v\u011bnovali se pln\u011b p\u0159\u00edprav\u011b 1 sout\u011b\u017en\u00edho dru\u017estva. V&nbsp;obdob\u00ed p\u0159ed okresn\u00edm kolem se dru\u017estvo z\u00fa\u010dastnilo 3 p\u0159\u00edpravn\u00fdch sout\u011b\u017e\u00ed nad r\u00e1mec hry Plamen. V&nbsp;N\u00edzk\u00e9 Srbsk\u00e9 obsadilo 3.&nbsp;m\u00edsto, v&nbsp;Bohda\u0161\u00edn\u011b 4.&nbsp;m\u00edsto a v&nbsp;B\u00edl\u00e9m \u00dajezd\u011b 1.&nbsp;m\u00edsto. V&nbsp;okresn\u00edm kole v&nbsp;P\u0159epych\u00e1ch dru\u017estvo z\u00faro\u010dilo svoji jarn\u00ed p\u0159\u00edpravu a po z\u00e1sluze vybojovalo 2.&nbsp;m\u00edsto. V&nbsp;krajsk\u00e9m kole v&nbsp;Kamenci a Poli\u010dce dru\u017estvo \u010d\u00e1ste\u010dn\u011b doplatilo na nezku\u0161enost a fyzickou nevyrovnanost. Celkov\u00e9 7.&nbsp;m\u00edsto tak bylo pro dru\u017estvo leto\u0161n\u00edm maximem. V&nbsp;polovin\u011b m\u011bs\u00edce \u010dervence se dru\u017estvo z\u00fa\u010dastnilo dal\u0161\u00edho ro\u010dn\u00edku her bez hranic, v&nbsp;Bystr\u00e9m na Slovensku. Zde obsadilo 3.&nbsp;m\u00edsto. V&nbsp;zahajovac\u00edm z\u00e1vod\u011b po\u017e\u00e1rnick\u00e9 v\u0161estrannosti ve Slatin\u011b nad Zdobnic\u00ed dru\u017estvo obsadilo 1.&nbsp;m\u00edsto a vr\u00e1tilo se tak po n\u011bkolika letech na \u0161pi\u010dku na\u0161eho okresu. V&nbsp;posledn\u00edm z\u00e1vod\u011b roku &#8211; ZPV v&nbsp;Meziles\u00ed pak dru\u017estvo obsadilo 8.&nbsp;m\u00edsto. Po n\u011bjak\u00e9 dob\u011b se znovu poda\u0159ilo sestavit dru\u017estvo mlad\u0161\u00edch. To se zapojilo do podzimn\u00edho ZPV ve Slatin\u011b nad Zdobnic\u00ed a obsadilo zde 6.&nbsp;m\u00edsto.<\/p>\n<p style=\"text-align: justify;\">Dru\u017estvo dorostenc\u016f vstoupilo do jarn\u00ed \u010d\u00e1sti sez\u00f3ny \u00fa\u010dast\u00ed v&nbsp;okrskov\u00e9 sout\u011b\u017ei ve Sn\u011b\u017en\u00e9m. V&nbsp;okresn\u00edm kole sout\u011b\u017ee dorostu v&nbsp;Dobru\u0161ce zv\u00edt\u011bzilo a vybojovalo si tak postup do krajsk\u00e9ho kola. Do tohoto kola vstupovalo v&nbsp;nep\u0159\u00edli\u0161 dobr\u00e9 form\u011b. Po b\u011b\u017eeck\u00fdch discipl\u00edn\u00e1ch a testu byl boj o p\u0159edn\u00ed p\u0159\u00ed\u010dky absolutn\u011b vyrovnan\u00fd a o v\u0161em rozhodovala posledn\u00ed discipl\u00edna &#8211; po\u017e\u00e1rn\u00ed \u00fatok. V&nbsp;n\u011bm nejv\u011bt\u0161\u00ed konkurent z&nbsp;Velichovek zav\u00e1hal a posunul na\u0161e dru\u017estvo na M\u010cR do Trutnova. Sout\u011b\u017e na dom\u00e1c\u00ed p\u016fd\u011b zah\u00e1jilo dru\u017estvo 2.&nbsp;m\u00edstem ve \u0161tafet\u011b a po \u00fasp\u011b\u0161n\u00e9m testu se posunulo dokonce na m\u00edsto 1. . Dva neplatn\u00e9 pokusy v&nbsp;b\u011bz\u00edch na 100&nbsp;m s&nbsp;p\u0159ek\u00e1\u017ekami odsunuly dru\u017estvo na pr\u016fb\u011b\u017en\u00e9 2. &#8211; 3.&nbsp;m\u00edsto. Po dobr\u00e9m \u00fatoku se dru\u017estvo na chv\u00edli vr\u00e1tilo zp\u011bt na p\u0159\u00ed\u010dku nejvy\u0161\u0161\u00ed. Posledn\u00ed dva sout\u011b\u017en\u00ed pokusy v\u0161ak dru\u017estvo posunuly na celkov\u011b vynikaj\u00edc\u00ed 2.&nbsp;m\u00edsto. Na podzim se dru\u017estvo z&nbsp;velk\u00e9 \u010d\u00e1sti obm\u011bnilo a do nov\u00e9ho ro\u010dn\u00edku tak vstoupilo zcela nov\u00e9 dru\u017estvo. Toto dru\u017estvo pak obsadilo 1.&nbsp;m\u00edsto v&nbsp;ZPV ve Slatin\u011b nad Zdobnic\u00ed.<\/p>\n<p style=\"text-align: justify;\">Leto\u0161n\u00ed rok byl ve znamen\u00ed kvalifikac\u00ed na mezin\u00e1rodn\u00ed hasi\u010dskou sout\u011b\u017e 2009 v&nbsp;Ostrav\u011b. V&nbsp;kategorii mlad\u00fdch hasi\u010d\u016f obsadilo na\u0161e dru\u017estvo v&nbsp;Petrovic\u00edch celkov\u00e9 3.&nbsp;m\u00edsto. Dru\u017estvo mu\u017e\u016f se pak z\u00fa\u010dastnilo kvalifika\u010dn\u00edho Svatov\u00e1clavsk\u00e9ho poh\u00e1ru ve Dvo\u0159e Kr\u00e1lov\u00e9 nad Labem. V&nbsp;tuh\u00e9 konkurenci obsadilo 8.&nbsp;m\u00edsto a vybojovalo si tak pr\u00e1vo \u00fa\u010dasti na sout\u011b\u017ei v&nbsp;Ostrav\u011b. Bude tak reprezentovat nejen n\u00e1\u0161 sbor, ale i v\u0161echny dobrovoln\u00e9 hasi\u010de z&nbsp;\u010cesk\u00e9 republiky.<\/p>\n<p style=\"text-align: justify;\">V z\u00e1v\u011bru roku se funkce velitele sboru ujal Franti\u0161ek Sozansk\u00fd. T\u00edm bude vy\u0159e\u0161ena jedna z&nbsp;t\u00ed\u017eiv\u00fdch situac\u00ed ve sboru.<\/p>\n<p>V srpnu jsme se rozlou\u010dili s&nbsp;dlouholet\u00fdm \u010dlenem a kronik\u00e1\u0159em na\u0161eho sboru bratrem Adolfem K\u00e1rn\u00edkem.<\/p>\n<p style=\"text-align: justify;\">K 31.&nbsp;prosinci \u010d\u00edtal po\u010det na\u0161ich \u010dlen\u016f 120.<\/p>\n<p style=\"text-align: justify;\">Kompletn\u00ed text v\u00fdro\u010dn\u00ed zpr\u00e1vy naleznete <a href=\"http:\/\/www.hasicibystre.cz\/wp-content\/uploads\/2018\/07\/zprava2008.pdf\" target=\"_blank\" rel=\"noopener\"><strong>ZDE<\/strong><\/a>.<\/p>\n","protected":false},"excerpt":{"rendered":"<p>Okrskov\u00e1 sout\u011b\u017e se konala 10.&nbsp;kv\u011btna ve Sn\u011b\u017en\u00e9m. Z&nbsp;na\u0161eho sboru se z\u00fa\u010dastnilo dru\u017estva mu\u017e\u016f A a B. Dru\u017estvo A obsadilo 2.&nbsp;m\u00edsto a dru\u017estvo B (dorostenci) 3.&nbsp;m\u00edsto. Okresn\u00edho kola v&nbsp;Dobru\u0161ce se 8.&nbsp;\u010dervna z\u00fa\u010dastnila ob\u011b sout\u011b\u017en\u00ed dru\u017estva mu\u017e\u016f.\u00a0 Ob\u011b dru\u017estva obh\u00e1jila sv\u00e1 lo\u0148sk\u00e1 um\u00edst\u011bn\u00ed a vybojovala si postup do krajsk\u00e9ho kola. Toto se konalo 21.&nbsp;\u010dervna v&nbsp;Nov\u00e9m M\u011bst\u011b nad [&hellip;]<\/p>\n","protected":false},"author":2,"featured_media":0,"parent":90,"menu_order":0,"comment_status":"closed","ping_status":"closed","template":"","meta":{"footnotes":""},"class_list":["post-399","page","type-page","status-publish","hentry"],"aioseo_notices":[],"jetpack_sharing_enabled":true,"jetpack_likes_enabled":true,"_links":{"self":[{"href":"https:\/\/www.hasicibystre.cz\/index.php?rest_route=\/wp\/v2\/pages\/399","targetHints":{"allow":["GET"]}}],"collection":[{"href":"https:\/\/www.hasicibystre.cz\/index.php?rest_route=\/wp\/v2\/pages"}],"about":[{"href":"https:\/\/www.hasicibystre.cz\/index.php?rest_route=\/wp\/v2\/types\/page"}],"author":[{"embeddable":true,"href":"https:\/\/www.hasicibystre.cz\/index.php?rest_route=\/wp\/v2\/users\/2"}],"replies":[{"embeddable":true,"href":"https:\/\/www.hasicibystre.cz\/index.php?rest_route=%2Fwp%2Fv2%2Fcomments&post=399"}],"version-history":[{"count":6,"href":"https:\/\/www.hasicibystre.cz\/index.php?rest_route=\/wp\/v2\/pages\/399\/revisions"}],"predecessor-version":[{"id":1566,"href":"https:\/\/www.hasicibystre.cz\/index.php?rest_route=\/wp\/v2\/pages\/399\/revisions\/1566"}],"up":[{"embeddable":true,"href":"https:\/\/www.hasicibystre.cz\/index.php?rest_route=\/wp\/v2\/pages\/90"}],"wp:attachment":[{"href":"https:\/\/www.hasicibystre.cz\/index.php?rest_route=%2Fwp%2Fv2%2Fmedia&parent=399"}],"curies":[{"name":"wp","href":"https:\/\/api.w.org\/{rel}","templated":true}]}}

<p style="text-align: justify;">Okrsková soutěž se konala 10.&nbsp;května ve Sněžném. Z&nbsp;našeho sboru se zúčastnilo družstva mužů A a B. Družstvo A obsadilo 2.&nbsp;místo a družstvo B (dorostenci) 3.&nbsp;místo. Okresního kola v&nbsp;Dobrušce se 8.&nbsp;června zúčastnila obě soutěžní družstva mužů.  Obě družstva obhájila svá loňská umístění a vybojovala si postup do krajského kola. Toto se konalo 21.&nbsp;června v&nbsp;Novém Městě nad Metují. Družstvo mužů A zde po vyrovnaném boji zvítězilo a vybojovalo si postup na MČR. Družstvo B obsadilo celkové 5.&nbsp;místo. V&nbsp;polovině měsíce září se družstvo mužů zúčastnilo Mistrovství České republiky v&nbsp;Přerově. Po vynikajícím výkonu, zejména v&nbsp;požárním útoku (1.místo), vybojovalo družstvo historicky nejlepší výsledek &#8211; 2.&nbsp;místo a tím i titul vícemistra České republiky. Oproti minulým letům se družstvo zúčastnilo pouze dvou závodů Podorlické ligy.  V&nbsp;závěru sezóny se družstvo zúčastnilo soutěže v&nbsp;Širokém Dole.</p>
<p style="text-align: justify;">Do podzimní části ročníku jsme zapojili jedno družstvo starších, které obsadilo 6.&nbsp;místo v&nbsp;ZPV v&nbsp;Lukavici. Ondřej Matouš zde obsadil 4.&nbsp;místo ve vloženém závodě na 60&nbsp;m s&nbsp;překážkami. Přes zimu družstvo opět zajíždělo do tělocvičny v&nbsp;Dobrušce. I přes vzrůstající počet členů jsme tentokrát nenasadili další soutěžní družstvo a věnovali se plně přípravě 1 soutěžního družstva. V&nbsp;období před okresním kolem se družstvo zúčastnilo 3 přípravných soutěží nad rámec hry Plamen. V&nbsp;Nízké Srbské obsadilo 3.&nbsp;místo, v&nbsp;Bohdašíně 4.&nbsp;místo a v&nbsp;Bílém Újezdě 1.&nbsp;místo. V&nbsp;okresním kole v&nbsp;Přepychách družstvo zúročilo svoji jarní přípravu a po zásluze vybojovalo 2.&nbsp;místo. V&nbsp;krajském kole v&nbsp;Kamenci a Poličce družstvo částečně doplatilo na nezkušenost a fyzickou nevyrovnanost. Celkové 7.&nbsp;místo tak bylo pro družstvo letošním maximem. V&nbsp;polovině měsíce července se družstvo zúčastnilo dalšího ročníku her bez hranic, v&nbsp;Bystrém na Slovensku. Zde obsadilo 3.&nbsp;místo. V&nbsp;zahajovacím závodě požárnické všestrannosti ve Slatině nad Zdobnicí družstvo obsadilo 1.&nbsp;místo a vrátilo se tak po několika letech na špičku našeho okresu. V&nbsp;posledním závodě roku &#8211; ZPV v&nbsp;Mezilesí pak družstvo obsadilo 8.&nbsp;místo. Po nějaké době se znovu podařilo sestavit družstvo mladších. To se zapojilo do podzimního ZPV ve Slatině nad Zdobnicí a obsadilo zde 6.&nbsp;místo.</p>
<p style="text-align: justify;">Družstvo dorostenců vstoupilo do jarní části sezóny účastí v&nbsp;okrskové soutěži ve Sněžném. V&nbsp;okresním kole soutěže dorostu v&nbsp;Dobrušce zvítězilo a vybojovalo si tak postup do krajského kola. Do tohoto kola vstupovalo v&nbsp;nepříliš dobré formě. Po běžeckých disciplínách a testu byl boj o přední příčky absolutně vyrovnaný a o všem rozhodovala poslední disciplína &#8211; požární útok. V&nbsp;něm největší konkurent z&nbsp;Velichovek zaváhal a posunul naše družstvo na MČR do Trutnova. Soutěž na domácí půdě zahájilo družstvo 2.&nbsp;místem ve štafetě a po úspěšném testu se posunulo dokonce na místo 1. . Dva neplatné pokusy v&nbsp;bězích na 100&nbsp;m s&nbsp;překážkami odsunuly družstvo na průběžné 2. &#8211; 3.&nbsp;místo. Po dobrém útoku se družstvo na chvíli vrátilo zpět na příčku nejvyšší. Poslední dva soutěžní pokusy však družstvo posunuly na celkově vynikající 2.&nbsp;místo. Na podzim se družstvo z&nbsp;velké části obměnilo a do nového ročníku tak vstoupilo zcela nové družstvo. Toto družstvo pak obsadilo 1.&nbsp;místo v&nbsp;ZPV ve Slatině nad Zdobnicí.</p>
<p style="text-align: justify;">Letošní rok byl ve znamení kvalifikací na mezinárodní hasičskou soutěž 2009 v&nbsp;Ostravě. V&nbsp;kategorii mladých hasičů obsadilo naše družstvo v&nbsp;Petrovicích celkové 3.&nbsp;místo. Družstvo mužů se pak zúčastnilo kvalifikačního Svatováclavského poháru ve Dvoře Králové nad Labem. V&nbsp;tuhé konkurenci obsadilo 8.&nbsp;místo a vybojovalo si tak právo účasti na soutěži v&nbsp;Ostravě. Bude tak reprezentovat nejen náš sbor, ale i všechny dobrovolné hasiče z&nbsp;České republiky.</p>
<p style="text-align: justify;">V závěru roku se funkce velitele sboru ujal František Sozanský. Tím bude vyřešena jedna z&nbsp;tíživých situací ve sboru.</p>
<p>V srpnu jsme se rozloučili s&nbsp;dlouholetým členem a kronikářem našeho sboru bratrem Adolfem Kárníkem.</p>
<p style="text-align: justify;">K 31.&nbsp;prosinci čítal počet našich členů 120.</p>
<p style="text-align: justify;">Kompletní text výroční zprávy naleznete <a href="http://www.hasicibystre.cz/wp-content/uploads/2018/07/zprava2008.pdf" target="_blank" rel="noopener"><strong>ZDE</strong></a>.</p>

<p>Okrsková soutěž se konala 10.&nbsp;května ve Sněžném. Z&nbsp;našeho sboru se zúčastnilo družstva mužů A a B. Družstvo A obsadilo 2.&nbsp;místo a družstvo B (dorostenci) 3.&nbsp;místo. Okresního kola v&nbsp;Dobrušce se 8.&nbsp;června zúčastnila obě soutěžní družstva mužů.  Obě družstva obhájila svá loňská umístění a vybojovala si postup do krajského kola. Toto se konalo 21.&nbsp;června v&nbsp;Novém Městě nad [&hellip;]</p>
