{"id":409,"date":"2018-07-18T19:06:44","date_gmt":"2018-07-18T17:06:44","guid":{"rendered":"http:\/\/www.hasicibystre.cz\/?page_id=409"},"modified":"2018-08-16T21:39:19","modified_gmt":"2018-08-16T19:39:19","slug":"2013-2","status":"publish","type":"page","link":"https:\/\/www.hasicibystre.cz\/?page_id=409","title":{"rendered":"2013"},"content":{"rendered":"<p style=\"text-align: justify;\">Okrskov\u00e1 sout\u011b\u017e v&nbsp;po\u017e\u00e1rn\u00edm sportu se konala 11.&nbsp;kv\u011btna v&nbsp;De\u0161tn\u00e9m. Do sout\u011b\u017ee jsme zapojili sout\u011b\u017en\u00ed dru\u017estvo mu\u017e\u016f a sout\u011b\u017en\u00ed dru\u017estvo dorostenc\u016f. Dru\u017estvo mu\u017e\u016f obsadilo 2.&nbsp;m\u00edsto, dru\u017estvo dorostenc\u016f 9.&nbsp;m\u00edsto.\u00a0 Okresn\u00edho kola v&nbsp;PS, 1.&nbsp;\u010dervna v&nbsp;Mal\u00e9 \u010cermn\u00e9 se z\u00fa\u010dastnilo dru\u017estvo mu\u017e\u016f. V&nbsp;celkov\u00e9m hodnocen\u00ed zv\u00edt\u011bzilo a vybojovalo si tak postup do krajsk\u00e9ho kola. Krajsk\u00e9 kolo se konalo 22.&nbsp;\u010dervna ve Svitav\u00e1ch a dru\u017estvo zde po vyrovnan\u00e9m boji obsadilo 2.&nbsp;m\u00edsto. Krom\u011b t\u011bchto sout\u011b\u017e\u00ed se dru\u017estvo zapojilo do dal\u0161\u00edho ro\u010dn\u00edku Podorlick\u00e9 ligy a obsadilo zde 2.&nbsp;m\u00edsto v&nbsp;celkov\u00e9m hodnocen\u00ed. Na programu sout\u011b\u017en\u00edho dru\u017estva mu\u017e\u016f nechyb\u011bly ani sout\u011b\u017ee v&nbsp;b\u011bz\u00edch na 100&nbsp;m s&nbsp;p\u0159ek\u00e1\u017ekami.<\/p>\n<p style=\"text-align: justify;\">Do sout\u011b\u017e\u00ed hry Plamen jsme zapojili 1 sout\u011b\u017en\u00ed dru\u017estvo mlad\u0161\u00edch a 1 sout\u011b\u017en\u00ed dru\u017estvo star\u0161\u00edch. Dru\u017estvo mlad\u0161\u00edch se z\u00fa\u010dastnilo okresn\u00edho kola hry Plamen v&nbsp;Poho\u0159\u00ed, 24. &#8211; 26.&nbsp;kv\u011btna. Dru\u017estvo zde obsadilo v\u00fdborn\u00e9 2.&nbsp;m\u00edsto. Dru\u017estvo star\u0161\u00edch se v&nbsp;p\u0159\u00edpravn\u00e9m obdob\u00ed zapojilo do sout\u011b\u017e\u00ed v&nbsp;N\u00edzk\u00e9 Srbsk\u00e9 (3.&nbsp;m\u00edsto) a Bohda\u0161\u00edn\u011b (14.&nbsp;m\u00edsto). V&nbsp;okresn\u00edm kole hry Plamen v&nbsp;Poho\u0159\u00ed se dru\u017estvo od za\u010d\u00e1tku ujalo veden\u00ed. P\u0159es zav\u00e1h\u00e1n\u00ed ve \u0161tafet\u011b 4 x 60&nbsp;m dru\u017estvo suver\u00e9nn\u011b zv\u00edt\u011bzilo a vybojovalo tak postup do krajsk\u00e9ho kola. Krajsk\u00e9 kolo se konalo ve dnech 15. &#8211; 16.&nbsp;\u010dervna v&nbsp;Trutnov\u011b a Havlovic\u00edch. Zde se dru\u017estvu p\u0159\u00edli\u0161 neda\u0159ilo, co\u017e znamenalo 6.&nbsp;m\u00edsto v&nbsp;celkov\u00e9m hodnocen\u00ed. Ob\u011b sout\u011b\u017en\u00ed dru\u017estva se zapojila do zahajovac\u00edho Z\u00e1vodu po\u017e\u00e1rnick\u00e9 v\u0161estrannosti v&nbsp;Ole\u0161nici u Rychnova nad Kn\u011b\u017enou. Dru\u017estvo mlad\u0161\u00edch obsadilo 4.&nbsp;a dru\u017estvo star\u0161\u00edch 5.&nbsp;m\u00edsto. Dal\u0161\u00edmi spole\u010dn\u00fdmi sout\u011b\u017eemi pak byly: Provozsk\u00e1 uzlovka (mlad\u0161\u00ed 9., star\u0161\u00ed 6.&nbsp;m\u00edsto), poh\u00e1r CTIF v&nbsp;Bystr\u00e9m (mlad\u0161\u00ed 1., star\u0161\u00ed 1.&nbsp;m\u00edsto), b\u011bh 60&nbsp;m s&nbsp;p\u0159ek\u00e1\u017ekami v&nbsp;Kvasin\u00e1ch (mlad\u0161\u00ed 5., star\u0161\u00ed 6.&nbsp;m\u00edsto), poh\u00e1r hasi\u010dsk\u00e9 ml\u00e1de\u017ee v&nbsp;Opo\u010dn\u011b (mlad\u0161\u00ed 4., star\u0161\u00ed 1.&nbsp;m\u00edsto), \u010c\u00e1neck\u00fd poh\u00e1r v&nbsp;\u010c\u00e1nce (mlad\u0161\u00ed 3., star\u0161\u00ed 1.&nbsp;m\u00edsto), hasi\u010dsk\u00e9 kl\u00e1n\u00ed v&nbsp;K\u0159ovic\u00edch (mlad\u0161\u00ed 8., star\u0161\u00ed 3.&nbsp;m\u00edsto), ZPV v&nbsp;Lukavici (mlad\u0161\u00ed 4., star\u0161\u00ed 2.&nbsp;m\u00edsto), b\u011bh 60&nbsp;m s&nbsp;p\u0159ek\u00e1\u017ekami v&nbsp;Javornici (mlad\u0161\u00ed 6., star\u0161\u00ed 7.&nbsp;m\u00edsto). V&nbsp;celkov\u00e9m po\u0159ad\u00ed nov\u011b vznikl\u00e9 Ligy ml\u00e1de\u017ee okresu Rychnov nad Kn\u011b\u017enou obsadilo dru\u017estvo mlad\u0161\u00edch 3.&nbsp;m\u00edsto a dru\u017estvo star\u0161\u00edch 2.&nbsp;m\u00edsto. \u010cinnost mlad\u00fdch hasi\u010d\u016f byla roz\u0161\u00ed\u0159ena o sb\u011br star\u00e9ho pap\u00edru, Kv\u011btinov\u00fd den a zapojen\u00ed do projektu 72 hodin pro neziskov\u00fd sektor v&nbsp;Mate\u0159sk\u00e9 \u0161kole v&nbsp;Bystr\u00e9m.<\/p>\n<p style=\"text-align: justify;\">Dru\u017estvo dorostenc\u016f se zapojilo do okresn\u00edho kola celoro\u010dn\u00ed \u010dinnosti dorostu v&nbsp;Mal\u00e9 \u010cermn\u00e9. Po slab\u00fdch v\u00fdkonech obsadilo celkov\u00e9 2.&nbsp;m\u00edsto. Do nov\u00e9ho sout\u011b\u017en\u00edho ro\u010dn\u00edku se zapojilo zahajovac\u00edm z\u00e1vodem po\u017e\u00e1rnick\u00e9 v\u0161estrannosti v&nbsp;Ole\u0161nici u RK, kde zv\u00edt\u011bzilo. Stejn\u00e9ho v\u00fdsledku dos\u00e1hlo i 12.&nbsp;\u0159\u00edjna 2013 v&nbsp;Meziles\u00ed. Dru\u017estvo dorostenc\u016f se tak\u00e9 zapojilo do sout\u011b\u017e\u00ed v&nbsp;tradi\u010dn\u00edch discipl\u00edn\u00e1ch CTIF. Na sv\u00e9 prvn\u00ed sout\u011b\u017ei, M\u010cR ve Dvo\u0159e Kr\u00e1lov\u00e9m nad Labem obsadilo 4.&nbsp;m\u00edsto.<\/p>\n<p style=\"text-align: justify;\">\u010clenov\u00e9 sboru se z\u00fa\u010dastnili v\u00fdro\u010dn\u00edch valn\u00fdch hromad v&nbsp;Lewin\u011b Klodzk\u00e9m, v&nbsp;Bystr\u00e9m u Poli\u010dky a slovensk\u00e9m Bystr\u00e9m. \u010clenov\u00e9 a \u010dlenky oslavili v&nbsp;tomto roce kulat\u00e1 \u017eivotn\u00ed jubilea. Sbor usiloval o zah\u00e1jen\u00ed \u010dinnosti hasi\u010dsk\u00e9 p\u0159\u00edpravky a obnoven\u00ed tradice Her bez hranic.<\/p>\n<p>\u0158ady na\u0161eho sboru nav\u017edy opustil nejstar\u0161\u00ed \u010dlen sboru bratr Josef Langr.<\/p>\n<p style=\"text-align: justify;\">V 31.&nbsp;prosinci bylo \u010dlenem na\u0161eho sboru celkem 110 mu\u017e\u016f, \u017een a d\u011bt\u00ed.<\/p>\n<p style=\"text-align: justify;\">Kompletn\u00ed text v\u00fdro\u010dn\u00ed zpr\u00e1vy naleznete <a href=\"http:\/\/www.hasicibystre.cz\/wp-content\/uploads\/2018\/07\/zprava2013.pdf\" target=\"_blank\" rel=\"noopener\"><strong>ZDE<\/strong><\/a>.<\/p>\n","protected":false},"excerpt":{"rendered":"<p>Okrskov\u00e1 sout\u011b\u017e v&nbsp;po\u017e\u00e1rn\u00edm sportu se konala 11.&nbsp;kv\u011btna v&nbsp;De\u0161tn\u00e9m. Do sout\u011b\u017ee jsme zapojili sout\u011b\u017en\u00ed dru\u017estvo mu\u017e\u016f a sout\u011b\u017en\u00ed dru\u017estvo dorostenc\u016f. Dru\u017estvo mu\u017e\u016f obsadilo 2.&nbsp;m\u00edsto, dru\u017estvo dorostenc\u016f 9.&nbsp;m\u00edsto.\u00a0 Okresn\u00edho kola v&nbsp;PS, 1.&nbsp;\u010dervna v&nbsp;Mal\u00e9 \u010cermn\u00e9 se z\u00fa\u010dastnilo dru\u017estvo mu\u017e\u016f. V&nbsp;celkov\u00e9m hodnocen\u00ed zv\u00edt\u011bzilo a vybojovalo si tak postup do krajsk\u00e9ho kola. Krajsk\u00e9 kolo se konalo 22.&nbsp;\u010dervna ve Svitav\u00e1ch a [&hellip;]<\/p>\n","protected":false},"author":2,"featured_media":0,"parent":90,"menu_order":0,"comment_status":"closed","ping_status":"closed","template":"","meta":{"footnotes":""},"class_list":["post-409","page","type-page","status-publish","hentry"],"aioseo_notices":[],"jetpack_sharing_enabled":true,"jetpack_likes_enabled":true,"_links":{"self":[{"href":"https:\/\/www.hasicibystre.cz\/index.php?rest_route=\/wp\/v2\/pages\/409","targetHints":{"allow":["GET"]}}],"collection":[{"href":"https:\/\/www.hasicibystre.cz\/index.php?rest_route=\/wp\/v2\/pages"}],"about":[{"href":"https:\/\/www.hasicibystre.cz\/index.php?rest_route=\/wp\/v2\/types\/page"}],"author":[{"embeddable":true,"href":"https:\/\/www.hasicibystre.cz\/index.php?rest_route=\/wp\/v2\/users\/2"}],"replies":[{"embeddable":true,"href":"https:\/\/www.hasicibystre.cz\/index.php?rest_route=%2Fwp%2Fv2%2Fcomments&post=409"}],"version-history":[{"count":5,"href":"https:\/\/www.hasicibystre.cz\/index.php?rest_route=\/wp\/v2\/pages\/409\/revisions"}],"predecessor-version":[{"id":1563,"href":"https:\/\/www.hasicibystre.cz\/index.php?rest_route=\/wp\/v2\/pages\/409\/revisions\/1563"}],"up":[{"embeddable":true,"href":"https:\/\/www.hasicibystre.cz\/index.php?rest_route=\/wp\/v2\/pages\/90"}],"wp:attachment":[{"href":"https:\/\/www.hasicibystre.cz\/index.php?rest_route=%2Fwp%2Fv2%2Fmedia&parent=409"}],"curies":[{"name":"wp","href":"https:\/\/api.w.org\/{rel}","templated":true}]}}

<p style="text-align: justify;">Okrsková soutěž v&nbsp;požárním sportu se konala 11.&nbsp;května v&nbsp;Deštném. Do soutěže jsme zapojili soutěžní družstvo mužů a soutěžní družstvo dorostenců. Družstvo mužů obsadilo 2.&nbsp;místo, družstvo dorostenců 9.&nbsp;místo.  Okresního kola v&nbsp;PS, 1.&nbsp;června v&nbsp;Malé Čermné se zúčastnilo družstvo mužů. V&nbsp;celkovém hodnocení zvítězilo a vybojovalo si tak postup do krajského kola. Krajské kolo se konalo 22.&nbsp;června ve Svitavách a družstvo zde po vyrovnaném boji obsadilo 2.&nbsp;místo. Kromě těchto soutěží se družstvo zapojilo do dalšího ročníku Podorlické ligy a obsadilo zde 2.&nbsp;místo v&nbsp;celkovém hodnocení. Na programu soutěžního družstva mužů nechyběly ani soutěže v&nbsp;bězích na 100&nbsp;m s&nbsp;překážkami.</p>
<p style="text-align: justify;">Do soutěží hry Plamen jsme zapojili 1 soutěžní družstvo mladších a 1 soutěžní družstvo starších. Družstvo mladších se zúčastnilo okresního kola hry Plamen v&nbsp;Pohoří, 24. &#8211; 26.&nbsp;května. Družstvo zde obsadilo výborné 2.&nbsp;místo. Družstvo starších se v&nbsp;přípravném období zapojilo do soutěží v&nbsp;Nízké Srbské (3.&nbsp;místo) a Bohdašíně (14.&nbsp;místo). V&nbsp;okresním kole hry Plamen v&nbsp;Pohoří se družstvo od začátku ujalo vedení. Přes zaváhání ve štafetě 4 x 60&nbsp;m družstvo suverénně zvítězilo a vybojovalo tak postup do krajského kola. Krajské kolo se konalo ve dnech 15. &#8211; 16.&nbsp;června v&nbsp;Trutnově a Havlovicích. Zde se družstvu příliš nedařilo, což znamenalo 6.&nbsp;místo v&nbsp;celkovém hodnocení. Obě soutěžní družstva se zapojila do zahajovacího Závodu požárnické všestrannosti v&nbsp;Olešnici u Rychnova nad Kněžnou. Družstvo mladších obsadilo 4.&nbsp;a družstvo starších 5.&nbsp;místo. Dalšími společnými soutěžemi pak byly: Provozská uzlovka (mladší 9., starší 6.&nbsp;místo), pohár CTIF v&nbsp;Bystrém (mladší 1., starší 1.&nbsp;místo), běh 60&nbsp;m s&nbsp;překážkami v&nbsp;Kvasinách (mladší 5., starší 6.&nbsp;místo), pohár hasičské mládeže v&nbsp;Opočně (mladší 4., starší 1.&nbsp;místo), Čánecký pohár v&nbsp;Čánce (mladší 3., starší 1.&nbsp;místo), hasičské klání v&nbsp;Křovicích (mladší 8., starší 3.&nbsp;místo), ZPV v&nbsp;Lukavici (mladší 4., starší 2.&nbsp;místo), běh 60&nbsp;m s&nbsp;překážkami v&nbsp;Javornici (mladší 6., starší 7.&nbsp;místo). V&nbsp;celkovém pořadí nově vzniklé Ligy mládeže okresu Rychnov nad Kněžnou obsadilo družstvo mladších 3.&nbsp;místo a družstvo starších 2.&nbsp;místo. Činnost mladých hasičů byla rozšířena o sběr starého papíru, Květinový den a zapojení do projektu 72 hodin pro neziskový sektor v&nbsp;Mateřské škole v&nbsp;Bystrém.</p>
<p style="text-align: justify;">Družstvo dorostenců se zapojilo do okresního kola celoroční činnosti dorostu v&nbsp;Malé Čermné. Po slabých výkonech obsadilo celkové 2.&nbsp;místo. Do nového soutěžního ročníku se zapojilo zahajovacím závodem požárnické všestrannosti v&nbsp;Olešnici u RK, kde zvítězilo. Stejného výsledku dosáhlo i 12.&nbsp;října 2013 v&nbsp;Mezilesí. Družstvo dorostenců se také zapojilo do soutěží v&nbsp;tradičních disciplínách CTIF. Na své první soutěži, MČR ve Dvoře Královém nad Labem obsadilo 4.&nbsp;místo.</p>
<p style="text-align: justify;">Členové sboru se zúčastnili výročních valných hromad v&nbsp;Lewině Klodzkém, v&nbsp;Bystrém u Poličky a slovenském Bystrém. Členové a členky oslavili v&nbsp;tomto roce kulatá životní jubilea. Sbor usiloval o zahájení činnosti hasičské přípravky a obnovení tradice Her bez hranic.</p>
<p>Řady našeho sboru navždy opustil nejstarší člen sboru bratr Josef Langr.</p>
<p style="text-align: justify;">V 31.&nbsp;prosinci bylo členem našeho sboru celkem 110 mužů, žen a dětí.</p>
<p style="text-align: justify;">Kompletní text výroční zprávy naleznete <a href="http://www.hasicibystre.cz/wp-content/uploads/2018/07/zprava2013.pdf" target="_blank" rel="noopener"><strong>ZDE</strong></a>.</p>

<p>Okrsková soutěž v&nbsp;požárním sportu se konala 11.&nbsp;května v&nbsp;Deštném. Do soutěže jsme zapojili soutěžní družstvo mužů a soutěžní družstvo dorostenců. Družstvo mužů obsadilo 2.&nbsp;místo, družstvo dorostenců 9.&nbsp;místo.  Okresního kola v&nbsp;PS, 1.&nbsp;června v&nbsp;Malé Čermné se zúčastnilo družstvo mužů. V&nbsp;celkovém hodnocení zvítězilo a vybojovalo si tak postup do krajského kola. Krajské kolo se konalo 22.&nbsp;června ve Svitavách a [&hellip;]</p>
