{"id":67,"date":"2017-08-24T22:59:04","date_gmt":"2017-08-24T20:59:04","guid":{"rendered":"http:\/\/www.hasicibystre.cz\/?page_id=67"},"modified":"2018-07-27T20:08:53","modified_gmt":"2018-07-27T18:08:53","slug":"oceneni-sboru","status":"publish","type":"page","link":"https:\/\/www.hasicibystre.cz\/?page_id=67","title":{"rendered":"Ocen\u011bn\u00ed sboru"},"content":{"rendered":"<p align=\"center\"><span style=\"font-size: large;\">Sbor je dr\u017eitelem \u010cestn\u00e9ho praporu Sdru\u017een\u00ed hasi\u010d\u016f \u010cech, Moravy a Slezska a stuhy k&nbsp;tomuto \u010cestn\u00e9mu praporu. Sbor je d\u00e1le dr\u017eitelem odznaku sv. Flori\u00e1na a Stuh II. a III. stupn\u011b k&nbsp;historick\u00e9mu praporu sboru.<\/span><\/p>\n<table style=\"border-collapse: collapse; width: 109.688%;\" border=\"1\" width=\"109.688%\">\n<tbody>\n<tr>\n<td style=\"width: 50.3126%;\" width=\"50%\"><span style=\"font-size: 12pt;\"><b>\u010cestn\u00e9 uzn\u00e1n\u00ed SDH<\/b><\/span><\/td>\n<td style=\"width: 59.3751%;\" width=\"50%\"><span style=\"font-size: 12pt;\">23<\/span><\/td>\n<\/tr>\n<tr>\n<td style=\"width: 50.3126%;\" width=\"50%\"><span style=\"font-size: 12pt;\"><b>\u010cestn\u00e9 uzn\u00e1n\u00ed OSH<\/b><\/span><\/td>\n<td style=\"width: 59.3751%;\" width=\"50%\"><span style=\"font-size: 12pt;\">15<\/span><\/td>\n<\/tr>\n<tr>\n<td style=\"width: 50.3126%;\" width=\"50%\"><span style=\"font-size: 12pt;\"><b>Medaile &#8222;Za p\u0159\u00edkladnou pr\u00e1ci&#8220;<\/b><\/span><\/td>\n<td style=\"width: 59.3751%;\" width=\"50%\"><span style=\"font-size: 12pt;\">12<\/span><\/td>\n<\/tr>\n<tr>\n<td style=\"width: 50.3126%;\" width=\"50%\"><span style=\"font-size: 12pt;\"><b>Medaile &#8222;Za z\u00e1sluhy&#8220;<\/b><\/span><\/td>\n<td style=\"width: 59.3751%;\" width=\"50%\"><span style=\"font-size: 12pt;\">6<\/span><\/td>\n<\/tr>\n<tr>\n<td style=\"width: 50.3126%;\" width=\"50%\"><span style=\"font-size: 12pt;\"><b>Medaile &#8222;Za mimo\u0159\u00e1dn\u00e9 z\u00e1sluhy&#8220;<\/b><\/span><\/td>\n<td style=\"width: 59.3751%;\" width=\"50%\"><span style=\"font-size: 12pt;\">1 &#8211; Josef Net\u00edk<\/span><\/td>\n<\/tr>\n<tr>\n<td style=\"width: 50.3126%;\" width=\"50%\"><span style=\"font-size: 12pt;\"><b>Medaile &#8222;Za v\u011brnost &#8211; 10 let&#8220;<\/b><\/span><\/td>\n<td style=\"width: 59.3751%;\" width=\"50%\"><span style=\"font-size: 12pt;\">34<\/span><\/td>\n<\/tr>\n<tr>\n<td style=\"width: 50.3126%;\" width=\"50%\"><span style=\"font-size: 12pt;\"><b>Medaile &#8222;Za v\u011brnost &#8211; 20 let&#8220;<\/b><\/span><\/td>\n<td style=\"width: 59.3751%;\" width=\"50%\"><span style=\"font-size: 12pt;\">26<\/span><\/td>\n<\/tr>\n<tr>\n<td style=\"width: 50.3126%;\" width=\"50%\"><span style=\"font-size: 12pt;\"><b>Medaile &#8222;Za v\u011brnost &#8211; 30 let&#8220;<\/b><\/span><\/td>\n<td style=\"width: 59.3751%;\" width=\"50%\"><span style=\"font-size: 12pt;\">23<\/span><\/td>\n<\/tr>\n<tr>\n<td style=\"width: 50.3126%;\" width=\"50%\"><span style=\"font-size: 12pt;\"><b>Medaile &#8222;Za v\u011brnost &#8211; 40 let&#8220;<\/b><\/span><\/td>\n<td style=\"width: 59.3751%;\" width=\"50%\"><span style=\"font-size: 12pt;\">17<\/span><\/td>\n<\/tr>\n<tr>\n<td style=\"width: 50.3126%;\" width=\"50%\"><span style=\"font-size: 12pt;\"><b>Medaile &#8222;Za v\u011brnost &#8211; 50 let&#8220;<\/b><\/span><\/td>\n<td style=\"width: 59.3751%;\" width=\"50%\"><span style=\"font-size: 12pt;\">6<\/span><\/td>\n<\/tr>\n<tr>\n<td style=\"width: 50.3126%;\" width=\"50%\"><span style=\"font-size: 12pt;\"><b>\u0158\u00e1d sv. Flori\u00e1na<\/b><\/span><\/td>\n<td style=\"width: 59.3751%;\" width=\"50%\"><span style=\"font-size: 12pt;\">1 &#8211; Josef Net\u00edk<\/span><\/td>\n<\/tr>\n<tr>\n<td style=\"width: 50.3126%;\" width=\"50%\"><span style=\"font-size: 12pt;\"><b>Titul &#8222;\u010cestn\u00fd funkcion\u00e1\u0159&#8220;<\/b><\/span><\/td>\n<td style=\"width: 59.3751%;\" width=\"50%\"><span style=\"font-size: 12pt;\">1 &#8211; Josef Dus\u00edlek, \u010cestn\u00fd vedouc\u00ed ml\u00e1de\u017ee <\/span><\/td>\n<\/tr>\n<tr>\n<td style=\"width: 50.3126%;\" width=\"50%\"><span style=\"font-size: 12pt;\"><b>Titul &#8222;Zaslou\u017eil\u00fd hasi\u010d&#8220;<\/b><\/span><\/td>\n<td style=\"width: 59.3751%;\" width=\"50%\"><span style=\"font-size: 12pt;\">1 &#8211; Josef Dus\u00edlek<\/span><\/td>\n<\/tr>\n<tr>\n<td style=\"width: 50.3126%;\" width=\"50%\"><span style=\"font-size: 12pt;\"><b>Titul &#8222;\u010cestn\u00fd n\u00e1m\u011bstek SH \u010cMS&#8220;<\/b><\/span><\/td>\n<td style=\"width: 59.3751%;\" width=\"50%\"><span style=\"font-size: 12pt;\">Josef Net\u00edk<\/span><\/td>\n<\/tr>\n<\/tbody>\n<\/table>\n","protected":false},"excerpt":{"rendered":"<p>Sbor je dr\u017eitelem \u010cestn\u00e9ho praporu Sdru\u017een\u00ed hasi\u010d\u016f \u010cech, Moravy a Slezska a stuhy k&nbsp;tomuto \u010cestn\u00e9mu praporu. Sbor je d\u00e1le dr\u017eitelem odznaku sv. Flori\u00e1na a Stuh II. a III. stupn\u011b k&nbsp;historick\u00e9mu praporu sboru. \u010cestn\u00e9 uzn\u00e1n\u00ed SDH 23 \u010cestn\u00e9 uzn\u00e1n\u00ed OSH 15 Medaile &#8222;Za p\u0159\u00edkladnou pr\u00e1ci&#8220; 12 Medaile &#8222;Za z\u00e1sluhy&#8220; 6 Medaile &#8222;Za mimo\u0159\u00e1dn\u00e9 z\u00e1sluhy&#8220; 1 &#8211; [&hellip;]<\/p>\n","protected":false},"author":2,"featured_media":0,"parent":61,"menu_order":0,"comment_status":"closed","ping_status":"closed","template":"","meta":{"footnotes":""},"class_list":["post-67","page","type-page","status-publish","hentry"],"aioseo_notices":[],"jetpack_sharing_enabled":true,"jetpack_likes_enabled":true,"_links":{"self":[{"href":"https:\/\/www.hasicibystre.cz\/index.php?rest_route=\/wp\/v2\/pages\/67","targetHints":{"allow":["GET"]}}],"collection":[{"href":"https:\/\/www.hasicibystre.cz\/index.php?rest_route=\/wp\/v2\/pages"}],"about":[{"href":"https:\/\/www.hasicibystre.cz\/index.php?rest_route=\/wp\/v2\/types\/page"}],"author":[{"embeddable":true,"href":"https:\/\/www.hasicibystre.cz\/index.php?rest_route=\/wp\/v2\/users\/2"}],"replies":[{"embeddable":true,"href":"https:\/\/www.hasicibystre.cz\/index.php?rest_route=%2Fwp%2Fv2%2Fcomments&post=67"}],"version-history":[{"count":4,"href":"https:\/\/www.hasicibystre.cz\/index.php?rest_route=\/wp\/v2\/pages\/67\/revisions"}],"predecessor-version":[{"id":879,"href":"https:\/\/www.hasicibystre.cz\/index.php?rest_route=\/wp\/v2\/pages\/67\/revisions\/879"}],"up":[{"embeddable":true,"href":"https:\/\/www.hasicibystre.cz\/index.php?rest_route=\/wp\/v2\/pages\/61"}],"wp:attachment":[{"href":"https:\/\/www.hasicibystre.cz\/index.php?rest_route=%2Fwp%2Fv2%2Fmedia&parent=67"}],"curies":[{"name":"wp","href":"https:\/\/api.w.org\/{rel}","templated":true}]}}